000
CXUS56 KSGX 011045
CF6FUL
PRELIMINARY LOCAL CLIMATOLOGICAL DATA (WS FORM: F-6)
STATION: FULLERTON AIRPORT CA
MONTH: JULY
YEAR: 2021
LATITUDE: 33 52 N
LONGITUDE: 117 58 W
TEMPERATURE IN F: :PCPN: SNOW: WIND :SUNSHINE: SKY :PK WND
================================================================================
1 2 3 4 5 6A 6B 7 8 9 10 11 12 13 14 15 16 17 18
12Z AVG MX 2MIN
DY MAX MIN AVG DEP HDD CDD WTR SNW DPTH SPD SPD DIR MIN PSBL S-S WX SPD DR
================================================================================
1 89 66 78 4 0 13 0.00 M M 3.5 12 200 M M 4 16 210
2 83 66 75 1 0 10 0.00 M M 4.3 12 190 M M 3 8 16 180
3 87 64 76 2 0 11 0.00 M M 5.2 12 230 M M 3 18 16 180
4 81 64 73 -1 0 8 0.00 M M 4.1 10 190 M M 5 8 14 200
5 80 62 71 -3 0 6 0.00 M M 3.3 10 180 M M 3 18 14 200
6 83 63 73 -1 0 8 0.00 M M 4.2 10 190 M M 2 15 200
7 82 66 74 -1 0 9 0.00 M M 4.7 10 190 M M 3 14 200
8 83 67 75 0 0 10 0.00 M M 3.8 12 200 M M 1 14 210
9 88 68 78 3 0 13 0.00 M M 3.7 12 180 M M 0 16 230
10 89 68 79 4 0 14 0.00 M M 4.7 13 190 M M 1 17 190
11 85 68 77 2 0 12 0.00 M M 4.1 13 190 M M 2 18 170
12 81 63 72 -3 0 7 0.00 M M 4.8 13 200 M M 2 18 220
13 84 69 77 2 0 12 0.00 M M 4.8 13 200 M M 1 18 190
14 84 69 77 2 0 12 0.00 M M 3.9 12 230 M M 3 15 230
15 85 69 77 2 0 12 0.00 M M 4.2 12 190 M M 2 17 180
16 87 69 78 2 0 13 0.00 M M 4.9 12 170 M M 2 17 220
17 88 68 78 2 0 13 0.00 M M 4.7 13 200 M M 3 17 170
18 93 71 82 6 0 17 0.00 M M 3.9 12 290 M M 2 16 220
19 94 70 82 6 0 17 0.00 M M 4.0 13 200 M M 1 17 280
20 92 69 81 5 0 16 0.00 M M 3.2 12 190 M M 1 17 200
21 92 68 80 4 0 15 0.00 M M 4.6 12 190 M M 0 15 200
22 85 70 78 2 0 13 0.00 M M 4.9 12 200 M M 0 17 210
23 85 68 77 1 0 12 0.00 M M 4.7 13 180 M M 2 19 200
24 84 67 76 0 0 11 0.00 M M 4.0 10 200 M M 5 16 200
25 84 67 76 0 0 11 0.00 M M 3.5 12 180 M M 4 16 180
26 82 68 75 -1 0 10 0.17 M M 4.3 13 170 M M 6 1 17 180
27 87 68 78 2 0 13 0.00 M M 4.4 10 290 M M 3 8 15 260
28 93 67 80 4 0 15 0.00 M M 3.5 10 230 M M 0 15 210
29 91 66 79 3 0 14 0.00 M M 2.8 10 280 M M 0 15 250
30 93 66 80 4 0 15 0.00 M M 3.0 10 290 M M 1 8 15 290
31 89 66 78 2 0 13 0.00 M M 3.3 12 280 M M 1 16 260
================================================================================
SM 2683 2080 0 375 0.17 M 127.0 M 66
================================================================================
AV 86.5 67.1 4.1 FASTST M M 2 MAX(MPH)
MISC ----> # 13 190 19 200
================================================================================
NOTES:
# LAST OF SEVERAL OCCURRENCES
COLUMN 17 PEAK WIND IN M.P.H.
PRELIMINARY LOCAL CLIMATOLOGICAL DATA (WS FORM: F-6) , PAGE 2
STATION: FULLERTON AIRPORT CA
MONTH: JULY
YEAR: 2021
LATITUDE: 33 52 N
LONGITUDE: 117 58 W
[TEMPERATURE DATA] [PRECIPITATION DATA] SYMBOLS USED IN COLUMN 16
AVERAGE MONTHLY: 76.8 TOTAL FOR MONTH: 0.17 1 = FOG OR MIST
DPTR FM NORMAL: 1.6 DPTR FM NORMAL: 0.15 2 = FOG REDUCING VISIBILITY
HIGHEST: 94 ON 19 GRTST 24HR 0.17 ON 26-26 TO 1/4 MILE OR LESS
LOWEST: 62 ON 5 3 = THUNDER
SNOW, ICE PELLETS, HAIL 4 = ICE PELLETS
TOTAL MONTH: M 5 = HAIL
GRTST 24HR M ON M 6 = FREEZING RAIN OR DRIZZLE
GRTST DEPTH: M ON M 7 = DUSTSTORM OR SANDSTORM:
VSBY 1/2 MILE OR LESS
8 = SMOKE OR HAZE
[NO. OF DAYS WITH] [WEATHER - DAYS WITH] 9 = BLOWING SNOW
X = TORNADO
MAX 32 OR BELOW: 0 0.01 INCH OR MORE: 1
MAX 90 OR ABOVE: 7 0.10 INCH OR MORE: 1
MIN 32 OR BELOW: 0 0.50 INCH OR MORE: 0
MIN 0 OR BELOW: 0 1.00 INCH OR MORE: 0
[HDD (BASE 65) ]
TOTAL THIS MO. 0 CLEAR (SCALE 0-3) 25
DPTR FM NORMAL 0 PTCLDY (SCALE 4-7) 6
TOTAL FM JUL 1 0 CLOUDY (SCALE 8-10) 0
DPTR FM NORMAL 0
[CDD (BASE 65) ]
TOTAL THIS MO. 375
DPTR FM NORMAL 57 [PRESSURE DATA]
TOTAL FM JAN 1 792 HIGHEST SLP 30.03 ON 23
DPTR FM NORMAL 127 LOWEST SLP 29.76 ON 7
[REMARKS]
#FINAL-07-21#