000
CXUS54 KOUN 010910
CF6GAG
PRELIMINARY LOCAL CLIMATOLOGICAL DATA (WS FORM: F-6)
STATION: GAGE
MONTH: FEBRUARY
YEAR: 2024
LATITUDE: 36 17 N
LONGITUDE: 99 46 W
TEMPERATURE IN F: :PCPN: SNOW: WIND :SUNSHINE: SKY :PK WND
================================================================================
1 2 3 4 5 6A 6B 7 8 9 10 11 12 13 14 15 16 17 18
12Z AVG MX 2MIN
DY MAX MIN AVG DEP HDD CDD WTR SNW DPTH SPD SPD DIR MIN PSBL S-S WX SPD DR
================================================================================
1 77 41 59 21 6 0 T M M 13.1 24 210 M M 1 32 220
2 68 31 50 12 15 0 0.28 M M 7.5 35 180 M M 4 13 46 160
3 63 38 51 13 14 0 0.00 M M 12.5 23 160 M M 2 29 130
4 49 38 44 6 21 0 0.09 M M 12.2 23 360 M M 10 12 33 350
5 59 34 47 9 18 0 0.00 0.0 M 5.8 12 300 M M 4 1 16 360
6 65 34 50 12 15 0 0.00 0.0 M 12.5 25 170 M M 0 1 34 180
7 55 45 50 12 15 0 0.12 0.0 M 18.2 36 190 M M 3 1 45 200
8 70 39 55 17 10 0 0.00 M M 15.8 31 250 M M 0 41 250
9 62 35 49 11 16 0 0.00 M M 12.4 31 250 M M 0 40 260
10 51 28 40 1 25 0 T M M 11.3 24 50 M M 4 32 50
11 38 25 32 -7 33 0 T M M 14.0 22 360 M M 8 8 30 10
12 56 22 39 0 26 0 0.00 M M 6.2 15 330 M M 0 23 360
13 68 21 45 6 20 0 0.00 M M 8.0 22 230 M M 0 28 220
14 73 26 50 10 15 0 0.00 M M 12.1 29 200 M M 0 45 200
15 53 28 41 1 24 0 0.00 M M 6.0 15 30 M M 3 1 20 30
16 42 26 34 -6 31 0 0.00 M M 15.8 28 360 M M 8 1 38 10
17 38 18 28 -12 37 0 0.01 M M 10.1 18 30 M M 7 18 24 30
18 60 14 37 -3 28 0 0.00 M M 10.4 21 180 M M 0 28 180
19 69 30 50 9 15 0 0.00 M M 11.7 24 340 M M 0 42 320
20 80 26 53 12 12 0 0.00 M M 7.1 21 200 M M 0 8 25 200
21 86 36 61 20 4 0 0.00 M M 10.5 20 260 M M 0 26 250
22 69 40 55 13 10 0 0.00 M M 11.8 24 330 M M 0 33 350
23 68 31 50 8 15 0 0.00 M M 10.6 25 310 M M 0 39 320
24 78 23 51 9 14 0 0.00 M M 10.8 29 230 M M 0 38 240
25 81 30 56 13 9 0 0.00 M M 7.1 15 200 M M 0 20 210
26 87 38 63 20 2 0 0.00 M M 14.9 38 260 M M 0 53 250
27 83 28 56 13 9 0 0.00 0.0 0 22.0 44 260 M M 4 8 61 260
28 53 20 37 -7 28 0 0.00 M M 9.8 23 350 M M 1 8 32 350
29 45 28 37 -7 28 0 0.03 M M 18.4 30 190 M M 6 38 180
================================================================================
SM 1846 873 515 0 0.53 0.0 338.6 M 65
================================================================================
AV 63.7 30.1 11.7 FASTST M M 2 MAX(MPH)
MISC ----> 44 260 61 260
================================================================================
NOTES:
# LAST OF SEVERAL OCCURRENCES
COLUMN 17 PEAK WIND IN M.P.H.
PRELIMINARY LOCAL CLIMATOLOGICAL DATA (WS FORM: F-6) , PAGE 2
STATION: GAGE
MONTH: FEBRUARY
YEAR: 2024
LATITUDE: 36 17 N
LONGITUDE: 99 46 W
[TEMPERATURE DATA] [PRECIPITATION DATA] SYMBOLS USED IN COLUMN 16
AVERAGE MONTHLY: 46.9 TOTAL FOR MONTH: 0.53 1 = FOG OR MIST
DPTR FM NORMAL: 6.9 DPTR FM NORMAL: -0.15 2 = FOG REDUCING VISIBILITY
HIGHEST: 87 ON 26 GRTST 24HR 0.28 ON 2- 2 TO 1/4 MILE OR LESS
LOWEST: 14 ON 18 3 = THUNDER
SNOW, ICE PELLETS, HAIL 4 = ICE PELLETS
TOTAL MONTH: 0.0 INCH 5 = HAIL
GRTST 24HR 0.0 6 = FREEZING RAIN OR DRIZZLE
GRTST DEPTH: 0 7 = DUSTSTORM OR SANDSTORM:
VSBY 1/2 MILE OR LESS
8 = SMOKE OR HAZE
[NO. OF DAYS WITH] [WEATHER - DAYS WITH] 9 = BLOWING SNOW
X = TORNADO
MAX 32 OR BELOW: 0 0.01 INCH OR MORE: 5
MAX 90 OR ABOVE: 0 0.10 INCH OR MORE: 2
MIN 32 OR BELOW: 18 0.50 INCH OR MORE: 0
MIN 0 OR BELOW: 0 1.00 INCH OR MORE: 0
[HDD (BASE 65) ]
TOTAL THIS MO. 515 CLEAR (SCALE 0-3) 20
DPTR FM NORMAL -185 PTCLDY (SCALE 4-7) 8
TOTAL FM JUL 1 2747 CLOUDY (SCALE 8-10) 1
DPTR FM NORMAL -516
[CDD (BASE 65) ]
TOTAL THIS MO. 0
DPTR FM NORMAL -1 [PRESSURE DATA]
TOTAL FM JAN 1 0 HIGHEST SLP 30.55 ON 17
DPTR FM NORMAL -1 LOWEST SLP 29.32 ON 27
[REMARKS]
#FINAL-02-24#