000
CXUS53 KUNR 010945
CF6GCC
PRELIMINARY LOCAL CLIMATOLOGICAL DATA (WS FORM: F-6)
STATION: GILLETTE AIRPORT WY
MONTH: SEPTEMBER
YEAR: 2020
LATITUDE: 44 20 N
LONGITUDE: 105 32 W
TEMPERATURE IN F: :PCPN: SNOW: WIND :SUNSHINE: SKY :PK WND
================================================================================
1 2 3 4 5 6A 6B 7 8 9 10 11 12 13 14 15 16 17 18
12Z AVG MX 2MIN
DY MAX MIN AVG DEP HDD CDD WTR SNW DPTH SPD SPD DIR MIN PSBL S-S WX SPD DR
================================================================================
1 77 36 57 -8 8 0 0.00 M M 9.6 26 300 M M 1 37 310
2 93 53 73 8 0 8 0.00 M M 15.8 39 10 M M 1 8 52 350
3 82 43 63 -1 2 0 0.00 M M 6.0 16 300 M M 0 8 27 280
4 88 46 67 3 0 2 0.00 M M 5.8 15 330 M M 0 20 340
5 100 58 79 16 0 14 0.00 M M 9.4 20 210 M M 0 30 320
6 84 51 68 5 0 3 0.00 M M 8.2 21 360 M M 0 30 330
7 62 33 48 -14 17 0 0.68 M M 14.6 28 20 M M 6 1 37 20
8 45 31 38 -24 27 0 0.04 M M 8.5 20 10 M M 5 1 29 30
9 60 28 44 -18 21 0 0.00 M M 8.4 16 190 M M 0 21 180
10 67 32 50 -11 15 0 T M M 6.8 24 180 M M 2 32 190
11 64 47 56 -5 9 0 0.02 M M 8.8 17 170 M M 6 1 23 180
12 81 48 65 5 0 0 0.00 M M 8.9 15 160 M M 0 19 310
13 86 52 69 9 0 4 0.00 M M 9.6 25 180 M M 0 34 170
14 92 54 73 14 0 8 0.00 M M 10.3 26 180 M M 0 35 180
15 86 43 65 6 0 0 0.00 M M 5.8 18 340 M M 0 8 23 340
16 76 43 60 2 5 0 0.00 M M 9.9 25 160 M M 0 18 31 160
17 76 42 59 1 6 0 0.00 M M 5.1 18 170 M M 0 18 23 170
18 82 52 67 10 0 2 0.00 M M 17.5 31 160 M M 0 38 170
19 91 52 72 15 0 7 0.00 M M 11.6 31 240 M M 0 52 220
20 75 42 59 3 6 0 0.00 M M 4.8 15 330 M M 0 23 310
21 79 39 59 3 6 0 0.00 M M 4.3 15 170 M M 0 18 180
22 86 43 65 10 0 0 T M M 5.3 30 210 M M 0 43 220
23 81 51 66 11 0 1 0.00 M M 7.9 16 330 M M 0 22 340
24 93 53 73 19 0 8 0.00 M M 12.4 35 340 M M 0 45 330
25 76 42 59 5 6 0 0.00 M M 7.5 20 170 M M 0 27 180
26 66 37 52 -1 13 0 0.01 M M 11.1 33 320 M M 6 1 45 320
27 56 38 47 -6 18 0 0.01 M M 15.0 27 330 M M 3 47 320
28 63 32 48 -4 17 0 0.00 M M 11.5 20 330 M M 0 28 320
29 77 48 63 11 2 0 0.00 M M 14.9 25 300 M M 0 37 300
30 61 42 52 1 13 0 0.00 M M 14.4 24 330 M M 6 33 340
================================================================================
SM 2305 1311 191 57 0.76 M 289.7 M 36
================================================================================
AV 76.8 43.7 9.7 FASTST M M 1 MAX(MPH)
MISC ----> # 39 10 # 52 350
================================================================================
NOTES:
# LAST OF SEVERAL OCCURRENCES
COLUMN 17 PEAK WIND IN M.P.H.
PRELIMINARY LOCAL CLIMATOLOGICAL DATA (WS FORM: F-6) , PAGE 2
STATION: GILLETTE AIRPORT WY
MONTH: SEPTEMBER
YEAR: 2020
LATITUDE: 44 20 N
LONGITUDE: 105 32 W
[TEMPERATURE DATA] [PRECIPITATION DATA] SYMBOLS USED IN COLUMN 16
AVERAGE MONTHLY: 60.3 TOTAL FOR MONTH: 0.76 1 = FOG OR MIST
DPTR FM NORMAL: 1.9 DPTR FM NORMAL: -0.43 2 = FOG REDUCING VISIBILITY
HIGHEST: 100 ON 5 GRTST 24HR 0.68 ON 7- 7 TO 1/4 MILE OR LESS
LOWEST: 28 ON 9 3 = THUNDER
SNOW, ICE PELLETS, HAIL 4 = ICE PELLETS
TOTAL MONTH: M 5 = HAIL
GRTST 24HR M ON M 6 = FREEZING RAIN OR DRIZZLE
GRTST DEPTH: M ON M 7 = DUSTSTORM OR SANDSTORM:
VSBY 1/2 MILE OR LESS
8 = SMOKE OR HAZE
[NO. OF DAYS WITH] [WEATHER - DAYS WITH] 9 = BLOWING SNOW
X = TORNADO
MAX 32 OR BELOW: 0 0.01 INCH OR MORE: 5
MAX 90 OR ABOVE: 5 0.10 INCH OR MORE: 1
MIN 32 OR BELOW: 4 0.50 INCH OR MORE: 1
MIN 0 OR BELOW: 0 1.00 INCH OR MORE: 0
[HDD (BASE 65) ]
TOTAL THIS MO. 191 CLEAR (SCALE 0-3) 24
DPTR FM NORMAL -47 PTCLDY (SCALE 4-7) 6
TOTAL FM JUL 1 213 CLOUDY (SCALE 8-10) 0
DPTR FM NORMAL -82
[CDD (BASE 65) ]
TOTAL THIS MO. 57
DPTR FM NORMAL 17 [PRESSURE DATA]
TOTAL FM JAN 1 662 HIGHEST SLP 30.55 ON 8
DPTR FM NORMAL 162 LOWEST SLP 29.55 ON 24
[REMARKS]
#FINAL-09-20#