000
CXUS53 KUNR 011721
CLMGCC
CLIMATE REPORT
NATIONAL WEATHER SERVICE RAPID CITY SD
1121 AM MDT MON MAY 01 2023
...................................
...THE GILLETTE AIRPORT WY CLIMATE SUMMARY FOR THE MONTH OF APRIL 2023...
CLIMATE NORMAL PERIOD 1991 TO 2020
CLIMATE RECORD PERIOD 9999 TO 9999
WEATHER OBSERVED NORMAL DEPART LAST YEAR`S
VALUE DATE(S) VALUE FROM VALUE DATE(S)
NORMAL
................................................................
TEMPERATURE (F)
HIGHEST 79 04/11 72 04/19
LOWEST 15 04/22 4 04/14
AVG. MAXIMUM 54.1 55.3 -1.2 50.1
AVG. MINIMUM 28.7 29.8 -1.1 24.7
MEAN 41.4 42.5 -1.1 37.4
DAYS MAX >= 90 0 0
DAYS MAX <= 32 2 3
DAYS MIN <= 32 21 25
DAYS MIN <= 0 0 0
PRECIPITATION (INCHES)
TOTALS 0.54 1.60 -1.06 2.69
DAILY AVG. 0.02 0.05 -0.03 0.09
DAYS >= .01 5 12
DAYS >= .10 2 6
DAYS >= .50 0 3
DAYS >= 1.00 0 0
GREATEST
24 HR. TOTAL 0.32 04/03 TO 04/04 0.97
DEGREE DAYS
HEATING TOTAL 699 674 25 822
SINCE 7/1 7323 6952 371 MM
COOLING TOTAL 0 0 0 0
SINCE 1/1 0 0 0 MM
................................................................
WIND (MPH)
AVERAGE WIND SPEED 11.9
HIGHEST WIND SPEED/DIRECTION 39/240 DATE 04/19
HIGHEST GUST SPEED/DIRECTION 54/240 DATE 04/19
AVERAGE RH (PERCENT) 57
WEATHER CONDITIONS. NUMBER OF DAYS WITH
THUNDERSTORM 1 MIXED PRECIP 0
HEAVY RAIN 0 RAIN 1
LIGHT RAIN 3 FREEZING RAIN 0
LT FREEZING RAIN 0 HAIL 0
HEAVY SNOW 0 SNOW 1
LIGHT SNOW 7 SLEET 0
FOG 8 FOG W/VIS <= 1/4 MILE 1
HAZE 6
- INDICATES NEGATIVE NUMBERS.
R INDICATES RECORD WAS SET OR TIED.
MM INDICATES DATA IS MISSING.
T INDICATES TRACE AMOUNT.
$$