936
CXUS53 KDDC 031555
CF6GCK
PRELIMINARY LOCAL CLIMATOLOGICAL DATA (WS FORM: F-6)
STATION: GARDEN CITY REGIONAL ARPT KS
MONTH: JULY
YEAR: 2020
LATITUDE: 37 55 N
LONGITUDE: 100 43 W
TEMPERATURE IN F: :PCPN: SNOW: WIND :SUNSHINE: SKY :PK WND
================================================================================
1 2 3 4 5 6A 6B 7 8 9 10 11 12 13 14 15 16 17 18
12Z AVG MX 2MIN
DY MAX MIN AVG DEP HDD CDD WTR SNW DPTH SPD SPD DIR MIN PSBL S-S WX SPD DR
================================================================================
1 91 64 78 1 0 13 0.00 M M 15.8 30 30 M M 1 40 30
2 100 64 82 5 0 17 0.00 M M 12.9 35 270 M M 4 13 45 270
3 95 61 78 1 0 13 0.00 M M 9.4 21 100 M M 0 34 110
4 92 64 78 0 0 13 0.00 M M 7.9 17 90 M M 2 25 90
5 89 67 78 0 0 13 0.00 M M 6.8 22 170 M M 1 8 31 140
6 92 59 76 -2 0 11 0.00 M M 4.9 18 150 M M 2 1 25 150
7 94 65 80 2 0 15 0.00 M M 13.2 25 190 M M 0 36 200
8 103 69 86 8 0 21 0.00 M M 17.3 30 210 M M 1 42 180
9 91 68 80 2 0 15 0.00 M M 16.4 31 120 M M 2 41 110
10 90 71 81 3 0 16 0.00 M M 13.9 28 120 M M 7 35 150
11 98 66 82 4 0 17 0.00 M M 11.4 22 50 M M 0 29 40
12 94 65 80 2 0 15 0.48 M M 13.7 44 110 M M 1 13 55 110
13 94 65 80 2 0 15 0.00 M M 15.6 29 140 M M 0 36 150
14 89 63 76 -2 0 11 1.90 M M 16.7 36 290 M M 5 13 47 250
15 82 65 74 -4 0 9 0.47 M M 10.7 31 290 M M 6 123 39 80
16 91 67 79 1 0 14 0.00 M M 11.4 21 200 M M 1 28 190
17 97 68 83 5 0 18 0.06 M M 12.8 33 220 M M 1 13 50 210
18 99 70 85 6 0 20 0.09 M M 13.1 25 180 M M 1 13 36 180
19 88 66 77 -2 0 12 0.06 M M 13.9 33 120 M M 2 13 45 120
20 87 65 76 -3 0 11 T M M 13.5 28 220 M M 2 3 42 220
21 86 62 74 -5 0 9 0.00 M M 8.5 30 50 M M 1 41 40
22 91 65 78 -1 0 13 0.00 M M 13.7 23 180 M M 0 31 150
23 92 67 80 1 0 15 0.00 M M 15.7 29 140 M M 0 37 130
24 93 69 81 3 0 16 0.00 M M 14.3 26 150 M M 0 37 150
25 94 69 82 4 0 17 0.00 M M 13.0 25 150 M M 0 35 150
26 95 68 82 4 0 17 2.27 M M 11.8 31 10 M M 2 123 43 360
27 80 68 74 -4 0 9 0.03 M M 7.5 18 60 M M 6 13 23 50
28 78 69 74 -4 0 9 0.23 M M 7.2 13 70 M M 8 1 20 80
29 87 60 74 -4 0 9 0.50 M M 5.1 51 320 M M 3 1238 70 320
30 81 61 71 -7 0 6 T M M 12.4 29 50 M M 4 3 37 40
31 83 58 71 -7 0 6 0.00 M M 7.2 14 10 M M 1 1 23 10
================================================================================
SM 2816 2028 0 415 6.09 M 367.7 M 64
================================================================================
AV 90.8 65.4 11.9 FASTST M M 2 MAX(MPH)
MISC ----> 51 320 70 320
================================================================================
NOTES:
# LAST OF SEVERAL OCCURRENCES
COLUMN 17 PEAK WIND IN M.P.H.
PRELIMINARY LOCAL CLIMATOLOGICAL DATA (WS FORM: F-6) , PAGE 2
STATION: GARDEN CITY REGIONAL ARPT KS
MONTH: JULY
YEAR: 2020
LATITUDE: 37 55 N
LONGITUDE: 100 43 W
[TEMPERATURE DATA] [PRECIPITATION DATA] SYMBOLS USED IN COLUMN 16
AVERAGE MONTHLY: 78.1 TOTAL FOR MONTH: 6.09 1 = FOG OR MIST
DPTR FM NORMAL: -0.1 DPTR FM NORMAL: 3.31 2 = FOG REDUCING VISIBILITY
HIGHEST: 103 ON 8 GRTST 24HR 2.37 ON 14-15 TO 1/4 MILE OR LESS
LOWEST: 58 ON 31 3 = THUNDER
4 = ICE PELLETS
5 = HAIL
6 = FREEZING RAIN OR DRIZZLE
7 = DUSTSTORM OR SANDSTORM:
VSBY 1/2 MILE OR LESS
8 = SMOKE OR HAZE
[NO. OF DAYS WITH] [WEATHER - DAYS WITH] 9 = BLOWING SNOW
X = TORNADO
MAX 32 OR BELOW: 0 0.01 INCH OR MORE: 10
MAX 90 OR ABOVE: 20 0.10 INCH OR MORE: 6
MIN 32 OR BELOW: 0 0.50 INCH OR MORE: 3
MIN 0 OR BELOW: 0 1.00 INCH OR MORE: 2
[HDD (BASE 65) ]
TOTAL THIS MO. 0 CLEAR (SCALE 0-3) 23
DPTR FM NORMAL -1 PTCLDY (SCALE 4-7) 8
TOTAL FM JUL 1 0 CLOUDY (SCALE 8-10) 0
DPTR FM NORMAL -1
[CDD (BASE 65) ]
TOTAL THIS MO. 415
DPTR FM NORMAL 5 [PRESSURE DATA]
TOTAL FM JAN 1 877 HIGHEST SLP 30.12 ON 31
DPTR FM NORMAL 126 LOWEST SLP 29.59 ON 9
[REMARKS]
#FINAL-07-20#