000
CXUS54 KFWD 010730
CF6GDJ
PRELIMINARY LOCAL CLIMATOLOGICAL DATA (WS FORM: F-6)
STATION: GRANBURY
MONTH: APRIL
YEAR: 2023
LATITUDE: 32 26 N
LONGITUDE: 97 48 W
TEMPERATURE IN F: :PCPN: SNOW: WIND :SUNSHINE: SKY :PK WND
================================================================================
1 2 3 4 5 6A 6B 7 8 9 10 11 12 13 14 15 16 17 18
12Z AVG MX 2MIN
DY MAX MIN AVG DEP HDD CDD WTR SNW DPTH SPD SPD DIR MIN PSBL S-S WX SPD DR
================================================================================
1 73 44 59 -1 6 0 0.00 M M 5.7 13 240 M M 0 16 40
2 78 50 64 4 1 0 0.00 M M 8.7 17 160 M M 4 24 160
3 92 65 79 19 0 14 0.00 M M 13.3 21 210 M M 1 31 170
4 82 71 77 16 0 12 0.00 M M 12.8 20 150 M M 3 25 170
5 74 47 61 0 4 0 0.00 M M 11.6 23 330 M M 1 3 29 260
6 60 46 53 -8 12 0 0.00 M M 8.7 17 50 M M 3 22 20
7 62 52 57 -5 8 0 0.00 M M 6.7 12 20 M M 9 17 20
8 69 53 61 -1 4 0 0.00 M M 4.3 9 80 M M 7 M M
9 74 47 61 -1 4 0 0.00 M M 3.6 9 140 M M 6 12 M M
10 75 52 64 2 1 0 0.00 M M 3.7 12 120 M M 4 1 21 40
11 74 47 61 -2 4 0 0.00 M M 4.1 12 110 M M 1 M M
12 77 46 62 -1 3 0 0.00 M M 5.7 13 130 M M 0 21 90
13 79 51 65 2 0 0 0.00 M M 9.8 16 130 M M 2 21 120
14 80 59 70 6 0 5 0.00 M M 11.7 18 140 M M 5 24 140
15 77 55 66 2 0 1 0.00 M M 11.4 18 310 M M 1 1 29 330
16 71 41 56 -8 9 0 0.00 M M 4.7 10 330 M M 0 17 20
17 80 43 62 -3 3 0 0.00 M M 7.7 16 160 M M 0 24 160
18 74 57 66 1 0 1 0.00 M M 13.3 21 150 M M 5 28 170
19 86 67 77 12 0 12 0.00 M M 16.1 24 180 M M 7 32 170
20 84 62 73 7 0 8 0.00 M M 11.0 21 160 M M 7 8 29 160
21 76 52 64 -2 1 0 0.00 M M 6.3 15 40 M M 0 23 40
22 75 46 61 -5 4 0 0.01 M M 8.7 20 40 M M 5 31 40
23 53 46 50 -16 15 0 0.39 M M 7.5 15 40 M M 9 22 20
24 69 44 57 -10 8 0 0.00 M M 7.5 18 140 M M 7 21 140
25 71 57 64 -3 1 0 0.00 M M 9.4 15 120 M M 9 18 120
26 64 55 60 -7 5 0 0.46 M M 9.5 17 60 M M 10 1 22 80
27 70 54 62 -6 3 0 0.00 M M 8.2 20 290 M M 6 1 25 290
28 69 49 59 -9 6 0 0.00 M M 10.2 22 320 M M 6 31 0
29 71 50 61 -7 4 0 0.00 M M 13.6 24 330 M M 0 38 330
30 85 45 65 -3 0 0 0.00 M M 5.7 18 60 M M 0 22 70
================================================================================
SM 2224 1553 106 53 0.86 M 261.1 M 118
================================================================================
AV 74.1 51.8 8.7 FASTST M M 4 MAX(MPH)
MISC ----> 24 330 38 330
================================================================================
NOTES:
# LAST OF SEVERAL OCCURRENCES
COLUMN 17 PEAK WIND IN M.P.H.
PRELIMINARY LOCAL CLIMATOLOGICAL DATA (WS FORM: F-6) , PAGE 2
STATION: GRANBURY
MONTH: APRIL
YEAR: 2023
LATITUDE: 32 26 N
LONGITUDE: 97 48 W
[TEMPERATURE DATA] [PRECIPITATION DATA] SYMBOLS USED IN COLUMN 16
AVERAGE MONTHLY: 63.0 TOTAL FOR MONTH: 0.86 1 = FOG OR MIST
DPTR FM NORMAL: -1.2 DPTR FM NORMAL: M 2 = FOG REDUCING VISIBILITY
HIGHEST: 92 ON 3 GRTST 24HR 0.46 ON 26-26 TO 1/4 MILE OR LESS
LOWEST: 41 ON 16 3 = THUNDER
SNOW, ICE PELLETS, HAIL 4 = ICE PELLETS
TOTAL MONTH: M 5 = HAIL
GRTST 24HR M ON M 6 = FREEZING RAIN OR DRIZZLE
GRTST DEPTH: M ON M 7 = DUSTSTORM OR SANDSTORM:
VSBY 1/2 MILE OR LESS
8 = SMOKE OR HAZE
[NO. OF DAYS WITH] [WEATHER - DAYS WITH] 9 = BLOWING SNOW
X = TORNADO
MAX 32 OR BELOW: 0 0.01 INCH OR MORE: 3
MAX 90 OR ABOVE: 1 0.10 INCH OR MORE: 2
MIN 32 OR BELOW: 0 0.50 INCH OR MORE: 0
MIN 0 OR BELOW: 0 1.00 INCH OR MORE: 0
[HDD (BASE 65) ]
TOTAL THIS MO. 106 CLEAR (SCALE 0-3) 14
DPTR FM NORMAL 0 PTCLDY (SCALE 4-7) 12
TOTAL FM JUL 1 1824 CLOUDY (SCALE 8-10) 4
DPTR FM NORMAL -830
[CDD (BASE 65) ]
TOTAL THIS MO. 53
DPTR FM NORMAL -28 [PRESSURE DATA]
TOTAL FM JAN 1 104 HIGHEST SLP M ON M
DPTR FM NORMAL 2 LOWEST SLP M ON M
[REMARKS]
#FINAL-04-23#