000
CXUS54 KFWD 251720
CF6GDJ
PRELIMINARY LOCAL CLIMATOLOGICAL DATA (WS FORM: F-6)
STATION: GRANBURY
MONTH: MARCH
YEAR: 2021
LATITUDE: 32 26 N
LONGITUDE: 97 48 W
TEMPERATURE IN F: :PCPN: SNOW: WIND :SUNSHINE: SKY :PK WND
================================================================================
1 2 3 4 5 6A 6B 7 8 9 10 11 12 13 14 15 16 17 18
12Z AVG MX 2MIN
DY MAX MIN AVG DEP HDD CDD WTR SNW DPTH SPD SPD DIR MIN PSBL S-S WX SPD DR
================================================================================
1 60 44 52 1 13 0 0.07 M M 8.9 18 350 M M 9 24 350
2 63 35 49 -3 16 0 0.00 M M 2.1 7 150 M M 1 M M
3 73 35 54 2 11 0 0.00 M M 6.6 15 140 M M 0 20 140
4 75 46 61 9 4 0 0.00 M M 10.4 18 130 M M 0 25 120
5 70 46 58 6 7 0 0.00 M M 12.9 29 320 M M 4 33 320
6 66 41 54 1 11 0 0.00 M M 5.8 10 130 M M 1 9 70
7 67 35 51 -2 14 0 0.00 M M 6.4 15 110 M M 0 20 110
8 73 41 57 4 8 0 0.00 M M 7.3 17 150 M M 1 26 160
9 73 54 64 10 1 0 0.00 M M 13.7 21 170 M M 6 31 170
10 76 64 70 16 0 5 0.00 M M 14.3 25 170 M M 7 35 170
11 79 70 75 21 0 10 0.00 M M 14.6 23 170 M M 6 32 190
12 81 67 74 20 0 9 0.00 M M 12.0 18 140 M M 7 25 170
13 76 65 71 16 0 6 0.02 M M 14.0 24 150 M M 10 1 37 150
14 75 52 64 9 1 0 0.06 M M 10.6 24 220 M M 6 31 220
15 81 48 65 10 0 0 0.00 M M 10.8 22 230 M M 1 29 230
16 81 53 67 12 0 2 M M M 8.3 18 140 M M 1 25 130
17 72 48 60 4 5 0 0.33 M M 19.9 35 290 M M 6 38 53 0
18 62 43 53 -3 12 0 0.00 M M 15.7 25 300 M M 0 30 300
19 66 38 52 -4 13 0 0.00 M M 6.5 14 350 M M 0 18 360
20 71 37 54 -2 11 0 0.00 M M 4.2 12 110 M M 0 M M
21 71 46 59 2 6 0 0.00 M M 12.0 18 140 M M 1 24 140
22 62 57 60 3 5 0 0.86 M M 11.3 16 140 M M 8 3 28 140
23 73 47 60 3 5 0 0.00 M M 9.0 17 280 M M 0 8 22 230
24 76 45 61 3 4 0 0.15 M M 8.1 16 110 M M 4 3 25 80
25 69 50 60 2 5 0 0.29 M M 8.7 17 270 M M 5 3 24 310
26 81 46 64 6 1 0 0.00 M M 8.2 16 140 M M 0 25 150
27 81 56 69 11 0 4 0.08 M M 8.2 18 350 M M 6 1 26 350
28 73 50 62 3 3 0 0.00 M M 8.1 15 360 M M 0 25 360
29 79 43 61 2 4 0 0.00 M M 8.5 18 160 M M 0 23 150
30 83 56 70 11 0 5 0.00 M M 9.5 20 180 M M 4 28 180
31 67 42 55 -5 10 0 0.00 M M 12.0 23 30 M M 5 32 30
================================================================================
SM 2255 1500 170 41 1.86 M 308.8 M 99
================================================================================
AV 72.7 48.4 10.0 FASTST M M 3 MAX(MPH)
MISC ----> 35 290 53 0
================================================================================
NOTES:
# LAST OF SEVERAL OCCURRENCES
COLUMN 17 PEAK WIND IN M.P.H.
PRELIMINARY LOCAL CLIMATOLOGICAL DATA (WS FORM: F-6) , PAGE 2
STATION: GRANBURY
MONTH: MARCH
YEAR: 2021
LATITUDE: 32 26 N
LONGITUDE: 97 48 W
[TEMPERATURE DATA] [PRECIPITATION DATA] SYMBOLS USED IN COLUMN 16
AVERAGE MONTHLY: 60.6 TOTAL FOR MONTH: 1.86 1 = FOG OR MIST
DPTR FM NORMAL: 5.2 DPTR FM NORMAL: M 2 = FOG REDUCING VISIBILITY
HIGHEST: 83 ON 30 GRTST 24HR 0.86 ON 22-22 TO 1/4 MILE OR LESS
LOWEST: 35 ON 3, 2 3 = THUNDER
SNOW, ICE PELLETS, HAIL 4 = ICE PELLETS
TOTAL MONTH: M 5 = HAIL
GRTST 24HR M ON M 6 = FREEZING RAIN OR DRIZZLE
GRTST DEPTH: M ON M 7 = DUSTSTORM OR SANDSTORM:
VSBY 1/2 MILE OR LESS
8 = SMOKE OR HAZE
[NO. OF DAYS WITH] [WEATHER - DAYS WITH] 9 = BLOWING SNOW
X = TORNADO
MAX 32 OR BELOW: 0 0.01 INCH OR MORE: 8
MAX 90 OR ABOVE: 0 0.10 INCH OR MORE: 4
MIN 32 OR BELOW: 0 0.50 INCH OR MORE: 1
MIN 0 OR BELOW: 0 1.00 INCH OR MORE: 0
[HDD (BASE 65) ]
TOTAL THIS MO. 170 CLEAR (SCALE 0-3) 16
DPTR FM NORMAL -145 PTCLDY (SCALE 4-7) 13
TOTAL FM JUL 1 2103 CLOUDY (SCALE 8-10) 2
DPTR FM NORMAL -448
[CDD (BASE 65) ]
TOTAL THIS MO. 41
DPTR FM NORMAL 24 [PRESSURE DATA]
TOTAL FM JAN 1 41 HIGHEST SLP M ON M
DPTR FM NORMAL 20 LOWEST SLP M ON M
[REMARKS]
#FINAL-03-21#