013
CXUS54 KMAF 011923
CF6GDP
PRELIMINARY LOCAL CLIMATOLOGICAL DATA (WS FORM: F-6)
STATION: GUADALUPE PASS
MONTH: NOVEMBER
YEAR: 2020
LATITUDE: 31 49 N
LONGITUDE: 104 48 W
TEMPERATURE IN F: :PCPN: SNOW: WIND :SUNSHINE: SKY :PK WND
================================================================================
1 2 3 4 5 6A 6B 7 8 9 10 11 12 13 14 15 16 17 18
12Z AVG MX 2MIN
DY MAX MIN AVG DEP HDD CDD WTR SNW DPTH SPD SPD DIR MIN PSBL S-S WX SPD DR
================================================================================
1 62 50 56 0 9 0 0.00 M M 31.2 51 40 M M 0 8 56 40
2 71 47 59 4 6 0 0.00 M M 13.3 28 60 M M 0 32 60
3 73 47 60 5 5 0 0.00 M M 16.1 28 240 M M 0 33 240
4 80 54 67 12 0 2 0.00 M M 14.3 24 250 M M 0 29 260
5 76 61 69 15 0 4 0.00 M M 18.5 36 50 M M 0 8 42 50
6 78 58 68 14 0 3 0.00 M M 14.8 26 40 M M 0 30 60
7 79 56 68 15 0 3 0.00 M M 12.1 25 240 M M 1 32 230
8 71 57 64 11 1 0 0.00 M M 25.6 53 230 M M 5 8 62 240
9 72 49 61 9 4 0 0.00 M M 34.7 53 240 M M 1 8 60 250
10 58 37 48 -4 17 0 0.00 M M 25.9 43 250 M M 0 52 240
11 65 40 53 1 12 0 0.00 M M 17.6 35 240 M M 0 40 250
12 70 40 55 4 10 0 0.00 M M 15.5 32 250 M M 0 39 250
13 60 40 50 -1 15 0 0.00 M M 18.7 32 50 M M 0 8 34 70
14 68 42 55 5 10 0 0.00 M M 32.3 59 240 M M 0 8 69 240
15 65 39 52 2 13 0 0.00 M M 19.1 46 50 M M 0 48 50
16 73 49 61 12 4 0 0.00 M M 13.9 21 40 M M 0 23 40
17 66 52 59 10 6 0 0.00 M M 19.1 25 50 M M 0 27 60
18 75 50 63 15 2 0 0.00 M M 14.2 22 230 M M 0 27 250
19 78 56 67 19 0 2 0.00 M M 11.6 22 240 M M 0 27 250
20 74 57 66 18 0 1 0.00 M M 16.5 32 50 M M 0 36 50
21 64 51 58 11 7 0 0.00 M M 18.4 28 60 M M 0 30 60
22 60 44 52 5 13 0 T M M 30.2 51 50 M M 4 128 56 50
23 72 44 58 12 7 0 T M M 17.4 30 50 M M 3 128 38 70
24 62 47 55 9 10 0 0.00 M M 28.0 67 250 M M 1 8 77 250
25 60 37 49 3 16 0 0.00 M M 27.0 51 240 M M 0 8 61 250
26 67 43 55 10 10 0 0.00 M M 24.9 44 250 M M 0 50 250
27 61 39 50 5 15 0 0.00 M M 31.4 53 50 M M 2 8 58 60
28 51 33 42 -2 23 0 0.00 M M 17.8 35 250 M M 1 18 41 250
29 54 M M M M M 0.00 M M 25.8 48 50 M M 0 8 55 50
30 M M M M M M 0.00 M M 19.2 43 50 M M 0 49 50
================================================================================
SM 1965 1319 215 15 T M 625.1 M 18
================================================================================
AV 67.8 47.1 20.8 FASTST M M 1 MAX(MPH)
MISC ----> 67 250 77 250
================================================================================
NOTES:
# LAST OF SEVERAL OCCURRENCES
COLUMN 17 PEAK WIND IN M.P.H.
PRELIMINARY LOCAL CLIMATOLOGICAL DATA (WS FORM: F-6) , PAGE 2
STATION: GUADALUPE PASS
MONTH: NOVEMBER
YEAR: 2020
LATITUDE: 31 49 N
LONGITUDE: 104 48 W
[TEMPERATURE DATA] [PRECIPITATION DATA] SYMBOLS USED IN COLUMN 16
AVERAGE MONTHLY: 57.4 TOTAL FOR MONTH: T 1 = FOG OR MIST
DPTR FM NORMAL: 7.7 DPTR FM NORMAL: -0.49 2 = FOG REDUCING VISIBILITY
HIGHEST: 80 ON 4 GRTST 24HR T ON 22-22 TO 1/4 MILE OR LESS
LOWEST: 33 ON 28 3 = THUNDER
SNOW, ICE PELLETS, HAIL 4 = ICE PELLETS
TOTAL MONTH: M 5 = HAIL
GRTST 24HR M ON M 6 = FREEZING RAIN OR DRIZZLE
GRTST DEPTH: M ON M 7 = DUSTSTORM OR SANDSTORM:
VSBY 1/2 MILE OR LESS
8 = SMOKE OR HAZE
[NO. OF DAYS WITH] [WEATHER - DAYS WITH] 9 = BLOWING SNOW
X = TORNADO
MAX 32 OR BELOW: 0 0.01 INCH OR MORE: 0
MAX 90 OR ABOVE: 0 0.10 INCH OR MORE: 0
MIN 32 OR BELOW: 0 0.50 INCH OR MORE: 0
MIN 0 OR BELOW: 0 1.00 INCH OR MORE: 0
[HDD (BASE 65) ]
TOTAL THIS MO. 215 CLEAR (SCALE 0-3) 28
DPTR FM NORMAL -247 PTCLDY (SCALE 4-7) 2
TOTAL FM JUL 1 473 CLOUDY (SCALE 8-10) 0
DPTR FM NORMAL -181
[CDD (BASE 65) ]
TOTAL THIS MO. 15
DPTR FM NORMAL 14 [PRESSURE DATA]
TOTAL FM JAN 1 1844 HIGHEST SLP 30.78 ON 30
DPTR FM NORMAL 404 LOWEST SLP 29.62 ON 9
[REMARKS]
#FINAL-11-20#