000
CXUS56 KOTX 010910
CF6GEG
PRELIMINARY LOCAL CLIMATOLOGICAL DATA (WS FORM: F-6)
STATION: SPOKANE WA AIRPORT
MONTH: OCTOBER
YEAR: 2021
LATITUDE: 47 37 N
LONGITUDE: 117 32 W
TEMPERATURE IN F: :PCPN: SNOW: WIND :SUNSHINE: SKY :PK WND
================================================================================
1 2 3 4 5 6A 6B 7 8 9 10 11 12 13 14 15 16 17 18
12Z AVG MX 2MIN
DY MAX MIN AVG DEP HDD CDD WTR SNW DPTH SPD SPD DIR MIN PSBL S-S WX SPD DR
================================================================================
1 63 43 53 -2 12 0 0.00 0.0 0 3.5 10 220 M M 5 1 20 150
2 65 40 53 -1 12 0 0.00 0.0 0 3.5 13 220 M M 5 1 15 220
3 69 44 57 3 8 0 0.00 0.0 0 5.5 14 230 M M 3 20 210
4 68 45 57 3 8 0 0.00 0.0 0 5.6 10 350 M M 7 13 70
5 73 48 61 8 4 0 0.00 0.0 0 7.8 17 230 M M 8 20 230
6 56 41 49 -4 16 0 0.02 0.0 0 10.7 18 210 M M 6 24 210
7 57 37 47 -5 18 0 0.00 0.0 0 5.1 12 220 M M 2 16 190
8 59 35 47 -5 18 0 0.00 0.0 0 5.5 9 240 M M 5 12 30
9 57 35 46 -5 19 0 0.00 0.0 0 10.1 20 200 M M 6 26 210
10 58 39 49 -2 16 0 0.00 0.0 0 16.2 35 250 M M 5 39 250
11 54 29 42 -8 23 0 0.00 0.0 0 4.9 17 20 M M 2 20 20
12 54 30 42 -8 23 0 0.00 0.0 0 4.4 10 230 M M 5 14 230
13 41 36 39 -10 26 0 0.06 T 0 6.2 14 270 M M 10 1 16 270
14 50 30 40 -9 25 0 T 0.0 0 8.1 16 220 M M 8 12 20 210
15 55 39 47 -1 18 0 T 0.0 0 7.1 14 210 M M 9 19 220
16 69 39 54 6 11 0 0.00 0.0 0 5.7 16 220 M M 6 1 22 210
17 68 43 56 9 9 0 0.00 0.0 0 5.5 16 230 M M 7 20 210
18 65 37 51 4 14 0 0.00 0.0 0 3.5 10 360 M M 0 8 12 150
19 65 39 52 6 13 0 0.00 0.0 0 4.8 13 60 M M 1 16 70
20 57 46 52 6 13 0 0.09 0.0 0 8.6 24 210 M M 8 32 200
21 62 45 54 9 11 0 T 0.0 0 9.8 17 70 M M 8 21 60
22 56 46 51 6 14 0 0.20 0.0 0 11.0 23 200 M M 10 1 30 200
23 52 42 47 3 18 0 T 0.0 0 9.0 20 210 M M 8 1 24 200
24 51 43 47 3 18 0 0.39 0.0 0 11.3 22 230 M M 9 1 26 230
25 54 41 48 4 17 0 T 0.0 0 10.2 23 230 M M 6 28 230
26 52 40 46 3 19 0 0.02 0.0 0 15.8 26 230 M M 8 1 33 220
27 51 39 45 2 20 0 T 0.0 0 15.4 30 240 M M 7 39 220
28 63 43 53 11 12 0 0.05 0.0 0 16.8 32 220 M M 10 1 42 210
29 58 37 48 6 17 0 0.34 0.0 0 10.4 23 270 M M 7 1 28 260
30 47 30 39 -3 26 0 0.00 0.0 0 8.1 21 50 M M 1 25 40
31 50 30 40 -1 25 0 0.00 0.0 0 8.0 17 40 M M 0 20 40
================================================================================
SM 1799 1211 503 0 1.17 T 258.1 M 182
================================================================================
AV 58.0 39.1 8.3 FASTST M M 6 MAX(MPH)
MISC ----> 35 250 42 210
================================================================================
NOTES:
# LAST OF SEVERAL OCCURRENCES
COLUMN 17 PEAK WIND IN M.P.H.
PRELIMINARY LOCAL CLIMATOLOGICAL DATA (WS FORM: F-6) , PAGE 2
STATION: SPOKANE WA AIRPORT
MONTH: OCTOBER
YEAR: 2021
LATITUDE: 47 37 N
LONGITUDE: 117 32 W
[TEMPERATURE DATA] [PRECIPITATION DATA] SYMBOLS USED IN COLUMN 16
AVERAGE MONTHLY: 48.5 TOTAL FOR MONTH: 1.17 1 = FOG OR MIST
DPTR FM NORMAL: 0.6 DPTR FM NORMAL: -0.20 2 = FOG REDUCING VISIBILITY
HIGHEST: 73 ON 5 GRTST 24HR 0.39 ON 24-24 TO 1/4 MILE OR LESS
LOWEST: 29 ON 11 3 = THUNDER
SNOW, ICE PELLETS, HAIL 4 = ICE PELLETS
TOTAL MONTH: T 5 = HAIL
GRTST 24HR T ON 13-13 6 = FREEZING RAIN OR DRIZZLE
GRTST DEPTH: 0 7 = DUSTSTORM OR SANDSTORM:
VSBY 1/2 MILE OR LESS
8 = SMOKE OR HAZE
[NO. OF DAYS WITH] [WEATHER - DAYS WITH] 9 = BLOWING SNOW
X = TORNADO
MAX 32 OR BELOW: 0 0.01 INCH OR MORE: 8
MAX 90 OR ABOVE: 0 0.10 INCH OR MORE: 3
MIN 32 OR BELOW: 5 0.50 INCH OR MORE: 0
MIN 0 OR BELOW: 0 1.00 INCH OR MORE: 0
[HDD (BASE 65) ]
TOTAL THIS MO. 503 CLEAR (SCALE 0-3) 7
DPTR FM NORMAL -29 PTCLDY (SCALE 4-7) 16
TOTAL FM JUL 1 656 CLOUDY (SCALE 8-10) 8
DPTR FM NORMAL -92
[CDD (BASE 65) ]
TOTAL THIS MO. 0
DPTR FM NORMAL -1 [PRESSURE DATA]
TOTAL FM JAN 1 919 HIGHEST SLP M ON M
DPTR FM NORMAL 404 LOWEST SLP 29.28 ON 24
[REMARKS]
#FINAL-10-21#