000
CXUS53 KIND 010600
CF6GEZ
PRELIMINARY LOCAL CLIMATOLOGICAL DATA (WS FORM: F-6)
STATION: SHELBYVILLE IN
MONTH: MAY
YEAR: 2023
LATITUDE: 39 35 N
LONGITUDE: 85 48 W
TEMPERATURE IN F: :PCPN: SNOW: WIND :SUNSHINE: SKY :PK WND
================================================================================
1 2 3 4 5 6A 6B 7 8 9 10 11 12 13 14 15 16 17 18
12Z AVG MX 2MIN
DY MAX MIN AVG DEP HDD CDD WTR SNW DPTH SPD SPD DIR MIN PSBL S-S WX SPD DR
================================================================================
1 49 43 46 -14 19 0 0.22 M M 14.3 26 260 M M 10 37 260
2 57 44 51 -9 14 0 T M M 14.3 24 290 M M 7 33 330
3 62 42 52 -9 13 0 0.00 M M 12.4 21 320 M M 4 32 320
4 70 37 54 -7 11 0 0.00 M M 3.1 14 340 M M 0 18 24 330
5 78 46 62 0 3 0 0.00 M M 9.9 17 150 M M 0 26 140
6 77 56 67 5 0 2 0.02 M M 9.9 20 160 M M 5 38 30 160
7 78 63 71 9 0 6 0.62 M M 9.0 21 220 M M 4 13 29 310
8 79 62 71 9 0 6 T M M 8.5 16 270 M M 3 38 22 270
9 77 55 66 3 0 1 0.00 M M 9.3 18 20 M M 3 18 25 10
10 81 50 66 3 0 1 0.00 M M 7.1 15 110 M M 0 22 100
11 87 53 70 6 0 5 0.00 M M 7.1 14 150 M M 0 18 120
12 81 65 73 9 0 8 T M M 9.0 18 180 M M 5 1 25 160
13 84 68 76 12 0 11 0.00 M M 6.5 18 70 M M 7 18 24 30
14 82 64 73 9 0 8 T M M 11.2 21 60 M M 7 27 60
15 76 52 64 -1 1 0 0.15 M M 7.4 17 60 M M 6 1 22 60
16 69 57 63 -2 2 0 0.06 M M 5.5 14 280 M M 7 18 280
17 75 51 63 -3 2 0 0.00 M M 8.2 18 50 M M 0 128 23 50
18 78 47 63 -3 2 0 0.00 M M 6.0 14 70 M M 0 17 80
19 84 51 68 2 0 3 0.35 M M 9.4 24 320 M M 4 1 31 300
20 70 52 61 -5 4 0 0.16 M M 9.5 20 350 M M 3 18 28 360
21 80 47 64 -3 1 0 0.00 M M 3.2 13 330 M M 0 18 320
22 85 52 69 2 0 4 0.00 M M 3.5 13 80 M M 0 8 17 100
23 86 56 71 4 0 6 0.00 M M 4.2 14 100 M M 0 28 10
24 89 57 73 5 0 8 0.00 M M 9.0 22 60 M M 1 29 60
25 76 52 64 -4 1 0 0.00 M M 15.0 23 60 M M 0 30 60
26 82 49 66 -2 0 1 0.00 M M 12.7 22 80 M M 0 29 60
27 80 53 67 -2 0 2 0.00 M M 8.1 16 100 M M 0 19 80
28 85 60 73 4 0 8 0.00 M M 5.9 17 30 M M 4 23 30
29 91 54 73 4 0 8 0.00 M M 6.1 18 50 M M 2 18 28 10
30 90 61 76 6 0 11 0.00 M M 6.5 15 130 M M 1 8 21 100
31 91 64 78 8 0 13 0.02 M M 5.3 16 260 M M 2 3 22 240
================================================================================
SM 2429 1663 73 112 1.60 M 257.1 M 85
================================================================================
AV 78.4 53.6 8.3 FASTST M M 3 MAX(MPH)
MISC ----> 26 260 37 260
================================================================================
NOTES:
# LAST OF SEVERAL OCCURRENCES
COLUMN 17 PEAK WIND IN M.P.H.
PRELIMINARY LOCAL CLIMATOLOGICAL DATA (WS FORM: F-6) , PAGE 2
STATION: SHELBYVILLE IN
MONTH: MAY
YEAR: 2023
LATITUDE: 39 35 N
LONGITUDE: 85 48 W
[TEMPERATURE DATA] [PRECIPITATION DATA] SYMBOLS USED IN COLUMN 16
AVERAGE MONTHLY: 66.0 TOTAL FOR MONTH: 1.60 1 = FOG OR MIST
DPTR FM NORMAL: 0.9 DPTR FM NORMAL: -3.02 2 = FOG REDUCING VISIBILITY
HIGHEST: 91 ON 31,29 GRTST 24HR 0.64 ON 6- 7 TO 1/4 MILE OR LESS
LOWEST: 37 ON 4 3 = THUNDER
SNOW, ICE PELLETS, HAIL 4 = ICE PELLETS
TOTAL MONTH: M 5 = HAIL
GRTST 24HR M ON M 6 = FREEZING RAIN OR DRIZZLE
GRTST DEPTH: M ON M 7 = DUSTSTORM OR SANDSTORM:
VSBY 1/2 MILE OR LESS
8 = SMOKE OR HAZE
[NO. OF DAYS WITH] [WEATHER - DAYS WITH] 9 = BLOWING SNOW
X = TORNADO
MAX 32 OR BELOW: 0 0.01 INCH OR MORE: 8
MAX 90 OR ABOVE: 3 0.10 INCH OR MORE: 5
MIN 32 OR BELOW: 0 0.50 INCH OR MORE: 1
MIN 0 OR BELOW: 0 1.00 INCH OR MORE: 0
[HDD (BASE 65) ]
TOTAL THIS MO. 73 CLEAR (SCALE 0-3) 19
DPTR FM NORMAL -34 PTCLDY (SCALE 4-7) 11
TOTAL FM JUL 1 4283 CLOUDY (SCALE 8-10) 1
DPTR FM NORMAL -749
[CDD (BASE 65) ]
TOTAL THIS MO. 112
DPTR FM NORMAL 2 [PRESSURE DATA]
TOTAL FM JAN 1 132 HIGHEST SLP M ON M
DPTR FM NORMAL 1 LOWEST SLP 29.44 ON 1
[REMARKS]
#FINAL-05-23#