000
CXUS53 KFGF 010915
CF6GFK
PRELIMINARY LOCAL CLIMATOLOGICAL DATA (WS FORM: F-6)
STATION: GRAND FORKS INTL AP ND
MONTH: JANUARY
YEAR: 2023
LATITUDE: 47 57 N
LONGITUDE: 97 11 W
TEMPERATURE IN F: :PCPN: SNOW: WIND :SUNSHINE: SKY :PK WND
================================================================================
1 2 3 4 5 6A 6B 7 8 9 10 11 12 13 14 15 16 17 18
12Z AVG MX 2MIN
DY MAX MIN AVG DEP HDD CDD WTR SNW DPTH SPD SPD DIR MIN PSBL S-S WX SPD DR
================================================================================
1 22 12 17 9 48 0 0.00 0.0 12 6.1 12 310 M M 9 1 M M
2 16 -2 7 -1 58 0 0.00 0.0 12 7.5 16 180 M M 6 18 19 180
3 8 -9 0 -7 65 0 0.00 0.0 12 4.5 10 350 M M 5 128 13 350
4 11 -4 4 -3 61 0 T T 11 7.5 14 340 M M 5 128 16 340
5 14 0 7 0 58 0 0.00 0.0 12 4.2 10 330 M M 6 128 13 330
6 14 -8 3 -4 62 0 T T 12 5.6 14 10 M M 6 18 17 10
7 14 -9 3 -4 62 0 0.00 0.0 12 11.6 21 180 M M 5 189 26 190
8 18 1 10 4 55 0 0.00 0.0 12 7.6 14 200 M M 1 18 180
9 15 -2 7 1 58 0 0.00 0.0 11 4.6 9 140 M M 5 18 11 140
10 24 0 12 6 53 0 0.00 0.0 12 11.1 21 180 M M 9 18 25 180
11 24 17 21 15 44 0 T T 12 13.4 22 340 M M 10 18 27 350
12 18 6 12 6 53 0 T T 12 10.8 23 350 M M 10 18 28 360
13 12 0 6 0 59 0 T T 12 14.8 26 180 M M 8 189 33 180
14 24 11 18 12 47 0 0.00 0.0 12 13.7 21 170 M M 5 18 27 190
15 26 23 25 19 40 0 0.00 0.0 12 4.6 12 260 M M 10 12 15 250
16 27 18 23 17 42 0 T T 11 18.1 29 350 M M 10 169 36 360
17 18 12 15 9 50 0 T 0.1 12 16.7 25 350 M M 10 19 33 340
18 24 13 19 13 46 0 T T 12 7.1 10 360 M M 10 16 13 360
19 23 18 21 15 44 0 0.00 0.0 12 9.2 14 340 M M 10 17 340
20 25 15 20 14 45 0 T T 12 7.7 16 260 M M 10 1 21 250
21 22 3 13 7 52 0 0.00 0.0 11 6.9 12 190 M M 4 14 190
22 13 -6 4 -2 61 0 0.00 0.0 12 8.7 16 180 M M 2 21 180
23 33 10 22 16 43 0 0.02 0.1 11 11.9 26 300 M M 9 16 34 300
24 29 8 19 13 46 0 0.02 T 11 13.7 30 350 M M 10 1689 36 350
25 10 -1 5 -1 60 0 T T 11 10.9 24 340 M M 7 19 31 350
26 36 9 23 17 42 0 0.08 0.2 12 12.6 31 310 M M 10 189 43 160
27 34 -12 11 5 54 0 T 0.5 12 19.6 41 330 M M 6 189 54 330
28 -3 -23 -13 -19 78 0 0.00 0.0 12 8.0 13 290 M M 1 15 280
29 -3 -22 -12 -18 77 0 0.00 0.0 12 7.8 13 280 M M 2 17 270
30 -2 -25 -13 -20 78 0 0.00 0.0 12 11.0 17 190 M M 2 M M
31 1 -22 -10 -17 75 0 0.00 0.0 12 7.7 14 210 M M 3 16 210
================================================================================
SM 547 31 1716 0 0.12 0.9 305.2 M 206
================================================================================
AV 17.6 1.0 9.8 FASTST M M 7 MAX(MPH)
MISC ----> 41 330 54 330
================================================================================
NOTES:
# LAST OF SEVERAL OCCURRENCES
COLUMN 17 PEAK WIND IN M.P.H.
PRELIMINARY LOCAL CLIMATOLOGICAL DATA (WS FORM: F-6) , PAGE 2
STATION: GRAND FORKS INTL AP ND
MONTH: JANUARY
YEAR: 2023
LATITUDE: 47 57 N
LONGITUDE: 97 11 W
[TEMPERATURE DATA] [PRECIPITATION DATA] SYMBOLS USED IN COLUMN 16
AVERAGE MONTHLY: 9.3 TOTAL FOR MONTH: 0.12 1 = FOG OR MIST
DPTR FM NORMAL: 3.0 DPTR FM NORMAL: -0.37 2 = FOG REDUCING VISIBILITY
HIGHEST: 36 ON 26 GRTST 24HR 0.08 ON 26-26 TO 1/4 MILE OR LESS
LOWEST: -25 ON 30 3 = THUNDER
SNOW, ICE PELLETS, HAIL 4 = ICE PELLETS
TOTAL MONTH: 0.9 INCH 5 = HAIL
GRTST 24HR 0.5 ON 27-27 6 = FREEZING RAIN OR DRIZZLE
GRTST DEPTH: 12 ON 31,30 7 = DUSTSTORM OR SANDSTORM:
VSBY 1/2 MILE OR LESS
8 = SMOKE OR HAZE
[NO. OF DAYS WITH] [WEATHER - DAYS WITH] 9 = BLOWING SNOW
X = TORNADO
MAX 32 OR BELOW: 28 0.01 INCH OR MORE: 3
MAX 90 OR ABOVE: 0 0.10 INCH OR MORE: 0
MIN 32 OR BELOW: 31 0.50 INCH OR MORE: 0
MIN 0 OR BELOW: 16 1.00 INCH OR MORE: 0
[HDD (BASE 65) ]
TOTAL THIS MO. 1716 CLEAR (SCALE 0-3) 5
DPTR FM NORMAL -102 PTCLDY (SCALE 4-7) 12
TOTAL FM JUL 1 5377 CLOUDY (SCALE 8-10) 14
DPTR FM NORMAL -205
[CDD (BASE 65) ]
TOTAL THIS MO. 0
DPTR FM NORMAL 0 [PRESSURE DATA]
TOTAL FM JAN 1 0 HIGHEST SLP 30.53 ON 12
DPTR FM NORMAL 0 LOWEST SLP 29.28 ON 26
[REMARKS]
#FINAL-01-23#