000
CXUS55 KALY 280710
CF6GFL
PRELIMINARY LOCAL CLIMATOLOGICAL DATA (WS FORM: F-6)
STATION: GLENS FALLS NY
MONTH: MARCH
YEAR: 2024
LATITUDE: 43 20 N
LONGITUDE: 73 37 W
TEMPERATURE IN F: :PCPN: SNOW: WIND :SUNSHINE: SKY :PK WND
================================================================================
1 2 3 4 5 6A 6B 7 8 9 10 11 12 13 14 15 16 17 18
12Z AVG MX 2MIN
DY MAX MIN AVG DEP HDD CDD WTR SNW DPTH SPD SPD DIR MIN PSBL S-S WX SPD DR
================================================================================
1 43 15 29 3 36 0 0.00 M M 5.7 16 190 M M 3 24 150
2 44 26 35 9 30 0 0.25 M M 3.9 10 360 M M 8 1 16 360
3 50 38 44 17 21 0 0.01 M M 4.9 12 350 M M 10 12 17 360
4 56 40 48 21 17 0 0.00 M M 4.6 13 180 M M 10 18 170
5 50 42 46 18 19 0 0.56 M M 2.4 9 180 M M 10 1 14 190
6 50 41 46 18 19 0 0.56 M M 4.4 15 10 M M 10 1 20 10
7 47 36 42 14 23 0 0.65 M M 9.3 22 20 M M 7 1 30 30
8 52 24 38 9 27 0 0.00 M M 2.4 10 70 M M 0 14 90
9 45 28 37 8 28 0 1.17 M M 7.3 17 160 M M 3 1 24 170
10 40 29 35 6 30 0 0.41 M M 6.9 16 290 M M 10 1 26 280
11 43 28 36 6 29 0 T M M 10.4 31 310 M M 6 1 48 330
12 55 25 40 10 25 0 0.00 M M 6.7 23 300 M M 0 39 300
13 59 24 42 12 23 0 0.00 M M 1.1 12 150 M M 2 14 160
14 63 29 46 15 19 0 T M M 3.4 13 10 M M 2 16 130
15 47 30 39 8 26 0 0.24 M M 6.3 14 10 M M 9 12 20 340
16 51 30 41 9 24 0 T M M 3.4 16 230 M M 7 12 21 210
17 52 32 42 10 23 0 0.05 M M 7.1 24 300 M M 7 1 37 290
18 41 27 34 2 31 0 T M M 8.6 18 290 M M 7 28 300
19 40 30 35 2 30 0 0.01 M M 6.9 17 210 M M 9 1 25 230
20 47 27 37 4 28 0 0.02 M M 8.4 21 300 M M 9 1 31 310
21 33 21 27 -7 38 0 T M M 12.8 24 290 M M 3 18 33 300
22 30 17 24 -10 41 0 0.05 M M 5.5 15 290 M M 6 18 20 290
23 29 22 26 -8 39 0 1.37 M M 7.2 15 360 M M 10 12 23 360
24 36 -3 17 -18 48 0 0.00 M M 2.4 10 160 M M 0 1268 13 150
25 47 5 26 -9 39 0 T M M 0.7 6 310 M M 0 18 7 170
26 53 14 34 -2 31 0 0.00 M M 2.2 10 150 M M 5 14 150
27 43 35 39 3 26 0 0.23 M M 2.0 9 110 M M 10 12 12 160
================================================================================
SM 1246 712 770 0 5.58 M 146.9 M 163
================================================================================
AV 46.1 26.4 5.4 FASTST M M 6 MAX(MPH)
MISC ----> 31 310 48 330
================================================================================
NOTES:
# LAST OF SEVERAL OCCURRENCES
COLUMN 17 PEAK WIND IN M.P.H.
PRELIMINARY LOCAL CLIMATOLOGICAL DATA (WS FORM: F-6) , PAGE 2
STATION: GLENS FALLS NY
MONTH: MARCH
YEAR: 2024
LATITUDE: 43 20 N
LONGITUDE: 73 37 W
[TEMPERATURE DATA] [PRECIPITATION DATA] SYMBOLS USED IN COLUMN 16
AVERAGE MONTHLY: 36.3 TOTAL FOR MONTH: 5.58 1 = FOG OR MIST
DPTR FM NORMAL: 5.3 DPTR FM NORMAL: 3.13 2 = FOG REDUCING VISIBILITY
HIGHEST: 63 ON 14 GRTST 24HR 1.42 ON 22-23 TO 1/4 MILE OR LESS
LOWEST: -3 ON 24 3 = THUNDER
SNOW, ICE PELLETS, HAIL 4 = ICE PELLETS
TOTAL MONTH: M 5 = HAIL
GRTST 24HR M ON M 6 = FREEZING RAIN OR DRIZZLE
GRTST DEPTH: M ON M 7 = DUSTSTORM OR SANDSTORM:
VSBY 1/2 MILE OR LESS
8 = SMOKE OR HAZE
[NO. OF DAYS WITH] [WEATHER - DAYS WITH] 9 = BLOWING SNOW
X = TORNADO
MAX 32 OR BELOW: 2 0.01 INCH OR MORE: 14
MAX 90 OR ABOVE: 0 0.10 INCH OR MORE: 9
MIN 32 OR BELOW: 21 0.50 INCH OR MORE: 5
MIN 0 OR BELOW: 1 1.00 INCH OR MORE: 2
[HDD (BASE 65) ]
TOTAL THIS MO. 770 CLEAR (SCALE 0-3) 6
DPTR FM NORMAL -150 PTCLDY (SCALE 4-7) 11
TOTAL FM JUL 1 5419 CLOUDY (SCALE 8-10) 10
DPTR FM NORMAL -906
[CDD (BASE 65) ]
TOTAL THIS MO. 0
DPTR FM NORMAL 0 [PRESSURE DATA]
TOTAL FM JAN 1 0 HIGHEST SLP M ON M
DPTR FM NORMAL 0 LOWEST SLP 29.32 ON 10
[REMARKS]