000
CXUS54 KSHV 011300
CF6GGG
PRELIMINARY LOCAL CLIMATOLOGICAL DATA (WS FORM: F-6)
STATION: LONGVIEW
MONTH: MARCH
YEAR: 2023
LATITUDE: 32 22 N
LONGITUDE: 94 43 W
TEMPERATURE IN F: :PCPN: SNOW: WIND :SUNSHINE: SKY :PK WND
================================================================================
1 2 3 4 5 6A 6B 7 8 9 10 11 12 13 14 15 16 17 18
12Z AVG MX 2MIN
DY MAX MIN AVG DEP HDD CDD WTR SNW DPTH SPD SPD DIR MIN PSBL S-S WX SPD DR
================================================================================
1 81 68 75 20 0 10 0.00 0.0 0 8.7 17 180 M M 5 18 25 180
2 77 58 68 13 0 3 0.85 0.0 0 13.7 39 200 M M 7 13 55 210
3 63 46 55 0 10 0 0.13 0.0 0 10.2 30 270 M M 6 1 43 280
4 74 43 59 3 6 0 0.00 0.0 0 4.8 12 180 M M 0 16 170
5 79 45 62 6 3 0 0.00 0.0 0 6.6 17 180 M M 0 23 170
6 79 49 64 8 1 0 0.00 0.0 0 6.9 20 210 M M 3 1 28 200
7 82 59 71 15 0 6 0.00 0.0 0 5.1 12 160 M M 6 18 15 170
8 79 60 70 13 0 5 0.01 0.0 0 6.2 12 350 M M 7 18 19 360
9 81 58 70 13 0 5 0.47 0.0 0 7.4 17 190 M M 8 138 28 210
10 61 54 58 1 7 0 0.31 0.0 0 5.2 13 360 M M 10 13 20 360
11 80 56 68 11 0 3 0.00 0.0 0 10.6 23 210 M M 6 1 31 190
12 72 51 62 4 3 0 0.12 0.0 0 8.0 18 190 M M 5 13 26 350
13 65 45 55 -3 10 0 0.00 0.0 0 6.8 15 340 M M 1 21 340
14 63 41 52 -6 13 0 0.00 0.0 0 6.7 15 80 M M 2 22 80
15 67 41 54 -4 11 0 0.00 0.0 0 9.5 18 140 M M 1 23 160
16 70 47 59 0 6 0 0.73 0.0 0 12.9 26 170 M M 7 138 38 180
17 56 42 49 -10 16 0 0.03 0.0 0 11.5 23 340 M M 3 38 330
18 58 37 48 -11 17 0 0.00 0.0 0 8.1 22 340 M M 0 31 330
19 53 28 41 -19 24 0 0.00 0.0 0 5.2 17 330 M M 0 24 360
20 58 31 45 -15 20 0 0.00 0.0 0 9.2 17 150 M M 4 25 160
21 68 49 59 -1 6 0 0.01 0.0 0 12.9 22 180 M M 10 31 180
22 83 64 74 14 0 9 0.02 0.0 0 11.5 22 190 M M 7 1 30 180
23 85 68 77 17 0 12 0.00 0.0 0 13.0 24 180 M M 5 35 200
24 79 57 68 7 0 3 0.23 0.0 0 11.7 25 170 M M 6 13 36 160
25 80 49 65 4 0 0 0.00 0.0 0 7.8 17 250 M M 0 23 250
26 79 46 63 2 2 0 0.00 0.0 0 3.7 14 120 M M 2 19 120
27 77 53 65 4 0 0 0.00 0.0 0 5.7 16 80 M M 1 20 80
28 70 48 59 -3 6 0 0.00 0.0 0 6.8 18 330 M M 0 8 25 310
29 70 48 59 -3 6 0 T 0.0 0 5.7 13 80 M M 2 18 150
30 77 53 65 3 0 0 0.00 0.0 0 11.5 26 170 M M 6 35 170
31 84 61 73 11 0 8 0.21 0.0 0 14.5 32 200 M M 5 3 42 200
================================================================================
SM 2250 1555 167 64 3.12 0.0 268.1 M 125
================================================================================
AV 72.6 50.2 8.6 FASTST M M 4 MAX(MPH)
MISC ----> 39 200 55 210
================================================================================
NOTES:
# LAST OF SEVERAL OCCURRENCES
COLUMN 17 PEAK WIND IN M.P.H.
PRELIMINARY LOCAL CLIMATOLOGICAL DATA (WS FORM: F-6) , PAGE 2
STATION: LONGVIEW
MONTH: MARCH
YEAR: 2023
LATITUDE: 32 22 N
LONGITUDE: 94 43 W
[TEMPERATURE DATA] [PRECIPITATION DATA] SYMBOLS USED IN COLUMN 16
AVERAGE MONTHLY: 61.4 TOTAL FOR MONTH: 3.12 1 = FOG OR MIST
DPTR FM NORMAL: 2.8 DPTR FM NORMAL: -1.33 2 = FOG REDUCING VISIBILITY
HIGHEST: 85 ON 23 GRTST 24HR 0.87 ON 2- 3 TO 1/4 MILE OR LESS
LOWEST: 28 ON 19 3 = THUNDER
SNOW, ICE PELLETS, HAIL 4 = ICE PELLETS
TOTAL MONTH: 0.0 INCH 5 = HAIL
GRTST 24HR 0.0 6 = FREEZING RAIN OR DRIZZLE
GRTST DEPTH: 0 7 = DUSTSTORM OR SANDSTORM:
VSBY 1/2 MILE OR LESS
8 = SMOKE OR HAZE
[NO. OF DAYS WITH] [WEATHER - DAYS WITH] 9 = BLOWING SNOW
X = TORNADO
MAX 32 OR BELOW: 0 0.01 INCH OR MORE: 12
MAX 90 OR ABOVE: 0 0.10 INCH OR MORE: 8
MIN 32 OR BELOW: 2 0.50 INCH OR MORE: 2
MIN 0 OR BELOW: 0 1.00 INCH OR MORE: 0
[HDD (BASE 65) ]
TOTAL THIS MO. 167 CLEAR (SCALE 0-3) 13
DPTR FM NORMAL -68 PTCLDY (SCALE 4-7) 16
TOTAL FM JUL 1 1737 CLOUDY (SCALE 8-10) 2
DPTR FM NORMAL -307
[CDD (BASE 65) ]
TOTAL THIS MO. 64
DPTR FM NORMAL 27 [PRESSURE DATA]
TOTAL FM JAN 1 111 HIGHEST SLP 30.58 ON 19
DPTR FM NORMAL 58 LOWEST SLP 29.32 ON 2
[REMARKS]
#FINAL-03-23#