000
CXUS54 KFWD 010830
CF6GLE
PRELIMINARY LOCAL CLIMATOLOGICAL DATA (WS FORM: F-6)
STATION: GAINESVILLE
MONTH: DECEMBER
YEAR: 2021
LATITUDE: 33 39 N
LONGITUDE: 97 12 W
TEMPERATURE IN F: :PCPN: SNOW: WIND :SUNSHINE: SKY :PK WND
================================================================================
1 2 3 4 5 6A 6B 7 8 9 10 11 12 13 14 15 16 17 18
12Z AVG MX 2MIN
DY MAX MIN AVG DEP HDD CDD WTR SNW DPTH SPD SPD DIR MIN PSBL S-S WX SPD DR
================================================================================
1 72 43 58 11 7 0 0.00 M M 0.9 6 30 M M 0 M M
2 79 41 60 13 5 0 0.00 M M 1.2 12 170 M M 0 8 M M
3 73 54 64 17 1 0 0.00 M M 3.3 14 200 M M 4 12 16 190
4 72 52 62 16 3 0 0.00 M M 2.6 10 140 M M 9 12 M M
5 75 45 60 14 5 0 0.00 M M 6.9 21 190 M M 5 12 24 210
6 65 33 49 3 16 0 0.00 M M 11.7 25 10 M M 1 31 10
7 54 27 41 -4 24 0 0.00 M M 3.0 12 150 M M 0 17 150
8 51 33 42 -3 23 0 0.00 M M 3.1 9 160 M M 4 12 M M
9 80 47 64 19 1 0 0.00 M M 5.3 16 230 M M 0 1 20 230
10 82 51 67 22 0 2 0.00 M M 11.1 25 300 M M 5 18 32 300
11 52 30 41 -3 24 0 0.00 M M 7.1 21 340 M M 0 26 340
12 57 27 42 -2 23 0 0.00 M M 6.8 16 180 M M 0 23 170
13 66 37 52 8 13 0 0.00 M M 6.6 15 170 M M 1 20 170
14 76 56 66 22 0 1 0.00 M M 11.7 18 210 M M 7 1 29 210
15 78 62 70 27 0 5 0.00 M M 17.0 30 190 M M 7 43 190
16 71 54 63 20 2 0 0.00 M M 7.3 15 360 M M 9 22 360
17 76 54 65 22 0 0 0.04 M M 7.2 21 200 M M 8 31 200
18 62 33 48 5 17 0 0.02 M M 13.6 21 360 M M 3 30 10
19 45 26 36 -7 29 0 0.00 M M 2.9 10 10 M M 2 M M
20 50 33 42 0 23 0 0.00 M M 2.7 8 180 M M 7 M M
21 62 28 45 3 20 0 0.00 M M 4.0 12 200 M M 1 1 17 200
22 64 37 51 9 14 0 0.00 M M 4.2 10 160 M M 0 1 M M
23 74 44 59 17 6 0 0.00 M M 10.5 20 190 M M 3 12 25 190
24 80 56 68 26 0 3 0.00 M M 14.1 23 180 M M 1 33 180
25 78 51 65 23 0 0 0.00 M M 3.9 8 230 M M 0 1 M M
26 76 51 64 22 1 0 0.00 M M 9.7 21 180 M M 3 12 28 190
27 73 52 63 21 2 0 0.00 M M 5.3 9 200 M M 0 1 M M
28 76 46 61 19 4 0 0.00 M M 8.5 18 270 M M 2 24 270
29 72 44 58 16 7 0 0.07 M M 2.4 8 70 M M 2 8 M M
30 71 39 55 13 10 0 0.00 M M 3.8 9 280 M M 3 17 280
31 65 46 56 15 9 0 0.10 M M 3.8 9 180 M M 5 1 M M
================================================================================
SM 2127 1332 289 11 0.23 M 202.2 M 92
================================================================================
AV 68.6 43.0 6.5 FASTST M M 3 MAX(MPH)
MISC ----> 30 190 43 190
================================================================================
NOTES:
# LAST OF SEVERAL OCCURRENCES
COLUMN 17 PEAK WIND IN M.P.H.
PRELIMINARY LOCAL CLIMATOLOGICAL DATA (WS FORM: F-6) , PAGE 2
STATION: GAINESVILLE
MONTH: DECEMBER
YEAR: 2021
LATITUDE: 33 39 N
LONGITUDE: 97 12 W
[TEMPERATURE DATA] [PRECIPITATION DATA] SYMBOLS USED IN COLUMN 16
AVERAGE MONTHLY: 55.8 TOTAL FOR MONTH: 0.23 1 = FOG OR MIST
DPTR FM NORMAL: 12.2 DPTR FM NORMAL: -2.67 2 = FOG REDUCING VISIBILITY
HIGHEST: 82 ON 10 GRTST 24HR 0.10 ON 31-31 TO 1/4 MILE OR LESS
LOWEST: 26 ON 19 3 = THUNDER
SNOW, ICE PELLETS, HAIL 4 = ICE PELLETS
TOTAL MONTH: M 5 = HAIL
GRTST 24HR M ON M 6 = FREEZING RAIN OR DRIZZLE
GRTST DEPTH: M ON M 7 = DUSTSTORM OR SANDSTORM:
VSBY 1/2 MILE OR LESS
8 = SMOKE OR HAZE
[NO. OF DAYS WITH] [WEATHER - DAYS WITH] 9 = BLOWING SNOW
X = TORNADO
MAX 32 OR BELOW: 0 0.01 INCH OR MORE: 4
MAX 90 OR ABOVE: 0 0.10 INCH OR MORE: 1
MIN 32 OR BELOW: 5 0.50 INCH OR MORE: 0
MIN 0 OR BELOW: 0 1.00 INCH OR MORE: 0
[HDD (BASE 65) ]
TOTAL THIS MO. 289 CLEAR (SCALE 0-3) 19
DPTR FM NORMAL -375 PTCLDY (SCALE 4-7) 9
TOTAL FM JUL 1 670 CLOUDY (SCALE 8-10) 3
DPTR FM NORMAL -469
[CDD (BASE 65) ]
TOTAL THIS MO. 11
DPTR FM NORMAL 11 [PRESSURE DATA]
TOTAL FM JAN 1 1824 HIGHEST SLP M ON M
DPTR FM NORMAL -390 LOWEST SLP M ON M
[REMARKS]
#FINAL-12-21#