000
CXUS53 KAPX 011306
CF6GLR
PRELIMINARY LOCAL CLIMATOLOGICAL DATA (WS FORM: F-6)
STATION: GAYLORD
MONTH: OCTOBER
YEAR: 2023
LATITUDE: 45 0 N
LONGITUDE: 84 42 W
TEMPERATURE IN F: :PCPN: SNOW: WIND :SUNSHINE: SKY :PK WND
================================================================================
1 2 3 4 5 6A 6B 7 8 9 10 11 12 13 14 15 16 17 18
12Z AVG MX 2MIN
DY MAX MIN AVG DEP HDD CDD WTR SNW DPTH SPD SPD DIR MIN PSBL S-S WX SPD DR
================================================================================
1 76 62 69 17 0 4 0.24 M M 4.4 13 180 M M 7 123 16 170
2 84 57 71 19 0 6 0.00 M M 5.7 12 230 M M 0 17 240
3 85 59 72 21 0 7 0.00 M M 6.8 13 210 M M 0 24 210
4 80 63 72 21 0 7 0.04 M M 10.8 22 200 M M 3 32 190
5 67 56 62 12 3 0 0.13 M M 8.7 17 250 M M 4 138 24 180
6 60 46 53 3 12 0 0.09 M M 10.7 23 230 M M 6 1 32 240
7 52 43 48 -2 17 0 0.28 M M 8.4 15 330 M M 10 18 28 290
8 49 40 45 -4 20 0 0.03 M M 9.1 18 280 M M 8 34 310
9 48 42 45 -4 20 0 0.23 M M 9.8 21 270 M M 10 18 33 270
10 51 43 47 -1 18 0 0.10 M M 6.7 12 290 M M 10 18 20 270
11 55 40 48 0 17 0 0.04 M M 4.4 17 270 M M 8 26 250
12 56 36 46 -1 19 0 0.00 M M 3.6 10 50 M M 4 12 15 50
13 53 40 47 0 18 0 0.00 M M 5.1 10 60 M M 3 16 40
14 54 47 51 4 14 0 0.03 M M 9.0 17 40 M M 8 18 28 20
15 53 46 50 4 15 0 T M M 5.5 14 330 M M 9 24 350
16 53 40 47 1 18 0 0.00 M M 4.8 12 40 M M 6 18 40
17 50 41 46 1 19 0 0.00 M M 2.9 12 250 M M 10 16 260
18 61 42 52 7 13 0 T M M 8.1 15 160 M M 4 1 21 160
19 55 51 53 9 12 0 0.23 M M 5.2 14 180 M M 10 18 20 190
20 54 44 49 5 16 0 0.06 M M 4.3 12 320 M M 10 128 25 300
21 45 37 41 -3 24 0 0.00 M M 3.9 10 290 M M 8 19 340
22 48 31 40 -3 25 0 0.00 M M 4.4 14 270 M M 4 20 350
23 47 29 38 -5 27 0 0.17 M M 4.8 15 170 M M 5 1 21 170
24 67 47 57 15 8 0 0.50 M M 7.9 22 220 M M 8 13 33 220
25 62 57 60 18 5 0 0.22 M M 9.7 22 220 M M 10 18 31 250
26 63 57 60 18 5 0 0.74 M M 10.4 20 210 M M 10 12 28 210
27 67 47 57 16 8 0 1.02 M M 9.8 20 240 M M 10 138 28 250
28 47 37 42 1 23 0 0.03 M M 4.1 12 290 M M 8 1 22 290
29 41 33 37 -4 28 0 0.07 M M 2.3 8 290 M M 10 1 13 20
30 36 29 33 -7 32 0 0.06 M M 6.7 16 260 M M 10 128 24 270
31 39 26 33 -7 32 0 T M M 3.4 10 290 M M 5 21 270
================================================================================
SM 1758 1368 468 24 4.31 M 201.4 M 218
================================================================================
AV 56.7 44.1 6.5 FASTST M M 7 MAX(MPH)
MISC ----> 23 230 34 310
================================================================================
NOTES:
# LAST OF SEVERAL OCCURRENCES
COLUMN 17 PEAK WIND IN M.P.H.
PRELIMINARY LOCAL CLIMATOLOGICAL DATA (WS FORM: F-6) , PAGE 2
STATION: GAYLORD
MONTH: OCTOBER
YEAR: 2023
LATITUDE: 45 0 N
LONGITUDE: 84 42 W
[TEMPERATURE DATA] [PRECIPITATION DATA] SYMBOLS USED IN COLUMN 16
AVERAGE MONTHLY: 50.4 TOTAL FOR MONTH: 4.31 1 = FOG OR MIST
DPTR FM NORMAL: 4.6 DPTR FM NORMAL: 0.68 2 = FOG REDUCING VISIBILITY
HIGHEST: 85 ON 3 GRTST 24HR 1.11 ON 26-27 TO 1/4 MILE OR LESS
LOWEST: 26 ON 31 3 = THUNDER
SNOW, ICE PELLETS, HAIL 4 = ICE PELLETS
TOTAL MONTH: M 5 = HAIL
GRTST 24HR M ON M 6 = FREEZING RAIN OR DRIZZLE
GRTST DEPTH: M ON M 7 = DUSTSTORM OR SANDSTORM:
VSBY 1/2 MILE OR LESS
8 = SMOKE OR HAZE
[NO. OF DAYS WITH] [WEATHER - DAYS WITH] 9 = BLOWING SNOW
X = TORNADO
MAX 32 OR BELOW: 0 0.01 INCH OR MORE: 20
MAX 90 OR ABOVE: 0 0.10 INCH OR MORE: 11
MIN 32 OR BELOW: 4 0.50 INCH OR MORE: 3
MIN 0 OR BELOW: 0 1.00 INCH OR MORE: 1
[HDD (BASE 65) ]
TOTAL THIS MO. 468 CLEAR (SCALE 0-3) 4
DPTR FM NORMAL -130 PTCLDY (SCALE 4-7) 12
TOTAL FM JUL 1 685 CLOUDY (SCALE 8-10) 15
DPTR FM NORMAL -293
[CDD (BASE 65) ]
TOTAL THIS MO. 24
DPTR FM NORMAL 21 [PRESSURE DATA]
TOTAL FM JAN 1 400 HIGHEST SLP 30.37 ON 1
DPTR FM NORMAL 125 LOWEST SLP 29.47 ON 20
[REMARKS]
#FINAL-10-23#