000
CXUS54 KMAF 011110
CF6GNC
PRELIMINARY LOCAL CLIMATOLOGICAL DATA (WS FORM: F-6)
STATION: GAINES COUNTY AIRPORT
MONTH: APRIL
YEAR: 2022
LATITUDE: 32 40 N
LONGITUDE: 102 39 W
TEMPERATURE IN F: :PCPN: SNOW: WIND :SUNSHINE: SKY :PK WND
================================================================================
1 2 3 4 5 6A 6B 7 8 9 10 11 12 13 14 15 16 17 18
12Z AVG MX 2MIN
DY MAX MIN AVG DEP HDD CDD WTR SNW DPTH SPD SPD DIR MIN PSBL S-S WX SPD DR
================================================================================
1 81 44 63 M 2 0 M M M 11.7 21 360 M M 0 8 30 270
2 79 37 58 M 7 0 M M M 7.6 15 30 M M 0 21 30
3 89 47 68 M 0 3 M M M 9.4 15 190 M M 0 31 240
4 75 51 63 M 2 0 M M M 8.4 18 40 M M 1 23 40
5 90 51 71 M 0 6 M M M 14.6 25 250 M M 0 8 32 270
6 68 45 57 M 8 0 M M M 12.3 25 20 M M 1 8 31 20
7 67 35 51 M 14 0 M M M 4.7 10 290 M M 0 16 0
8 70 35 53 M 12 0 M M M 5.1 9 190 M M 0 M M
9 86 40 63 M 2 0 M M M 10.2 20 190 M M 0 26 240
10 86 54 70 M 0 5 M M M 15.8 24 250 M M 0 8 32 250
11 86 57 72 M 0 7 M M M 10.6 25 220 M M 0 32 220
12 87 55 71 M 0 6 M M M 16.6 38 240 M M 2 8 45 240
13 71 51 61 M 4 0 M M M 11.9 21 280 M M 0 29 270
14 82 38 60 M 5 0 M M M 7.7 17 230 M M 0 25 230
15 91 55 73 M 0 8 M M M 12.6 18 270 M M 0 32 260
16 73 48 61 M 4 0 M M M 10.8 26 360 M M 1 8 33 360
17 87 41 64 M 1 0 M M M 8.2 18 340 M M 0 29 320
18 76 48 62 M 3 0 M M M 14.0 22 110 M M 1 8 29 110
19 82 57 70 M 0 5 M M M 13.7 20 170 M M 3 25 140
20 94 54 74 M 0 9 M M M 10.6 18 260 M M 2 12 25 260
21 96 59 78 M 0 13 M M M 9.6 16 170 M M 0 25 170
22 90 70 80 M 0 15 M M M 19.8 28 170 M M 6 8 38 160
23 87 61 74 M 0 9 M M M 13.4 28 180 M M 0 35 180
24 79 50 65 M 0 0 M M M 10.1 17 80 M M 0 26 60
25 70 48 59 M 6 0 M M M 10.7 18 80 M M 3 26 80
26 73 42 58 M 7 0 M M M 8.4 16 160 M M 0 22 140
27 85 58 72 M 0 7 M M M 12.9 17 160 M M 4 25 160
28 94 59 77 M 0 12 M M M 11.8 24 250 M M 0 36 250
29 90 59 75 M 0 10 M M M 11.5 17 240 M M 0 32 240
30 80 52 66 M 0 1 M M M 10.5 21 20 M M 0 31 70
================================================================================
SM 2464 1501 77 116 M M 335.1 M 24
================================================================================
AV 82.1 50.0 11.2 FASTST M M 1 MAX(MPH)
MISC ----> 38 240 45 240
================================================================================
NOTES:
# LAST OF SEVERAL OCCURRENCES
COLUMN 17 PEAK WIND IN M.P.H.
PRELIMINARY LOCAL CLIMATOLOGICAL DATA (WS FORM: F-6) , PAGE 2
STATION: GAINES COUNTY AIRPORT
MONTH: APRIL
YEAR: 2022
LATITUDE: 32 40 N
LONGITUDE: 102 39 W
[TEMPERATURE DATA] [PRECIPITATION DATA] SYMBOLS USED IN COLUMN 16
AVERAGE MONTHLY: 66.1 TOTAL FOR MONTH: M 1 = FOG OR MIST
DPTR FM NORMAL: 0.0 DPTR FM NORMAL: M 2 = FOG REDUCING VISIBILITY
HIGHEST: 96 ON 21 GRTST 24HR M ON M TO 1/4 MILE OR LESS
LOWEST: 35 ON 8, 7 3 = THUNDER
SNOW, ICE PELLETS, HAIL 4 = ICE PELLETS
TOTAL MONTH: M 5 = HAIL
GRTST 24HR M ON M 6 = FREEZING RAIN OR DRIZZLE
GRTST DEPTH: M ON M 7 = DUSTSTORM OR SANDSTORM:
VSBY 1/2 MILE OR LESS
8 = SMOKE OR HAZE
[NO. OF DAYS WITH] [WEATHER - DAYS WITH] 9 = BLOWING SNOW
X = TORNADO
MAX 32 OR BELOW: 0 0.01 INCH OR MORE: 0
MAX 90 OR ABOVE: 7 0.10 INCH OR MORE: 0
MIN 32 OR BELOW: 0 0.50 INCH OR MORE: 0
MIN 0 OR BELOW: 0 1.00 INCH OR MORE: 0
[HDD (BASE 65) ]
TOTAL THIS MO. 77 CLEAR (SCALE 0-3) 28
DPTR FM NORMAL M PTCLDY (SCALE 4-7) 2
TOTAL FM JUL 1 2601 CLOUDY (SCALE 8-10) 0
DPTR FM NORMAL M
[CDD (BASE 65) ]
TOTAL THIS MO. 116
DPTR FM NORMAL M [PRESSURE DATA]
TOTAL FM JAN 1 131 HIGHEST SLP M ON M
DPTR FM NORMAL M LOWEST SLP M ON M
[REMARKS]
#FINAL-04-22#