000
CXUS54 KMAF 011110
CF6GNC
PRELIMINARY LOCAL CLIMATOLOGICAL DATA (WS FORM: F-6)
STATION: GAINES COUNTY AIRPORT
MONTH: MARCH
YEAR: 2020
LATITUDE: 32 40 N
LONGITUDE: 102 39 W
TEMPERATURE IN F: :PCPN: SNOW: WIND :SUNSHINE: SKY :PK WND
================================================================================
1 2 3 4 5 6A 6B 7 8 9 10 11 12 13 14 15 16 17 18
12Z AVG MX 2MIN
DY MAX MIN AVG DEP HDD CDD WTR SNW DPTH SPD SPD DIR MIN PSBL S-S WX SPD DR
================================================================================
1 69 45 57 M 8 0 M M M 10.2 20 250 M M 0 23 250
2 71 50 61 M 4 0 M M M 5.5 15 270 M M 0 20 270
3 63 48 56 M 9 0 0.17 M M 3.2 15 100 M M 7 M M
4 48 37 43 M 22 0 1.82 M M 10.2 20 50 M M 7 26 50
5 62 36 49 M 16 0 M M M 9.3 20 60 M M 0 26 60
6 64 37 51 M 14 0 M M M 6.0 15 150 M M 0 22 150
7 71 37 54 M 11 0 M M M 7.2 16 170 M M 0 22 170
8 63 52 58 M 7 0 0.08 M M 12.3 18 170 M M 8 25 170
9 72 48 60 M 5 0 0.01 M M 8.2 18 290 M M 1 25 270
10 78 45 62 M 3 0 M M M 4.7 20 210 M M 0 24 210
11 80 51 66 M 0 1 M M M 4.5 13 260 M M 1 12 17 190
12 74 54 64 M 1 0 0.18 M M 3.6 13 230 M M 7 M M
13 57 48 53 M 12 0 0.38 M M 7.3 15 100 M M 10 12 18 90
14 72 48 60 M 5 0 0.01 M M 3.6 12 100 M M 5 12 18 70
15 50 44 47 M 18 0 0.01 M M 8.3 15 90 M M 10 12 22 90
16 64 44 54 M 11 0 M M M 1.4 9 120 M M 9 12 M M
17 70 56 63 M 2 0 0.02 M M 2.9 18 260 M M 8 12 32 0
18 75 48 62 M 3 0 M M M 1.5 10 110 M M 3 16 0
19 67 53 60 M 5 0 M M M 15.1 30 250 M M 0 36 250
20 56 36 46 M 19 0 M M M 10.6 17 30 M M 0 24 30
21 42 37 40 M 25 0 M M M 8.3 13 110 M M 8 1 17 80
22 73 41 57 M 8 0 M M M 7.2 13 240 M M 5 1 21 260
23 82 44 63 M 2 0 M M M 8.5 17 280 M M 0 24 280
24 76 45 61 M 4 0 M M M 11.1 18 270 M M 0 28 280
25 89 45 67 M 0 2 M M M 11.9 23 250 M M 0 33 250
26 91 52 72 M 0 7 M M M 9.4 18 260 M M 0 24 260
27 77 57 67 M 0 2 M M M 10.9 22 230 M M 2 29 230
28 65 40 53 M 12 0 M M M 16.6 32 300 M M 0 39 300
29 70 36 53 M 12 0 M M M 7.3 14 170 M M 0 21 160
30 77 49 63 M 2 0 M M M 8.6 28 280 M M 0 32 280
31 77 40 59 M 6 0 M M M 7.2 13 290 M M 0 17 250
================================================================================
SM 2145 1403 246 12 2.68 M 242.7 M 91
================================================================================
AV 69.2 45.3 7.8 FASTST M M 3 MAX(MPH)
MISC ----> 32 300 39 300
================================================================================
NOTES:
# LAST OF SEVERAL OCCURRENCES
COLUMN 17 PEAK WIND IN M.P.H.
PRELIMINARY LOCAL CLIMATOLOGICAL DATA (WS FORM: F-6) , PAGE 2
STATION: GAINES COUNTY AIRPORT
MONTH: MARCH
YEAR: 2020
LATITUDE: 32 40 N
LONGITUDE: 102 39 W
[TEMPERATURE DATA] [PRECIPITATION DATA] SYMBOLS USED IN COLUMN 16
AVERAGE MONTHLY: 57.2 TOTAL FOR MONTH: 2.68 1 = FOG OR MIST
DPTR FM NORMAL: 0.0 DPTR FM NORMAL: M 2 = FOG REDUCING VISIBILITY
HIGHEST: 91 ON 26 GRTST 24HR 1.82 ON 4- 4 TO 1/4 MILE OR LESS
LOWEST: 36 ON 29,20 3 = THUNDER
SNOW, ICE PELLETS, HAIL 4 = ICE PELLETS
TOTAL MONTH: M 5 = HAIL
GRTST 24HR M ON M 6 = FREEZING RAIN OR DRIZZLE
GRTST DEPTH: M ON M 7 = DUSTSTORM OR SANDSTORM:
VSBY 1/2 MILE OR LESS
8 = SMOKE OR HAZE
[NO. OF DAYS WITH] [WEATHER - DAYS WITH] 9 = BLOWING SNOW
X = TORNADO
MAX 32 OR BELOW: 0 0.01 INCH OR MORE: 9
MAX 90 OR ABOVE: 1 0.10 INCH OR MORE: 4
MIN 32 OR BELOW: 0 0.50 INCH OR MORE: 1
MIN 0 OR BELOW: 0 1.00 INCH OR MORE: 1
[HDD (BASE 65) ]
TOTAL THIS MO. 246 CLEAR (SCALE 0-3) 20
DPTR FM NORMAL M PTCLDY (SCALE 4-7) 7
TOTAL FM JUL 1 2672 CLOUDY (SCALE 8-10) 4
DPTR FM NORMAL M
[CDD (BASE 65) ]
TOTAL THIS MO. 12
DPTR FM NORMAL M [PRESSURE DATA]
TOTAL FM JAN 1 12 HIGHEST SLP M ON M
DPTR FM NORMAL M LOWEST SLP M ON M
[REMARKS]
#FINAL-03-20#