000
CXUS52 KJAX 011318
CLMGNV
CLIMATE REPORT
NATIONAL WEATHER SERVICE JACKSONVILLE FL
918 AM EDT FRI SEP 01 2023
...................................
...THE GAINESVILLE CLIMATE SUMMARY FOR THE MONTH OF AUGUST 2023...
CLIMATE NORMAL PERIOD: 1991 TO 2020
CLIMATE RECORD PERIOD: 1890 TO 2023
WEATHER OBSERVED NORMAL DEPART LAST YEAR`S
VALUE DATE(S) VALUE FROM VALUE DATE(S)
NORMAL
................................................................
TEMPERATURE (F)
RECORD
HIGH 100 08/27/2011
LOW 60 08/22/1930
HIGHEST 99 08/13 95 4 96 08/01
LOWEST 70 08/25 68 2 66 08/15
08/27
AVG. MAXIMUM 93.7 90.5 3.2 91.8
AVG. MINIMUM 74.3 72.0 2.3 72.5
MEAN 84.0 81.3 2.7 82.1
DAYS MAX >= 90 30 20.9 9.1 27
DAYS MIN <= 32 0 0.0 0.0 MM
PRECIPITATION (INCHES)
RECORD
MAXIMUM 15.84 1985
MINIMUM 1.45 1950
TOTALS 6.14 6.40 -0.26 11.73
DAILY AVG. 0.20 0.21 -0.01 0.38
DAYS >= .01 14 16.1 -2.1 22
DAYS >= .10 11 10.4 0.6 11
DAYS >= .50 5 4.0 1.0 6
DAYS >= 1.00 2 2.1 -0.1 4
GREATEST
24 HR. TOTAL 1.29 08/30 TO 08/30
SNOWFALL (INCHES)
RECORDS
TOTAL T 1989
TOTALS 0.0 0.0 0.0 0.0
DEGREE DAYS
HEATING TOTAL 0 0 0 0
SINCE 7/1 0 0 0 MM
COOLING TOTAL 598 504 94 537
SINCE 1/1 2410 2017 393 MM
................................................................
WIND (MPH)
AVERAGE WIND SPEED 4.8
HIGHEST WIND SPEED/DIRECTION 35/060 DATE 08/14
HIGHEST GUST SPEED/DIRECTION 50/140 DATE 08/30
SKY COVER
AVERAGE SKY COVER 0.20
AVERAGE RH (PERCENT) 77
WEATHER CONDITIONS. NUMBER OF DAYS WITH
THUNDERSTORM 16 MIXED PRECIP 0
HEAVY RAIN 8 RAIN 12
LIGHT RAIN 17 FREEZING RAIN 0
LT FREEZING RAIN 0 HAIL 0
HEAVY SNOW 0 SNOW 0
LIGHT SNOW 0 SLEET 0
FOG 19 FOG W/VIS <= 1/4 MILE 0
HAZE 0
- INDICATES NEGATIVE NUMBERS.
R INDICATES RECORD WAS SET OR TIED.
MM INDICATES DATA IS MISSING.
T INDICATES TRACE AMOUNT.
$$