000
CXUS54 KFWD 010831
CF6GOP
PRELIMINARY LOCAL CLIMATOLOGICAL DATA (WS FORM: F-6)
STATION: GATESVILLE
MONTH: DECEMBER
YEAR: 2023
LATITUDE: 31 25 N
LONGITUDE: 97 48 W
TEMPERATURE IN F: :PCPN: SNOW: WIND :SUNSHINE: SKY :PK WND
================================================================================
1 2 3 4 5 6A 6B 7 8 9 10 11 12 13 14 15 16 17 18
12Z AVG MX 2MIN
DY MAX MIN AVG DEP HDD CDD WTR SNW DPTH SPD SPD DIR MIN PSBL S-S WX SPD DR
================================================================================
1 66 41 54 4 11 0 0.00 M M 3.9 13 350 M M 1 M M
2 73 37 55 5 10 0 0.00 M M 4.4 9 270 M M 2 15 310
3 75 37 56 7 9 0 0.00 M M 7.4 17 220 M M 0 24 210
4 64 39 52 3 13 0 0.00 M M 4.0 22 320 M M 0 30 320
5 72 34 53 4 12 0 0.00 M M 1.8 6 99 M M 0 M M
6 68 37 53 5 12 0 0.00 M M 4.2 8 150 M M 0 14 150
7 72 46 59 11 6 0 0.00 M M 10.3 23 190 M M 0 29 190
8 79 61 70 22 0 5 0.00 M M 11.3 20 200 M M 0 23 200
9 66 45 56 8 9 0 0.00 M M 8.9 14 340 M M 0 23 M
10 55 32 44 -3 21 0 0.00 M M 6.1 12 310 M M 0 17 300
11 66 27 47 0 18 0 0.00 M M 3.8 10 230 M M 0 17 200
12 64 36 50 3 15 0 0.00 M M 3.8 9 140 M M 3 17 140
13 55 48 52 6 13 0 0.00 M M 5.8 10 60 M M 9 17 99
14 66 46 56 10 9 0 0.00 M M 5.0 9 100 M M 6 20 99
15 59 46 53 7 12 0 0.26 M M 4.6 13 140 M M 8 21 140
16 63 36 50 4 15 0 0.00 M M 6.0 14 310 M M 0 20 330
17 73 30 52 6 13 0 0.00 M M 3.2 10 230 M M 0 16 210
18 64 37 51 5 14 0 0.00 M M 5.3 10 10 M M 0 16 20
19 64 32 48 2 17 0 0.00 M M 4.4 12 140 M M 0 18 150
20 70 50 60 15 5 0 0.00 M M 7.1 14 140 M M 4 20 150
21 61 59 60 15 5 0 0.77 M M 6.0 9 140 M M 7 17 140
22 72 59 66 21 0 1 0.03 M M 5.1 9 150 M M 7 17 150
23 66 61 64 19 1 0 0.44 M M 6.8 12 150 M M 10 3 17 160
24 70 48 59 14 6 0 2.10 M M 8.9 16 320 M M 3 28 150
25 52 34 43 -2 22 0 0.00 M M 9.5 16 320 M M 0 31 320
26 59 28 44 -1 21 0 0.00 M M 4.5 14 220 M M 1 23 220
27 57 32 45 0 20 0 0.00 M M 6.3 16 350 M M 0 20 310
28 55 34 45 0 20 0 M M M 5.9 13 310 M M 1 20 320
29 59 28 44 -1 21 0 0.00 M M 7.3 15 290 M M 0 23 260
30 68 27 48 3 17 0 0.00 M M 3.4 9 200 M M 0 M M
31 72 37 55 10 10 0 0.00 M M 3.6 12 190 M M 0 17 200
================================================================================
SM 2025 1244 377 6 3.60 M 178.1 M 62
================================================================================
AV 65.3 40.1 5.7 FASTST M M 2 MAX(MPH)
MISC ----> 23 190 31 320
================================================================================
NOTES:
# LAST OF SEVERAL OCCURRENCES
COLUMN 17 PEAK WIND IN M.P.H.
PRELIMINARY LOCAL CLIMATOLOGICAL DATA (WS FORM: F-6) , PAGE 2
STATION: GATESVILLE
MONTH: DECEMBER
YEAR: 2023
LATITUDE: 31 25 N
LONGITUDE: 97 48 W
[TEMPERATURE DATA] [PRECIPITATION DATA] SYMBOLS USED IN COLUMN 16
AVERAGE MONTHLY: 52.7 TOTAL FOR MONTH: 3.60 1 = FOG OR MIST
DPTR FM NORMAL: 6.2 DPTR FM NORMAL: M 2 = FOG REDUCING VISIBILITY
HIGHEST: 79 ON 8 GRTST 24HR 2.10 ON 24-24 TO 1/4 MILE OR LESS
LOWEST: 27 ON 30,11 3 = THUNDER
SNOW, ICE PELLETS, HAIL 4 = ICE PELLETS
TOTAL MONTH: M 5 = HAIL
GRTST 24HR M ON M 6 = FREEZING RAIN OR DRIZZLE
GRTST DEPTH: M ON M 7 = DUSTSTORM OR SANDSTORM:
VSBY 1/2 MILE OR LESS
8 = SMOKE OR HAZE
[NO. OF DAYS WITH] [WEATHER - DAYS WITH] 9 = BLOWING SNOW
X = TORNADO
MAX 32 OR BELOW: 0 0.01 INCH OR MORE: 5
MAX 90 OR ABOVE: 0 0.10 INCH OR MORE: 4
MIN 32 OR BELOW: 8 0.50 INCH OR MORE: 2
MIN 0 OR BELOW: 0 1.00 INCH OR MORE: 1
[HDD (BASE 65) ]
TOTAL THIS MO. 377 CLEAR (SCALE 0-3) 23
DPTR FM NORMAL -200 PTCLDY (SCALE 4-7) 6
TOTAL FM JUL 1 688 CLOUDY (SCALE 8-10) 2
DPTR FM NORMAL -280
[CDD (BASE 65) ]
TOTAL THIS MO. 6
DPTR FM NORMAL 4 [PRESSURE DATA]
TOTAL FM JAN 1 3323 HIGHEST SLP M ON M
DPTR FM NORMAL 1007 LOWEST SLP M ON M
[REMARKS]
#FINAL-12-23#