000
CXUS55 KMSO 061638
CF6GPI
PRELIMINARY LOCAL CLIMATOLOGICAL DATA (WS FORM: F-6)
STATION: KALISPELL MT
MONTH: MARCH
YEAR: 2020
LATITUDE: 48 17 N
LONGITUDE: 114 16 W
TEMPERATURE IN F: :PCPN: SNOW: WIND :SUNSHINE: SKY :PK WND
================================================================================
1 2 3 4 5 6A 6B 7 8 9 10 11 12 13 14 15 16 17 18
12Z AVG MX 2MIN
DY MAX MIN AVG DEP HDD CDD WTR SNW DPTH SPD SPD DIR MIN PSBL S-S WX SPD DR
================================================================================
1 43 24 34 4 31 0 0.00 0.0 0 6.9 21 210 M M 7 25 200
2 45 34 40 10 25 0 0.00 0.0 0 13.1 23 230 M M 10 31 220
3 55 35 45 14 20 0 0.01 0.0 0 11.7 25 210 M M 6 34 210
4 47 25 36 5 29 0 0.01 T 0 13.6 33 280 M M 6 89 49 230
5 48 18 33 1 32 0 0.00 0.0 0 1.2 7 350 M M 0 9 360
6 55 27 41 9 24 0 0.00 0.0 0 1.6 8 350 M M 4 9 290
7 47 31 39 7 26 0 0.00 0.0 0 2.8 14 250 M M 7 19 260
8 44 23 34 2 31 0 0.02 T 0 6.8 24 200 M M 5 18 29 200
9 43 17 30 -3 35 0 0.00 0.0 0 3.9 13 150 M M 5 16 150
10 48 21 35 2 30 0 0.00 0.0 0 6.9 23 220 M M 7 31 210
11 47 25 36 2 29 0 0.03 T 0 6.6 17 250 M M 8 25 350
12 44 18 31 -3 34 0 0.00 0.0 0 2.6 12 350 M M 7 8 16 280
13 30 13 22 -12 43 0 0.01 T 0 23.9 36 30 M M 9 9 45 20
14 15 8 12 -23 53 0 0.03 1.0 T 25.7 35 20 M M 10 48 20
15 32 6 19 -16 46 0 0.00 0.0 1 8.8 26 10 M M 1 33 20
16 46 10 28 -8 37 0 0.00 0.0 1 2.0 9 10 M M 1 11 10
17 52 14 33 -3 32 0 0.00 0.0 T 9.5 24 30 M M 0 32 20
18 48 23 36 0 29 0 0.00 0.0 0 7.1 17 20 M M 0 23 20
19 46 25 36 -1 29 0 0.00 0.0 0 16.0 24 20 M M 3 30 20
20 49 21 35 -2 30 0 0.00 0.0 0 5.5 13 20 M M 0 16 170
21 58 18 38 1 27 0 T 0.0 0 5.6 21 40 M M 4 26 350
22 52 27 40 2 25 0 0.00 0.0 0 8.1 20 140 M M 2 24 360
23 56 29 43 5 22 0 0.00 0.0 0 6.0 24 260 M M 4 31 260
24 49 25 37 -1 28 0 0.02 T 0 6.7 21 250 M M 7 27 250
25 43 23 33 -5 32 0 T T 0 4.6 15 230 M M 7 8 19 200
26 45 19 32 -7 33 0 0.00 0.0 0 8.7 23 220 M M 5 30 210
27 44 30 37 -2 28 0 T T 0 6.5 14 230 M M 10 18 250
28 51 35 43 4 22 0 T 0.0 0 9.8 20 140 M M 10 29 260
29 53 37 45 5 20 0 0.03 0.0 0 8.8 21 210 M M 8 27 200
30 50 29 40 0 25 0 0.09 0.0 0 8.9 29 210 M M 8 1 39 210
31 45 22 34 -6 31 0 0.05 T 0 11.4 26 10 M M 9 18 35 10
================================================================================
SM 1430 712 938 0 0.30 1.0 261.3 M 170
================================================================================
AV 46.1 23.0 8.4 FASTST M M 5 MAX(MPH)
MISC ----> 36 30 49 230
================================================================================
NOTES:
# LAST OF SEVERAL OCCURRENCES
COLUMN 17 PEAK WIND IN M.P.H.
PRELIMINARY LOCAL CLIMATOLOGICAL DATA (WS FORM: F-6) , PAGE 2
STATION: KALISPELL MT
MONTH: MARCH
YEAR: 2020
LATITUDE: 48 17 N
LONGITUDE: 114 16 W
[TEMPERATURE DATA] [PRECIPITATION DATA] SYMBOLS USED IN COLUMN 16
AVERAGE MONTHLY: 34.5 TOTAL FOR MONTH: 0.30 1 = FOG OR MIST
DPTR FM NORMAL: -0.9 DPTR FM NORMAL: -0.79 2 = FOG REDUCING VISIBILITY
HIGHEST: 58 ON 21 GRTST 24HR 0.10 ON 29-30 TO 1/4 MILE OR LESS
LOWEST: 6 ON 15 3 = THUNDER
SNOW, ICE PELLETS, HAIL 4 = ICE PELLETS
TOTAL MONTH: 1.0 INCH 5 = HAIL
GRTST 24HR 1.0 ON 14-14 6 = FREEZING RAIN OR DRIZZLE
GRTST DEPTH: 1 ON 16,15 7 = DUSTSTORM OR SANDSTORM:
VSBY 1/2 MILE OR LESS
8 = SMOKE OR HAZE
[NO. OF DAYS WITH] [WEATHER - DAYS WITH] 9 = BLOWING SNOW
X = TORNADO
MAX 32 OR BELOW: 3 0.01 INCH OR MORE: 10
MAX 90 OR ABOVE: 0 0.10 INCH OR MORE: 0
MIN 32 OR BELOW: 27 0.50 INCH OR MORE: 0
MIN 0 OR BELOW: 0 1.00 INCH OR MORE: 0
[HDD (BASE 65) ]
TOTAL THIS MO. 938 CLEAR (SCALE 0-3) 7
DPTR FM NORMAL 19 PTCLDY (SCALE 4-7) 16
TOTAL FM JUL 1 6413 CLOUDY (SCALE 8-10) 8
DPTR FM NORMAL -358
[CDD (BASE 65) ]
TOTAL THIS MO. 0
DPTR FM NORMAL 0 [PRESSURE DATA]
TOTAL FM JAN 1 0 HIGHEST SLP 30.46 ON 15
DPTR FM NORMAL 0 LOWEST SLP 29.62 ON 7
[REMARKS]
#FINAL-03-20#