000
CXUS54 KLIX 020112
CF6GPT
PRELIMINARY LOCAL CLIMATOLOGICAL DATA (WS FORM: F-6)
STATION: GULFPORT
MONTH: JULY
YEAR: 2023
LATITUDE: 30 23 N
LONGITUDE: 89 4 W
TEMPERATURE IN F: :PCPN: SNOW: WIND :SUNSHINE: SKY :PK WND
================================================================================
1 2 3 4 5 6A 6B 7 8 9 10 11 12 13 14 15 16 17 18
12Z AVG MX 2MIN
DY MAX MIN AVG DEP HDD CDD WTR SNW DPTH SPD SPD DIR MIN PSBL S-S WX SPD DR
================================================================================
1 96 79 88 6 0 23 0.00 0.0 M 3.8 12 180 M M 0 16 220
2 95 80 88 6 0 23 0.00 0.0 M 5.4 16 160 M M 0 23 150
3 94 79 87 5 0 22 T 0.0 M 5.5 15 160 M M 2 3 21 160
4 91 74 83 1 0 18 0.51 0.0 M 3.3 30 310 M M 2 138 45 310
5 95 75 85 3 0 20 0.42 0.0 M 5.7 17 340 M M 3 138 24 340
6 93 75 84 2 0 19 0.00 0.0 M 5.1 20 340 M M 1 3 29 340
7 92 74 83 1 0 18 0.00 0.0 M 4.0 10 300 M M 1 15 230
8 94 78 86 4 0 21 T 0.0 M 5.7 17 260 M M 1 30 250
9 93 77 85 3 0 20 0.42 0.0 M 4.1 25 270 M M 1 13 38 270
10 93 77 85 3 0 20 0.11 0.0 M 5.3 16 290 M M 4 13 26 240
11 94 76 85 3 0 20 0.27 0.0 M 3.9 18 110 M M 4 138 22 70
12 94 77 86 3 0 21 0.29 0.0 M 4.6 22 290 M M 2 138 33 280
13 93 83 88 5 0 23 T 0.0 M 4.5 12 190 M M 2 3 21 190
14 97 81 89 6 0 24 0.00 0.0 M 4.7 14 300 M M 1 23 300
15 98 82 90 7 0 25 0.00 0.0 M 5.9 15 310 M M 2 21 200
16 95 76 86 3 0 21 0.11 0.0 M 6.9 32 300 M M 3 13 45 310
17 95 74 85 2 0 20 0.00 0.0 M 4.4 13 310 M M 0 17 310
18 96 75 86 3 0 21 0.00 0.0 M 3.6 14 150 M M 0 18 150
19 96 80 88 5 0 23 0.00 0.0 M 5.4 13 160 M M 1 19 160
20 96 79 88 5 0 23 0.00 0.0 M 5.0 14 160 M M 1 19 170
21 97 80 89 6 0 24 0.00 0.0 M 5.8 13 190 M M 1 20 200
22 97 75 86 3 0 21 1.18 0.0 M 7.0 33 300 M M 2 13 55 310
23 89 76 83 0 0 18 0.01 0.0 M 4.9 13 150 M M 5 22 10
24 94 72 83 0 0 18 0.00 0.0 M 3.8 14 170 M M 0 20 160
25 93 72 83 0 0 18 0.00 0.0 M 3.1 12 160 M M 0 18 170
26 94 73 84 1 0 19 0.00 0.0 M 3.4 13 150 M M 0 18 160
27 95 75 85 2 0 20 0.00 0.0 M 4.7 14 150 M M 1 21 50
28 95 78 87 4 0 22 0.00 0.0 M 3.0 13 170 M M 0 20 170
29 95 78 87 4 0 22 0.00 0.0 M 3.9 12 150 M M 1 17 210
30 98 75 87 4 0 22 0.10 0.0 M 4.6 28 60 M M 2 13 38 50
31 97 76 87 4 0 22 0.00 0.0 M 3.5 14 140 M M 2 20 170
================================================================================
SM 2934 2381 0 651 3.42 0.0 144.5 M 45
================================================================================
AV 94.6 76.8 4.7 FASTST M M 1 MAX(MPH)
MISC ----> 33 300 55 310
================================================================================
NOTES:
# LAST OF SEVERAL OCCURRENCES
COLUMN 17 PEAK WIND IN M.P.H.
PRELIMINARY LOCAL CLIMATOLOGICAL DATA (WS FORM: F-6) , PAGE 2
STATION: GULFPORT
MONTH: JULY
YEAR: 2023
LATITUDE: 30 23 N
LONGITUDE: 89 4 W
[TEMPERATURE DATA] [PRECIPITATION DATA] SYMBOLS USED IN COLUMN 16
AVERAGE MONTHLY: 85.7 TOTAL FOR MONTH: 3.42 1 = FOG OR MIST
DPTR FM NORMAL: 3.0 DPTR FM NORMAL: -3.79 2 = FOG REDUCING VISIBILITY
HIGHEST: 98 ON 30,15 GRTST 24HR 1.18 ON 22-22 TO 1/4 MILE OR LESS
LOWEST: 72 ON 25,24 3 = THUNDER
SNOW, ICE PELLETS, HAIL 4 = ICE PELLETS
TOTAL MONTH: 0.0 INCH 5 = HAIL
GRTST 24HR 0.0 6 = FREEZING RAIN OR DRIZZLE
GRTST DEPTH: M ON M 7 = DUSTSTORM OR SANDSTORM:
VSBY 1/2 MILE OR LESS
8 = SMOKE OR HAZE
[NO. OF DAYS WITH] [WEATHER - DAYS WITH] 9 = BLOWING SNOW
X = TORNADO
MAX 32 OR BELOW: 0 0.01 INCH OR MORE: 10
MAX 90 OR ABOVE: 30 0.10 INCH OR MORE: 9
MIN 32 OR BELOW: 0 0.50 INCH OR MORE: 2
MIN 0 OR BELOW: 0 1.00 INCH OR MORE: 1
[HDD (BASE 65) ]
TOTAL THIS MO. 0 CLEAR (SCALE 0-3) 28
DPTR FM NORMAL 0 PTCLDY (SCALE 4-7) 3
TOTAL FM JUL 1 0 CLOUDY (SCALE 8-10) 0
DPTR FM NORMAL 0
[CDD (BASE 65) ]
TOTAL THIS MO. 651
DPTR FM NORMAL 104 [PRESSURE DATA]
TOTAL FM JAN 1 1983 HIGHEST SLP 30.17 ON 25
DPTR FM NORMAL 454 LOWEST SLP 29.83 ON 22
[REMARKS]
#FINAL-07-23#