000
CXUS53 KGID 011533
CF6GRI
PRELIMINARY LOCAL CLIMATOLOGICAL DATA (WS FORM: F-6)
STATION: GRAND ISLAND NE
MONTH: MARCH
YEAR: 2020
LATITUDE: 40 58 N
LONGITUDE: 98 19 W
TEMPERATURE IN F: :PCPN: SNOW: WIND :SUNSHINE: SKY :PK WND
================================================================================
1 2 3 4 5 6A 6B 7 8 9 10 11 12 13 14 15 16 17 18
12Z AVG MX 2MIN
DY MAX MIN AVG DEP HDD CDD WTR SNW DPTH SPD SPD DIR MIN PSBL S-S WX SPD DR
================================================================================
1 57 34 46 12 19 0 0.00 0.0 0 15.1 28 350 M M 0 36 350
2 49 26 38 4 27 0 0.03 0.3 T 10.4 28 260 M M 4 35 250
3 62 29 46 12 19 0 0.00 0.0 0 12.0 23 260 M M 2 34 250
4 65 31 48 13 17 0 0.00 0.0 0 16.2 32 220 M M 0 43 230
5 53 27 40 5 25 0 0.00 0.0 0 18.6 39 330 M M 0 54 330
6 57 20 39 3 26 0 0.00 0.0 0 11.1 25 170 M M 0 35 160
7 73 38 56 20 9 0 0.00 0.0 0 20.9 36 210 M M 0 48 220
8 74 41 58 22 7 0 0.01 0.0 0 18.1 25 190 M M 1 35 200
9 41 32 37 0 28 0 0.27 0.4 0 15.7 26 20 M M 9 16 33 20
10 45 30 38 1 27 0 0.01 0.0 0 6.5 15 160 M M 8 12 17 170
11 70 30 50 12 15 0 0.00 0.0 0 11.0 25 200 M M 5 12 36 210
12 57 29 43 5 22 0 T 0.0 0 17.3 35 340 M M 2 45 340
13 43 25 34 -4 31 0 0.28 2.2 0 7.3 17 110 M M 8 1 24 110
14 33 31 32 -7 33 0 0.10 1.1 3 14.1 21 80 M M 10 1 27 80
15 33 30 32 -7 33 0 T 0.0 2 10.4 16 140 M M 10 1 21 160
16 43 32 38 -1 27 0 0.00 0.0 T 8.1 15 360 M M 10 1 20 360
17 42 31 37 -3 28 0 0.04 0.0 0 7.9 16 160 M M 10 1 22 160
18 51 42 47 7 18 0 0.04 0.0 0 6.5 15 170 M M 10 12 22 170
19 49 25 37 -3 28 0 0.93 0.5 0 21.7 40 360 M M 10 123 54 360
20 29 15 22 -19 43 0 T T T 16.9 41 350 M M 3 52 340
21 50 20 35 -6 30 0 0.00 0.0 0 13.1 23 180 M M 2 31 200
22 48 33 41 -1 24 0 0.00 0.0 0 11.0 17 190 M M 5 23 170
23 49 35 42 0 23 0 0.00 0.0 0 5.4 13 180 M M 7 12 16 190
24 66 40 53 11 12 0 0.00 0.0 0 11.3 21 160 M M 6 12 29 180
25 71 41 56 13 9 0 0.00 0.0 0 12.8 30 350 M M 5 12 36 350
26 48 39 44 1 21 0 0.00 0.0 0 12.9 22 30 M M 10 12 29 30
27 47 44 46 2 19 0 0.10 0.0 0 9.7 16 360 M M 10 1 20 360
28 46 40 43 -1 22 0 0.99 0.0 0 16.3 39 330 M M 10 12 51 330
29 65 36 51 7 14 0 0.00 0.0 0 10.2 18 310 M M 0 25 270
30 69 36 53 9 12 0 0.06 0.0 0 9.6 28 150 M M 4 1 35 140
31 72 46 59 14 6 0 T 0.0 0 11.0 22 240 M M 4 1 28 230
================================================================================
SM 1657 1008 674 0 2.86 4.5 389.1 M 165
================================================================================
AV 53.5 32.5 12.6 FASTST M M 5 MAX(MPH)
MISC ----> # 41 350 # 54 330
================================================================================
NOTES:
# LAST OF SEVERAL OCCURRENCES
COLUMN 17 PEAK WIND IN M.P.H.
PRELIMINARY LOCAL CLIMATOLOGICAL DATA (WS FORM: F-6) , PAGE 2
STATION: GRAND ISLAND NE
MONTH: MARCH
YEAR: 2020
LATITUDE: 40 58 N
LONGITUDE: 98 19 W
[TEMPERATURE DATA] [PRECIPITATION DATA] SYMBOLS USED IN COLUMN 16
AVERAGE MONTHLY: 43.0 TOTAL FOR MONTH: 2.86 1 = FOG OR MIST
DPTR FM NORMAL: 3.6 DPTR FM NORMAL: 1.06 2 = FOG REDUCING VISIBILITY
HIGHEST: 74 ON 8 GRTST 24HR 0.99 ON 28-28 TO 1/4 MILE OR LESS
LOWEST: 15 ON 20 3 = THUNDER
SNOW, ICE PELLETS, HAIL 4 = ICE PELLETS
TOTAL MONTH: 4.5 INCHES 5 = HAIL
GRTST 24HR 2.2 ON 13-13 6 = FREEZING RAIN OR DRIZZLE
GRTST DEPTH: 3 ON 14 7 = DUSTSTORM OR SANDSTORM:
VSBY 1/2 MILE OR LESS
8 = SMOKE OR HAZE
[NO. OF DAYS WITH] [WEATHER - DAYS WITH] 9 = BLOWING SNOW
X = TORNADO
MAX 32 OR BELOW: 1 0.01 INCH OR MORE: 12
MAX 90 OR ABOVE: 0 0.10 INCH OR MORE: 6
MIN 32 OR BELOW: 17 0.50 INCH OR MORE: 2
MIN 0 OR BELOW: 0 1.00 INCH OR MORE: 0
[HDD (BASE 65) ]
TOTAL THIS MO. 674 CLEAR (SCALE 0-3) 11
DPTR FM NORMAL -122 PTCLDY (SCALE 4-7) 10
TOTAL FM JUL 1 5157 CLOUDY (SCALE 8-10) 10
DPTR FM NORMAL -400
[CDD (BASE 65) ]
TOTAL THIS MO. 0
DPTR FM NORMAL 0 [PRESSURE DATA]
TOTAL FM JAN 1 0 HIGHEST SLP 30.71 ON 20
DPTR FM NORMAL 0 LOWEST SLP 29.44 ON 28
[REMARKS]
#FINAL-03-20#