000
CXUS52 KGSP 010817
CF6GSP
PRELIMINARY LOCAL CLIMATOLOGICAL DATA (WS FORM: F-6)
STATION: GREENVILLE-SPARTANBURG SC
MONTH: APRIL
YEAR: 2023
LATITUDE: 34 54 N
LONGITUDE: 82 13 W
TEMPERATURE IN F: :PCPN: SNOW: WIND :SUNSHINE: SKY :PK WND
================================================================================
1 2 3 4 5 6A 6B 7 8 9 10 11 12 13 14 15 16 17 18
12Z AVG MX 2MIN
DY MAX MIN AVG DEP HDD CDD WTR SNW DPTH SPD SPD DIR MIN PSBL S-S WX SPD DR
================================================================================
1 81 62 72 15 0 7 0.21 0.0 0 17.3 30 260 M M 4 13 45 280
2 72 39 56 -1 9 0 0.00 0.0 0 5.5 15 210 M M 0 18 210
3 59 43 51 -7 14 0 0.02 0.0 0 3.9 9 20 M M 5 12 20
4 81 49 65 7 0 0 0.00 0.0 0 5.3 16 180 M M 5 20 190
5 85 60 73 15 0 8 0.00 0.0 0 6.3 18 190 M M 5 1 25 190
6 85 65 75 17 0 10 T 0.0 0 6.5 14 220 M M 7 18 240
7 71 46 59 0 6 0 1.43 0.0 0 10.4 25 40 M M 10 13 34 20
8 46 40 43 -16 22 0 1.60 0.0 0 14.6 22 40 M M 10 1 32 20
9 62 39 51 -8 14 0 0.00 0.0 0 11.5 21 60 M M 3 29 40
10 64 35 50 -10 15 0 0.00 0.0 0 6.6 17 50 M M 0 21 50
11 73 34 54 -6 11 0 0.00 0.0 0 2.6 12 100 M M 0 19 90
12 79 42 61 1 4 0 0.00 0.0 0 3.5 13 170 M M 0 15 200
13 75 46 61 1 4 0 0.06 0.0 0 4.6 14 140 M M 4 1 18 70
14 72 56 64 3 1 0 0.74 0.0 0 4.9 16 260 M M 9 138 19 240
15 78 56 67 6 0 2 0.00 0.0 0 5.8 13 190 M M 4 1 17 250
16 78 57 68 7 0 3 0.01 0.0 0 9.6 23 210 M M 5 30 210
17 72 42 57 -4 8 0 0.00 0.0 0 8.7 23 220 M M 0 31 230
18 78 40 59 -3 6 0 0.00 0.0 0 6.7 18 180 M M 0 23 200
19 83 48 66 4 0 1 0.00 0.0 0 4.6 16 220 M M 0 8 21 210
20 84 52 68 6 0 3 0.00 0.0 0 6.9 18 200 M M 0 25 220
21 81 53 67 5 0 2 0.00 0.0 0 7.2 16 190 M M 1 23 180
22 73 46 60 -3 5 0 0.57 0.0 0 6.9 23 280 M M 5 13 31 280
23 72 41 57 -6 8 0 0.00 0.0 0 6.7 18 260 M M 2 26 280
24 67 46 57 -6 8 0 0.00 0.0 0 4.9 13 40 M M 2 17 350
25 65 39 52 -12 13 0 0.02 0.0 0 5.9 17 40 M M 5 1 24 60
26 57 51 54 -10 11 0 0.43 0.0 0 5.1 13 30 M M 10 1 16 40
27 58 53 56 -8 9 0 4.40 0.0 0 7.8 15 30 M M 10 1 20 50
28 77 57 67 3 0 2 0.36 0.0 0 8.0 21 210 M M 6 1 27 200
29 75 54 65 0 0 0 0.02 0.0 0 5.0 14 120 M M 4 12 17 120
30 73 50 62 -3 3 0 0.25 0.0 0 8.9 26 260 M M 6 1 40 240
================================================================================
SM 2176 1441 171 38 10.12 0.0 212.2 M 122
================================================================================
AV 72.5 48.0 7.1 FASTST M M 4 MAX(MPH)
MISC ----> 30 260 45 280
================================================================================
NOTES:
# LAST OF SEVERAL OCCURRENCES
COLUMN 17 PEAK WIND IN M.P.H.
PRELIMINARY LOCAL CLIMATOLOGICAL DATA (WS FORM: F-6) , PAGE 2
STATION: GREENVILLE-SPARTANBURG SC
MONTH: APRIL
YEAR: 2023
LATITUDE: 34 54 N
LONGITUDE: 82 13 W
[TEMPERATURE DATA] [PRECIPITATION DATA] SYMBOLS USED IN COLUMN 16
AVERAGE MONTHLY: 60.3 TOTAL FOR MONTH: 10.12 1 = FOG OR MIST
DPTR FM NORMAL: -0.7 DPTR FM NORMAL: 6.08 2 = FOG REDUCING VISIBILITY
HIGHEST: 85 ON 6, 5 GRTST 24HR 4.76 ON 27-28 TO 1/4 MILE OR LESS
LOWEST: 34 ON 11 3 = THUNDER
SNOW, ICE PELLETS, HAIL 4 = ICE PELLETS
TOTAL MONTH: 0.0 INCH 5 = HAIL
GRTST 24HR 0.0 6 = FREEZING RAIN OR DRIZZLE
GRTST DEPTH: 0 7 = DUSTSTORM OR SANDSTORM:
VSBY 1/2 MILE OR LESS
8 = SMOKE OR HAZE
[NO. OF DAYS WITH] [WEATHER - DAYS WITH] 9 = BLOWING SNOW
X = TORNADO
MAX 32 OR BELOW: 0 0.01 INCH OR MORE: 14
MAX 90 OR ABOVE: 0 0.10 INCH OR MORE: 9
MIN 32 OR BELOW: 0 0.50 INCH OR MORE: 5
MIN 0 OR BELOW: 0 1.00 INCH OR MORE: 3
[HDD (BASE 65) ]
TOTAL THIS MO. 171 CLEAR (SCALE 0-3) 12
DPTR FM NORMAL 8 PTCLDY (SCALE 4-7) 13
TOTAL FM JUL 1 2648 CLOUDY (SCALE 8-10) 5
DPTR FM NORMAL -328
[CDD (BASE 65) ]
TOTAL THIS MO. 38
DPTR FM NORMAL -4 [PRESSURE DATA]
TOTAL FM JAN 1 62 HIGHEST SLP 30.49 ON 10
DPTR FM NORMAL 10 LOWEST SLP 29.37 ON 30
[REMARKS]
#FINAL-04-23#