000
CXUS56 KTFX 011210
CF6GTF
PRELIMINARY LOCAL CLIMATOLOGICAL DATA (WS FORM: F-6)
STATION: GREAT FALLS MT
MONTH: NOVEMBER
YEAR: 2020
LATITUDE: 47 28 N
LONGITUDE: 111 22 W
TEMPERATURE IN F: :PCPN: SNOW: WIND :SUNSHINE: SKY :PK WND
================================================================================
1 2 3 4 5 6A 6B 7 8 9 10 11 12 13 14 15 16 17 18
12Z AVG MX 2MIN
DY MAX MIN AVG DEP HDD CDD WTR SNW DPTH SPD SPD DIR MIN PSBL S-S WX SPD DR
================================================================================
1 65 37 51 12 14 0 0.00 0.0 0 15.8 26 220 M M 0 33 220
2 70 43 57 18 8 0 0.00 0.0 0 18.9 36 230 M M 0 45 210
3 71 50 61 23 4 0 0.00 0.0 0 19.1 31 230 M M 0 41 220
4 67 54 61 23 4 0 0.00 0.0 0 19.9 33 230 M M 0 46 230
5 72 49 61 23 4 0 0.00 0.0 0 19.7 40 240 M M 1 55 250
6 50 38 44 7 21 0 0.00 0.0 0 9.3 18 20 M M 8 25 40
7 42 20 31 -6 34 0 0.50 4.5 0 9.8 35 330 M M 10 129 46 340
8 20 13 17 -19 48 0 0.31 8.0 6 19.6 37 330 M M 10 19 50 340
9 23 14 19 -17 46 0 0.06 0.9 8 18.8 30 230 M M 4 19 37 220
10 34 21 28 -8 37 0 0.00 0.0 6 18.2 29 220 M M 5 35 220
11 27 7 17 -18 48 0 T 0.2 3 7.4 24 350 M M 9 18 33 350
12 31 9 20 -15 45 0 0.00 0.0 3 19.8 36 220 M M 1 8 45 220
13 40 28 34 0 31 0 T 0.0 2 24.9 40 220 M M 1 8 50 230
14 35 20 28 -6 37 0 0.00 0.0 1 20.7 32 240 M M 2 43 230
15 43 25 34 0 31 0 0.00 0.0 T 19.2 41 250 M M 1 54 250
16 43 31 37 4 28 0 T 0.0 T 12.8 23 250 M M 4 30 250
17 62 34 48 15 17 0 0.00 0.0 T 15.8 35 200 M M 0 45 220
18 54 37 46 14 19 0 0.00 0.0 0 15.6 32 220 M M 2 39 220
19 47 28 38 6 27 0 0.00 0.0 0 16.9 31 230 M M 1 40 240
20 44 25 35 4 30 0 0.00 0.0 0 16.1 25 240 M M 0 34 250
21 45 23 34 3 31 0 0.00 0.0 0 14.9 26 260 M M 2 33 250
22 48 24 36 5 29 0 0.00 0.0 0 14.8 23 210 M M 0 30 210
23 47 23 35 5 30 0 0.00 0.0 0 9.6 18 210 M M 3 24 210
24 45 25 35 5 30 0 0.00 0.0 0 18.5 31 220 M M 0 42 230
25 47 23 35 6 30 0 0.06 0.6 0 15.9 29 220 M M 2 12 40 220
26 42 23 33 4 32 0 0.00 0.0 T 16.1 24 220 M M 2 33 220
27 47 33 40 11 25 0 0.00 0.0 0 25.7 40 250 M M 0 51 250
28 49 15 32 4 33 0 0.00 0.0 0 16.4 36 210 M M 2 46 210
29 46 16 31 3 34 0 0.00 0.0 0 16.5 32 230 M M 0 39 220
30 53 32 43 15 22 0 T T 0 18.5 39 230 M M 1 50 230
================================================================================
SM 1409 820 829 0 0.93 14.2 505.2 M 71
================================================================================
AV 47.0 27.3 16.8 FASTST M M 2 MAX(MPH)
MISC ----> 41 250 55 250
================================================================================
NOTES:
# LAST OF SEVERAL OCCURRENCES
COLUMN 17 PEAK WIND IN M.P.H.
PRELIMINARY LOCAL CLIMATOLOGICAL DATA (WS FORM: F-6) , PAGE 2
STATION: GREAT FALLS MT
MONTH: NOVEMBER
YEAR: 2020
LATITUDE: 47 28 N
LONGITUDE: 111 22 W
[TEMPERATURE DATA] [PRECIPITATION DATA] SYMBOLS USED IN COLUMN 16
AVERAGE MONTHLY: 37.2 TOTAL FOR MONTH: 0.93 1 = FOG OR MIST
DPTR FM NORMAL: 3.8 DPTR FM NORMAL: 0.34 2 = FOG REDUCING VISIBILITY
HIGHEST: 72 ON 5 GRTST 24HR 0.63 ON 7- 8 TO 1/4 MILE OR LESS
LOWEST: 7 ON 11 3 = THUNDER
SNOW, ICE PELLETS, HAIL 4 = ICE PELLETS
TOTAL MONTH: 14.2 INCHES 5 = HAIL
GRTST 24HR 8.0 ON 8- 8 6 = FREEZING RAIN OR DRIZZLE
GRTST DEPTH: 8 ON 9 7 = DUSTSTORM OR SANDSTORM:
VSBY 1/2 MILE OR LESS
8 = SMOKE OR HAZE
[NO. OF DAYS WITH] [WEATHER - DAYS WITH] 9 = BLOWING SNOW
X = TORNADO
MAX 32 OR BELOW: 4 0.01 INCH OR MORE: 4
MAX 90 OR ABOVE: 0 0.10 INCH OR MORE: 2
MIN 32 OR BELOW: 21 0.50 INCH OR MORE: 1
MIN 0 OR BELOW: 0 1.00 INCH OR MORE: 0
[HDD (BASE 65) ]
TOTAL THIS MO. 829 CLEAR (SCALE 0-3) 22
DPTR FM NORMAL -120 PTCLDY (SCALE 4-7) 5
TOTAL FM JUL 1 1841 CLOUDY (SCALE 8-10) 3
DPTR FM NORMAL -129
[CDD (BASE 65) ]
TOTAL THIS MO. 0
DPTR FM NORMAL 0 [PRESSURE DATA]
TOTAL FM JAN 1 307 HIGHEST SLP 30.51 ON 28
DPTR FM NORMAL 9 LOWEST SLP 29.28 ON 13
[REMARKS]
#FINAL-11-20#