000
CXGM50 PGUM 060048
CF6GUM
PRELIMINARY LOCAL CLIMATOLOGICAL DATA (WS FORM: F-6)
STATION: GUAM INTERNATIONAL AIRPORT
MONTH: OCTOBER
YEAR: 2022
LATITUDE: 13 29 N
LONGITUDE: 144-48 E
TEMPERATURE IN F: :PCPN: SNOW: WIND :SUNSHINE: SKY :PK WND
================================================================================
1 2 3 4 5 6A 6B 7 8 9 10 11 12 13 14 15 16 17 18
12Z AVG MX 2MIN
DY MAX MIN AVG DEP HDD CDD WTR SNW DPTH SPD SPD DIR MIN PSBL S-S WX SPD DR
================================================================================
1 87 75 81 -1 0 16 0.40 0.0 0 7.8 26 110 M M 2 3 36 120
2 86 74 80 -2 0 15 0.25 0.0 0 5.8 14 150 M M 3 3 21 140
3 88 75 82 0 0 17 0.19 0.0 0 8.7 17 70 M M 4 22 80
4 89 77 83 1 0 18 0.00 0.0 0 6.0 13 100 M M 2 16 10
5 88 76 82 0 0 17 0.16 0.0 0 3.7 10 280 M M 2 18 90
6 88 76 82 0 0 17 0.10 0.0 0 2.6 12 220 M M 3 3 16 220
7 85 75 80 -2 0 15 0.15 0.0 0 1.7 12 240 M M 3 15 80
8 86 76 81 -1 0 16 0.83 0.0 0 3.8 14 170 M M 6 19 190
9 83 75 79 -3 0 14 0.70 0.0 0 5.9 15 250 M M 7 18 250
10 85 75 80 -2 0 15 0.10 0.0 0 5.3 14 200 M M 5 18 200
11 79 73 76 -6 0 11 4.63 0.0 0 10.3 22 170 M M 9 3 28 160
12 86 76 81 -1 0 16 0.41 0.0 0 8.4 21 180 M M 5 29 180
13 87 74 81 -1 0 16 2.21 0.0 0 5.8 22 240 M M 5 28 230
14 85 74 80 -2 0 15 0.64 0.0 0 7.3 17 240 M M 7 26 190
15 80 74 77 -5 0 12 0.73 0.0 0 5.2 17 180 M M 6 23 180
16 85 75 80 -2 0 15 0.03 0.0 0 3.7 13 160 M M 2 17 150
17 87 75 81 -1 0 16 0.17 0.0 0 7.1 22 70 M M 3 28 60
18 85 75 80 -2 0 15 0.06 0.0 0 6.6 16 90 M M 3 23 110
19 81 75 78 -4 0 13 1.20 0.0 0 6.3 13 80 M M 4 18 70
20 88 78 83 1 0 18 0.31 0.0 0 11.5 24 60 M M 4 3 28 70
21 85 76 81 -1 0 16 0.42 0.0 0 10.8 24 60 M M 4 33 70
22 86 78 82 0 0 17 0.10 0.0 0 8.7 18 90 M M 3 23 70
23 84 77 81 -1 0 16 0.03 0.0 0 7.4 17 110 M M 4 26 50
24 87 77 82 0 0 17 0.01 0.0 0 8.0 15 90 M M 4 19 110
25 86 77 82 0 0 17 0.04 0.0 0 7.5 17 100 M M 3 22 90
26 87 75 81 -1 0 16 0.51 0.0 0 8.4 21 90 M M 4 29 100
27 85 75 80 -2 0 15 0.51 0.0 0 9.8 18 90 M M 4 26 90
28 85 77 81 -1 0 16 0.20 0.0 0 8.7 20 80 M M 3 23 80
29 86 76 81 -1 0 16 0.22 0.0 0 7.9 24 90 M M 4 31 80
30 85 76 81 -1 0 16 1.61 0.0 0 5.9 21 80 M M 6 27 110
31 86 76 81 -1 0 16 0.20 0.0 0 8.1 17 50 M M 3 21 90
================================================================================
SM 2650 2343 0 485 17.12 0.0 214.7 M 127
================================================================================
AV 85.5 75.6 6.9 FASTST M M 4 MAX(MPH)
MISC ----> 26 110 36 120
================================================================================
NOTES:
# LAST OF SEVERAL OCCURRENCES
COLUMN 17 PEAK WIND IN M.P.H.
PRELIMINARY LOCAL CLIMATOLOGICAL DATA (WS FORM: F-6) , PAGE 2
STATION: GUAM INTERNATIONAL AIRPORT
MONTH: OCTOBER
YEAR: 2022
LATITUDE: 13 29 N
LONGITUDE: 144-48 E
[TEMPERATURE DATA] [PRECIPITATION DATA] SYMBOLS USED IN COLUMN 16
AVERAGE MONTHLY: 80.5 TOTAL FOR MONTH: 17.12 1 = FOG OR MIST
DPTR FM NORMAL: -1.2 DPTR FM NORMAL: 4.39 2 = FOG REDUCING VISIBILITY
HIGHEST: 89 ON 4 GRTST 24HR 4.63 ON 11-11 TO 1/4 MILE OR LESS
LOWEST: 73 ON 11 3 = THUNDER
SNOW, ICE PELLETS, HAIL 4 = ICE PELLETS
TOTAL MONTH: 0.0 INCH 5 = HAIL
GRTST 24HR 0.0 6 = FREEZING RAIN OR DRIZZLE
GRTST DEPTH: 0 7 = DUSTSTORM OR SANDSTORM:
VSBY 1/2 MILE OR LESS
8 = SMOKE OR HAZE
[NO. OF DAYS WITH] [WEATHER - DAYS WITH] 9 = BLOWING SNOW
X = TORNADO
MAX 32 OR BELOW: 0 0.01 INCH OR MORE: 30
MAX 90 OR ABOVE: 0 0.10 INCH OR MORE: 25
MIN 32 OR BELOW: 0 0.50 INCH OR MORE: 10
MIN 0 OR BELOW: 0 1.00 INCH OR MORE: 4
[HDD (BASE 65) ]
TOTAL THIS MO. 0 CLEAR (SCALE 0-3) 10
DPTR FM NORMAL 0 PTCLDY (SCALE 4-7) 20
TOTAL FM JUL 1 0 CLOUDY (SCALE 8-10) 1
DPTR FM NORMAL 0
[CDD (BASE 65) ]
TOTAL THIS MO. 485
DPTR FM NORMAL -34 [PRESSURE DATA]
TOTAL FM JAN 1 4988 HIGHEST SLP 29.89 ON 1
DPTR FM NORMAL -92 LOWEST SLP 29.78 ON 1
[REMARKS]
#FINAL-10-22#