000
CXUS54 KAMA 010810
CF6GUY
PRELIMINARY LOCAL CLIMATOLOGICAL DATA (WS FORM: F-6)
STATION: GUYMON
MONTH: FEBRUARY
YEAR: 2023
LATITUDE: 36 41 N
LONGITUDE: 101 30 W
TEMPERATURE IN F: :PCPN: SNOW: WIND :SUNSHINE: SKY :PK WND
================================================================================
1 2 3 4 5 6A 6B 7 8 9 10 11 12 13 14 15 16 17 18
12Z AVG MX 2MIN
DY MAX MIN AVG DEP HDD CDD WTR SNW DPTH SPD SPD DIR MIN PSBL S-S WX SPD DR
================================================================================
1 38 7 23 -14 42 0 0.00 M M 3.3 10 310 M M 3 15 170
2 54 14 34 -4 31 0 0.00 M M 9.2 22 10 M M 0 27 10
3 65 14 40 2 25 0 0.00 M M 13.6 29 230 M M 0 38 210
4 66 32 49 11 16 0 0.00 M M 13.0 24 220 M M 0 34 230
5 62 21 42 4 23 0 0.00 M M 6.8 17 150 M M 0 29 140
6 66 32 49 11 16 0 0.00 M M 15.8 32 20 M M 0 45 290
7 53 29 41 3 24 0 0.00 M M 9.8 20 20 M M 3 25 20
8 55 24 40 2 25 0 0.00 M M 4.0 12 350 M M 1 16 300
9 44 31 38 0 27 0 T M M 19.6 32 10 M M 7 1 43 10
10 45 17 31 -7 34 0 0.00 M M 8.2 23 350 M M 2 30 350
11 62 14 38 0 27 0 0.00 M M 11.7 23 200 M M 0 31 210
12 64 32 48 10 17 0 0.00 M M 13.8 24 330 M M 0 32 350
13 62 21 42 3 23 0 T M M 10.9 25 180 M M 1 38 180
14 59 33 46 7 19 0 0.01 M M 19.8 63 350 M M 3 8 84 350
15 39 14 27 -12 38 0 0.09 M M 18.0 26 350 M M 7 12 38 70
16 30 10 20 -19 45 0 0.00 M M 14.2 28 340 M M 0 35 340
17 50 2 26 -13 39 0 0.00 M M 8.0 18 230 M M 0 25 220
18 58 28 43 3 22 0 0.00 M M 16.1 33 220 M M 0 46 220
19 68 32 50 10 15 0 0.00 M M 16.9 33 230 M M 0 43 230
20 70 38 54 14 11 0 0.00 M M 11.0 28 250 M M 0 37 250
21 75 31 53 13 12 0 0.00 M M 19.3 47 230 M M 2 8 64 210
22 60 15 38 -2 27 0 0.00 M M 16.5 31 230 M M 4 1 40 230
23 30 6 18 -23 47 0 0.00 M M 10.0 17 10 M M 2 22 40
24 42 9 26 -15 39 0 0.00 M M 7.7 14 70 M M 0 19 80
25 75 19 47 6 18 0 0.00 M M 8.9 20 210 M M 0 27 190
26 79 42 61 19 4 0 T M M 17.0 45 240 M M 2 38 60 270
27 71 32 52 10 13 0 0.00 M M 11.4 30 320 M M 0 41 310
28 71 23 47 5 18 0 0.00 M M 16.3 36 260 M M 2 8 52 260
================================================================================
SM 1613 622 697 0 0.10 M 350.8 M 39
================================================================================
AV 57.6 22.2 12.5 FASTST M M 1 MAX(MPH)
MISC ----> 63 350 84 350
================================================================================
NOTES:
# LAST OF SEVERAL OCCURRENCES
COLUMN 17 PEAK WIND IN M.P.H.
PRELIMINARY LOCAL CLIMATOLOGICAL DATA (WS FORM: F-6) , PAGE 2
STATION: GUYMON
MONTH: FEBRUARY
YEAR: 2023
LATITUDE: 36 41 N
LONGITUDE: 101 30 W
[TEMPERATURE DATA] [PRECIPITATION DATA] SYMBOLS USED IN COLUMN 16
AVERAGE MONTHLY: 39.9 TOTAL FOR MONTH: 0.10 1 = FOG OR MIST
DPTR FM NORMAL: 0.7 DPTR FM NORMAL: -0.23 2 = FOG REDUCING VISIBILITY
HIGHEST: 79 ON 26 GRTST 24HR 0.09 ON 15-15 TO 1/4 MILE OR LESS
LOWEST: 2 ON 17 3 = THUNDER
SNOW, ICE PELLETS, HAIL 4 = ICE PELLETS
TOTAL MONTH: M 5 = HAIL
GRTST 24HR M ON M 6 = FREEZING RAIN OR DRIZZLE
GRTST DEPTH: M ON M 7 = DUSTSTORM OR SANDSTORM:
VSBY 1/2 MILE OR LESS
8 = SMOKE OR HAZE
[NO. OF DAYS WITH] [WEATHER - DAYS WITH] 9 = BLOWING SNOW
X = TORNADO
MAX 32 OR BELOW: 2 0.01 INCH OR MORE: 2
MAX 90 OR ABOVE: 0 0.10 INCH OR MORE: 0
MIN 32 OR BELOW: 25 0.50 INCH OR MORE: 0
MIN 0 OR BELOW: 0 1.00 INCH OR MORE: 0
[HDD (BASE 65) ]
TOTAL THIS MO. 697 CLEAR (SCALE 0-3) 23
DPTR FM NORMAL -24 PTCLDY (SCALE 4-7) 5
TOTAL FM JUL 1 3359 CLOUDY (SCALE 8-10) 0
DPTR FM NORMAL -7
[CDD (BASE 65) ]
TOTAL THIS MO. 0
DPTR FM NORMAL 0 [PRESSURE DATA]
TOTAL FM JAN 1 0 HIGHEST SLP M ON M
DPTR FM NORMAL 0 LOWEST SLP 29.01 ON 14
[REMARKS]
#FINAL-02-23#