000
CXUS54 KFWD 072153
CF6GVT
PRELIMINARY LOCAL CLIMATOLOGICAL DATA (WS FORM: F-6)
STATION: GREENVILLE
MONTH: AUGUST
YEAR: 2022
LATITUDE: 33 4 N
LONGITUDE: 96 4 W
TEMPERATURE IN F: :PCPN: SNOW: WIND :SUNSHINE: SKY :PK WND
================================================================================
1 2 3 4 5 6A 6B 7 8 9 10 11 12 13 14 15 16 17 18
12Z AVG MX 2MIN
DY MAX MIN AVG DEP HDD CDD WTR SNW DPTH SPD SPD DIR MIN PSBL S-S WX SPD DR
================================================================================
1 100 81 91 5 0 26 0.00 M M 9.8 16 180 M M 1 18 180
2 104 81 93 7 0 28 0.00 M M 11.5 17 210 M M 1 23 190
3 104 80 92 6 0 27 0.00 M M 12.2 20 190 M M 0 24 190
4 100 80 90 4 0 25 0.00 M M 9.4 15 200 M M 0 21 200
5 103 75 89 3 0 24 0.00 M M 10.0 21 150 M M 1 30 150
6 98 74 86 0 0 21 0.00 M M 10.6 18 150 M M 1 21 170
7 99 75 87 1 0 22 0.00 M M 10.3 16 200 M M 3 24 140
8 102 78 90 4 0 25 0.00 M M 9.0 14 170 M M 1 18 140
9 98 72 85 -1 0 20 0.00 M M 8.2 24 60 M M 2 33 60
10 99 70 85 -1 0 20 0.00 M M 5.1 17 220 M M 2 24 220
11 98 70 84 -2 0 19 0.00 M M 5.4 12 50 M M 3 20 50
12 98 73 86 0 0 21 0.00 M M 7.2 14 90 M M 3 21 60
13 98 75 87 1 0 22 0.00 M M 6.3 13 90 M M 1 22 80
14 100 67 84 -2 0 19 0.00 M M 5.0 14 170 M M 2 21 140
15 100 75 88 2 0 23 0.00 M M 6.7 13 160 M M 0 18 220
16 103 73 88 2 0 23 0.00 M M 7.0 14 190 M M 1 20 180
17 104 75 90 4 0 25 0.00 M M 8.3 17 50 M M 2 24 300
18 80 71 76 -9 0 11 M M M 3.7 7 90 M M 7 1 M M
19 93 70 82 -3 0 17 0.00 M M 4.1 8 110 M M 8 12 M M
20 97 72 85 0 0 20 0.00 M M 8.3 16 170 M M 4 21 190
21 89 73 81 -4 0 16 0.01 M M 6.8 12 190 M M 7 1 M M
22 79 73 76 -9 0 11 0.01 M M 4.0 8 340 M M 10 1 M M
23 86 73 80 -5 0 15 0.00 M M 5.9 13 60 M M 9 1 M M
24 89 72 81 -4 0 16 0.02 M M 6.1 14 50 M M 5 20 50
25 92 71 82 -2 0 17 0.00 M M 6.1 13 70 M M 3 18 50
26 93 71 82 -2 0 17 0.00 M M 4.7 12 100 M M 4 M M
27 95 73 84 0 0 19 0.01 M M 6.1 13 110 M M 3 1 18 110
28 96 76 86 2 0 21 0.00 M M 10.9 17 180 M M 2 23 140
29 96 76 86 2 0 21 0.00 M M 10.4 15 130 M M 2 21 140
30 90 76 83 0 0 18 0.00 M M 6.5 15 140 M M 7 1 20 140
31 94 70 82 -1 0 17 0.00 M M 5.3 13 210 M M 2 1 M M
================================================================================
SM 2977 2291 0 626 0.05 M 231.3 M 97
================================================================================
AV 96.0 73.9 7.5 FASTST M M 3 MAX(MPH)
MISC ----> 24 60 33 60
================================================================================
NOTES:
# LAST OF SEVERAL OCCURRENCES
COLUMN 17 PEAK WIND IN M.P.H.
PRELIMINARY LOCAL CLIMATOLOGICAL DATA (WS FORM: F-6) , PAGE 2
STATION: GREENVILLE
MONTH: AUGUST
YEAR: 2022
LATITUDE: 33 4 N
LONGITUDE: 96 4 W
[TEMPERATURE DATA] [PRECIPITATION DATA] SYMBOLS USED IN COLUMN 16
AVERAGE MONTHLY: 85.0 TOTAL FOR MONTH: 0.05 1 = FOG OR MIST
DPTR FM NORMAL: -0.2 DPTR FM NORMAL: -1.83 2 = FOG REDUCING VISIBILITY
HIGHEST: 104 ON 17, 3 GRTST 24HR 0.02 ON 24-24 TO 1/4 MILE OR LESS
LOWEST: 67 ON 14 3 = THUNDER
SNOW, ICE PELLETS, HAIL 4 = ICE PELLETS
TOTAL MONTH: M 5 = HAIL
GRTST 24HR M ON M 6 = FREEZING RAIN OR DRIZZLE
GRTST DEPTH: M ON M 7 = DUSTSTORM OR SANDSTORM:
VSBY 1/2 MILE OR LESS
8 = SMOKE OR HAZE
[NO. OF DAYS WITH] [WEATHER - DAYS WITH] 9 = BLOWING SNOW
X = TORNADO
MAX 32 OR BELOW: 0 0.01 INCH OR MORE: 4
MAX 90 OR ABOVE: 26 0.10 INCH OR MORE: 0
MIN 32 OR BELOW: 0 0.50 INCH OR MORE: 0
MIN 0 OR BELOW: 0 1.00 INCH OR MORE: 0
[HDD (BASE 65) ]
TOTAL THIS MO. 0 CLEAR (SCALE 0-3) 20
DPTR FM NORMAL 0 PTCLDY (SCALE 4-7) 9
TOTAL FM JUL 1 0 CLOUDY (SCALE 8-10) 2
DPTR FM NORMAL 0
[CDD (BASE 65) ]
TOTAL THIS MO. 626
DPTR FM NORMAL 0 [PRESSURE DATA]
TOTAL FM JAN 1 2366 HIGHEST SLP M ON M
DPTR FM NORMAL 272 LOWEST SLP M ON M
[REMARKS]
#FINAL-08-22#