000
CXUS51 KGYX 022005
CF6GYX
PRELIMINARY LOCAL CLIMATOLOGICAL DATA (WS FORM: F-6)
STATION: GRAY ME
MONTH: OCTOBER
YEAR: 2021
LATITUDE: 43 53 N
LONGITUDE: 70 15 W
TEMPERATURE IN F: :PCPN: SNOW: WIND :SUNSHINE: SKY :PK WND
================================================================================
1 2 3 4 5 6A 6B 7 8 9 10 11 12 13 14 15 16 17 18
12Z AVG MX 2MIN
DY MAX MIN AVG DEP HDD CDD WTR SNW DPTH SPD SPD DIR MIN PSBL S-S WX SPD DR
================================================================================
1 61 44 53 -2 12 0 0.00 0.0 0 M M M M M M M M
2 56 49 53 -1 12 0 0.04 0.0 0 M M M M M M M M
3 55 51 53 -1 12 0 0.16 0.0 0 M M M M M M 1 M M
4 60 48 54 0 11 0 0.00 0.0 0 M M M M M M M M
5 64 51 58 5 7 0 0.00 0.0 0 M M M M M M M M
6 72 50 61 8 4 0 0.00 0.0 0 M M M M M M M M
7 72 50 61 9 4 0 0.00 0.0 0 M M M M M M M M
8 69 50 60 8 5 0 0.00 0.0 0 M M M M M M M M
9 56 46 51 -1 14 0 0.00 0.0 0 M M M M M M M M
10 60 44 52 1 13 0 0.00 0.0 0 M M M M M M 1 M M
11 67 49 58 7 7 0 0.00 0.0 0 M M M M M M 1 M M
12 75 52 64 14 1 0 0.00 0.0 0 M M M M M M M M
13 74 55 65 15 0 0 0.00 0.0 0 M M M M M M M M
14 74 54 64 14 1 0 0.00 0.0 0 M M M M M M M M
15 62 57 60 10 5 0 0.00 0.0 0 M M M M M M 1 M M
16 69 58 64 15 1 0 1.38 0.0 0 M M M M M M 1 M M
17 60 46 53 4 12 0 0.25 0.0 0 M M M M M M M M
18 55 43 49 1 16 0 0.00 0.0 0 M M M M M M M M
19 53 41 47 -1 18 0 0.00 0.0 0 M M M M M M M M
20 64 44 54 6 11 0 0.00 0.0 0 M M M M M M M M
21 61 46 54 6 11 0 0.01 0.0 0 M M M M M M M M
22 69 47 58 11 7 0 0.01 0.0 0 M M M M M M 1 M M
23 50 38 44 -3 21 0 0.00 0.0 0 M M M M M M M M
24 54 35 45 -1 20 0 0.00 0.0 0 M M M M M M M M
25 45 40 43 -3 22 0 0.33 0.0 0 M M M M M M M M
26 47 42 45 -1 20 0 0.84 0.0 0 M M M M M M M M
27 51 43 47 1 18 0 0.24 0.0 0 M M M M M M M M
28 51 39 45 0 20 0 0.00 0.0 0 M M M M M M M M
29 53 36 45 0 20 0 0.00 0.0 0 M M M M M M M M
30 51 40 46 2 19 0 1.52 0.0 0 M M M M M M M M
31 63 51 57 13 8 0 1.84 0.0 0 M M M M M M M M
================================================================================
SM 1873 1439 352 0 6.62 0.0 M M M
================================================================================
AV 60.4 46.4 M FASTST M M M MAX(MPH)
MISC ----> M M M M
================================================================================
NOTES:
# LAST OF SEVERAL OCCURRENCES
COLUMN 17 PEAK WIND IN M.P.H.
PRELIMINARY LOCAL CLIMATOLOGICAL DATA (WS FORM: F-6) , PAGE 2
STATION: GRAY ME
MONTH: OCTOBER
YEAR: 2021
LATITUDE: 43 53 N
LONGITUDE: 70 15 W
[TEMPERATURE DATA] [PRECIPITATION DATA] SYMBOLS USED IN COLUMN 16
AVERAGE MONTHLY: 53.4 TOTAL FOR MONTH: 6.62 1 = FOG OR MIST
DPTR FM NORMAL: 4.2 DPTR FM NORMAL: 1.20 2 = FOG REDUCING VISIBILITY
HIGHEST: 75 ON 12 GRTST 24HR 1.84 ON 31-31 TO 1/4 MILE OR LESS
LOWEST: 35 ON 24 3 = THUNDER
SNOW, ICE PELLETS, HAIL 4 = ICE PELLETS
TOTAL MONTH: 0.0 INCH 5 = HAIL
GRTST 24HR 0.0 6 = FREEZING RAIN OR DRIZZLE
GRTST DEPTH: 0 7 = DUSTSTORM OR SANDSTORM:
VSBY 1/2 MILE OR LESS
8 = SMOKE OR HAZE
[NO. OF DAYS WITH] [WEATHER - DAYS WITH] 9 = BLOWING SNOW
X = TORNADO
MAX 32 OR BELOW: 0 0.01 INCH OR MORE: 11
MAX 90 OR ABOVE: 0 0.10 INCH OR MORE: 8
MIN 32 OR BELOW: 0 0.50 INCH OR MORE: 4
MIN 0 OR BELOW: 0 1.00 INCH OR MORE: 3
[HDD (BASE 65) ]
TOTAL THIS MO. 352 CLEAR (SCALE 0-3) 0
DPTR FM NORMAL -138 PTCLDY (SCALE 4-7) 0
TOTAL FM JUL 1 475 CLOUDY (SCALE 8-10) 31
DPTR FM NORMAL -209
[CDD (BASE 65) ]
TOTAL THIS MO. 0
DPTR FM NORMAL -2 [PRESSURE DATA]
TOTAL FM JAN 1 536 HIGHEST SLP M ON M
DPTR FM NORMAL 141 LOWEST SLP M ON M
[REMARKS]
#FINAL-10-21#