000
CXUS54 KOUN 010810
CF6HBR
PRELIMINARY LOCAL CLIMATOLOGICAL DATA (WS FORM: F-6)
STATION: HOBART
MONTH: MAY
YEAR: 2021
LATITUDE: 35 0 N
LONGITUDE: 99 3 W
TEMPERATURE IN F: :PCPN: SNOW: WIND :SUNSHINE: SKY :PK WND
================================================================================
1 2 3 4 5 6A 6B 7 8 9 10 11 12 13 14 15 16 17 18
12Z AVG MX 2MIN
DY MAX MIN AVG DEP HDD CDD WTR SNW DPTH SPD SPD DIR MIN PSBL S-S WX SPD DR
================================================================================
1 74 54 64 0 1 0 T M M 10.8 20 170 M M 6 12 26 160
2 81 63 72 7 0 7 0.00 M M 14.7 24 170 M M 5 31 150
3 77 57 67 2 0 2 0.01 M M 19.3 33 360 M M 6 3 39 360
4 72 47 60 -6 5 0 0.13 M M 13.7 26 20 M M 5 13 32 30
5 76 41 59 -7 6 0 0.11 M M 8.1 20 10 M M 1 3 24 360
6 80 55 68 2 0 3 0.16 M M 8.4 15 210 M M 4 13 18 200
7 87 50 69 2 0 4 T M M 16.5 32 200 M M 0 41 180
8 91 63 77 10 0 12 T M M 22.5 36 190 M M 0 44 180
9 77 52 65 -3 0 0 0.00 M M 18.8 31 360 M M 0 38 10
10 63 50 57 -11 8 0 0.00 M M 15.5 25 60 M M 9 31 60
11 58 49 54 -14 11 0 0.44 M M 15.5 24 60 M M 10 13 32 50
12 67 44 56 -13 9 0 0.01 M M 8.4 17 20 M M 5 23 40
13 73 45 59 -10 6 0 0.00 M M 7.2 14 160 M M 3 1 20 140
14 75 51 63 -7 2 0 T M M 13.7 41 180 M M 1 13 51 190
15 80 56 68 -2 0 3 0.00 M M 14.6 36 170 M M 6 44 170
16 77 63 70 0 0 5 0.07 M M 10.7 21 170 M M 6 13 27 160
17 83 61 72 1 0 7 0.06 M M 10.1 23 200 M M 3 3 29 70
18 80 58 69 -2 0 4 0.00 M M 9.2 29 50 M M 2 35 60
19 81 59 70 -2 0 5 0.25 M M 8.6 18 290 M M 4 1 23 290
20 78 61 70 -2 0 5 0.01 M M 10.9 22 150 M M 5 1 27 150
21 84 65 75 3 0 10 0.00 M M 14.8 22 160 M M 5 27 160
22 83 69 76 3 0 11 T M M 15.3 25 140 M M 6 32 140
23 74 64 69 -4 0 4 0.11 M M 15.4 23 170 M M 8 1 29 170
24 85 63 74 0 0 9 0.00 M M 14.5 23 150 M M 8 8 28 150
25 86 63 75 1 0 10 0.00 M M 9.8 20 180 M M 2 25 170
26 91 65 78 4 0 13 T M M 12.7 25 160 M M 3 31 160
27 95 68 82 7 0 17 T M M 17.7 33 180 M M 4 40 180
28 77 59 68 -7 0 3 0.00 M M 10.7 28 50 M M 1 32 50
29 80 58 69 -6 0 4 0.00 M M 10.4 20 90 M M 3 24 90
30 80 58 69 -7 0 4 0.00 M M 12.7 23 160 M M 4 30 140
31 72 59 66 -10 0 1 1.85 0.0 M 9.7 22 60 M M 9 13 27 160
================================================================================
SM 2437 1770 48 143 3.21 0.0 400.9 M 134
================================================================================
AV 78.6 57.1 12.9 FASTST M M 4 MAX(MPH)
MISC ----> 41 180 51 190
================================================================================
NOTES:
# LAST OF SEVERAL OCCURRENCES
COLUMN 17 PEAK WIND IN M.P.H.
PRELIMINARY LOCAL CLIMATOLOGICAL DATA (WS FORM: F-6) , PAGE 2
STATION: HOBART
MONTH: MAY
YEAR: 2021
LATITUDE: 35 0 N
LONGITUDE: 99 3 W
[TEMPERATURE DATA] [PRECIPITATION DATA] SYMBOLS USED IN COLUMN 16
AVERAGE MONTHLY: 67.9 TOTAL FOR MONTH: 3.21 1 = FOG OR MIST
DPTR FM NORMAL: -2.5 DPTR FM NORMAL: -0.94 2 = FOG REDUCING VISIBILITY
HIGHEST: 95 ON 27 GRTST 24HR 1.85 ON 31-31 TO 1/4 MILE OR LESS
LOWEST: 41 ON 5 3 = THUNDER
SNOW, ICE PELLETS, HAIL 4 = ICE PELLETS
TOTAL MONTH: 0.0 INCH 5 = HAIL
GRTST 24HR 0.0 6 = FREEZING RAIN OR DRIZZLE
GRTST DEPTH: M ON M 7 = DUSTSTORM OR SANDSTORM:
VSBY 1/2 MILE OR LESS
8 = SMOKE OR HAZE
[NO. OF DAYS WITH] [WEATHER - DAYS WITH] 9 = BLOWING SNOW
X = TORNADO
MAX 32 OR BELOW: 0 0.01 INCH OR MORE: 12
MAX 90 OR ABOVE: 3 0.10 INCH OR MORE: 7
MIN 32 OR BELOW: 0 0.50 INCH OR MORE: 1
MIN 0 OR BELOW: 0 1.00 INCH OR MORE: 1
[HDD (BASE 65) ]
TOTAL THIS MO. 48 CLEAR (SCALE 0-3) 11
DPTR FM NORMAL 6 PTCLDY (SCALE 4-7) 17
TOTAL FM JUL 1 3477 CLOUDY (SCALE 8-10) 3
DPTR FM NORMAL 74
[CDD (BASE 65) ]
TOTAL THIS MO. 143
DPTR FM NORMAL -65 [PRESSURE DATA]
TOTAL FM JAN 1 185 HIGHEST SLP M ON M
DPTR FM NORMAL -80 LOWEST SLP 29.34 ON 3
[REMARKS]
#FINAL-05-21#