000
CXUS53 KBIS 010830
CF6HEI
PRELIMINARY LOCAL CLIMATOLOGICAL DATA (WS FORM: F-6)
STATION: HETTINGER ND
MONTH: MAY
YEAR: 2022
LATITUDE: 46 0 N
LONGITUDE: 102 39 W
TEMPERATURE IN F: :PCPN: SNOW: WIND :SUNSHINE: SKY :PK WND
================================================================================
1 2 3 4 5 6A 6B 7 8 9 10 11 12 13 14 15 16 17 18
12Z AVG MX 2MIN
DY MAX MIN AVG DEP HDD CDD WTR SNW DPTH SPD SPD DIR MIN PSBL S-S WX SPD DR
================================================================================
1 60 28 44 -2 21 0 0.00 M M 10.3 22 360 M M 0 31 30
2 60 29 45 -2 20 0 0.00 M M 8.1 18 110 M M 5 26 120
3 52 33 43 -4 22 0 0.00 M M 14.6 23 110 M M 4 12 32 110
4 57 35 46 -2 19 0 0.00 M M 8.0 15 140 M M 1 22 130
5 69 29 49 1 16 0 0.00 M M 8.3 20 130 M M 0 12 27 140
6 77 44 61 13 4 0 0.00 M M 9.5 23 230 M M 4 30 240
7 76 44 60 11 5 0 0.00 M M 13.0 30 310 M M 1 40 310
8 70 33 52 3 13 0 T M M 8.5 21 350 M M 5 29 350
9 55 37 46 -4 19 0 0.13 M M 15.0 33 280 M M 6 1 43 280
10 68 36 52 2 13 0 0.00 M M 10.6 22 230 M M 1 36 240
11 64 49 57 7 8 0 T M M 14.8 22 360 M M 6 29 360
12 56 46 51 0 14 0 0.65 M M 18.1 41 270 M M 5 123 53 270
13 65 41 53 2 12 0 0.04 M M 26.6 43 280 M M 6 138 59 270
14 64 38 51 0 14 0 T M M 15.4 31 260 M M 1 41 270
15 70 38 54 2 11 0 0.00 M M 10.6 24 290 M M 2 38 310
16 76 33 55 3 10 0 0.00 M M 8.6 20 120 M M 1 25 130
17 79 45 62 9 3 0 0.00 M M 8.0 23 320 M M 4 3 29 320
18 70 40 55 2 10 0 T M M 12.1 35 310 M M 3 8 47 300
19 56 38 47 -6 18 0 0.18 M M 15.0 40 310 M M 6 1 62 300
20 46 34 40 -14 25 0 0.04 M M 19.8 35 280 M M 9 1 45 280
21 46 30 38 -16 27 0 T M M 11.7 22 320 M M 10 8 30 330
22 58 24 41 -13 24 0 0.00 M M 5.7 13 130 M M 2 21 150
23 67 40 54 -1 11 0 0.31 M M 8.4 26 160 M M 3 1 36 150
24 66 37 52 -3 13 0 0.00 M M 7.6 15 120 M M 1 22 130
25 71 38 55 -1 10 0 0.00 M M 6.3 13 150 M M 3 17 160
26 77 43 60 4 5 0 0.00 M M 10.7 29 300 M M 0 52 300
27 81 38 60 4 5 0 0.04 M M 9.2 24 130 M M 1 35 130
28 79 43 61 5 4 0 0.12 M M 7.0 30 230 M M 5 12 43 220
29 72 46 59 2 6 0 0.00 M M 13.0 22 300 M M 4 30 300
30 58 47 53 -4 12 0 0.38 M M 15.6 25 320 M M 7 1 37 320
31 62 35 49 -9 16 0 0.00 M M 16.4 30 320 M M 6 1 43 310
================================================================================
SM 2027 1171 410 0 1.89 M 366.5 M 112
================================================================================
AV 65.4 37.8 11.8 FASTST M M 4 MAX(MPH)
MISC ----> 43 280 62 300
================================================================================
NOTES:
# LAST OF SEVERAL OCCURRENCES
COLUMN 17 PEAK WIND IN M.P.H.
PRELIMINARY LOCAL CLIMATOLOGICAL DATA (WS FORM: F-6) , PAGE 2
STATION: HETTINGER ND
MONTH: MAY
YEAR: 2022
LATITUDE: 46 0 N
LONGITUDE: 102 39 W
[TEMPERATURE DATA] [PRECIPITATION DATA] SYMBOLS USED IN COLUMN 16
AVERAGE MONTHLY: 51.6 TOTAL FOR MONTH: 1.89 1 = FOG OR MIST
DPTR FM NORMAL: -0.5 DPTR FM NORMAL: -0.43 2 = FOG REDUCING VISIBILITY
HIGHEST: 81 ON 27 GRTST 24HR 0.65 ON 12-12 TO 1/4 MILE OR LESS
LOWEST: 24 ON 22 3 = THUNDER
SNOW, ICE PELLETS, HAIL 4 = ICE PELLETS
TOTAL MONTH: M 5 = HAIL
GRTST 24HR M ON M 6 = FREEZING RAIN OR DRIZZLE
GRTST DEPTH: M ON M 7 = DUSTSTORM OR SANDSTORM:
VSBY 1/2 MILE OR LESS
8 = SMOKE OR HAZE
[NO. OF DAYS WITH] [WEATHER - DAYS WITH] 9 = BLOWING SNOW
X = TORNADO
MAX 32 OR BELOW: 0 0.01 INCH OR MORE: 9
MAX 90 OR ABOVE: 0 0.10 INCH OR MORE: 6
MIN 32 OR BELOW: 5 0.50 INCH OR MORE: 1
MIN 0 OR BELOW: 0 1.00 INCH OR MORE: 0
[HDD (BASE 65) ]
TOTAL THIS MO. 410 CLEAR (SCALE 0-3) 14
DPTR FM NORMAL 4 PTCLDY (SCALE 4-7) 15
TOTAL FM JUL 1 7710 CLOUDY (SCALE 8-10) 2
DPTR FM NORMAL -758
[CDD (BASE 65) ]
TOTAL THIS MO. 0
DPTR FM NORMAL -6 [PRESSURE DATA]
TOTAL FM JAN 1 0 HIGHEST SLP M ON M
DPTR FM NORMAL -6 LOWEST SLP 29.34 ON 7
[REMARKS]
#FINAL-05-22#