000
CXUS51 KLWX 010915
CF6HGR
PRELIMINARY LOCAL CLIMATOLOGICAL DATA (WS FORM: F-6)
STATION: HAGERSTOWN MD
MONTH: NOVEMBER
YEAR: 2022
LATITUDE: 39 42 N
LONGITUDE: 77 43 W
TEMPERATURE IN F: :PCPN: SNOW: WIND :SUNSHINE: SKY :PK WND
================================================================================
1 2 3 4 5 6A 6B 7 8 9 10 11 12 13 14 15 16 17 18
12Z AVG MX 2MIN
DY MAX MIN AVG DEP HDD CDD WTR SNW DPTH SPD SPD DIR MIN PSBL S-S WX SPD DR
================================================================================
1 72 52 62 11 3 0 T M M 5.6 18 300 M M 7 12 22 300
2 68 47 58 8 7 0 0.00 M M 3.1 10 40 M M 1 1 13 60
3 68 42 55 5 10 0 0.00 M M 4.3 9 180 M M 0 18 13 140
4 72 44 58 8 7 0 0.00 M M 6.4 16 160 M M 1 1 21 180
5 78 61 70 20 0 5 T M M 12.7 22 170 M M 6 1 30 180
6 74 65 70 21 0 5 0.02 M M 11.1 20 160 M M 6 27 180
7 75 53 64 15 1 0 0.00 M M 7.2 17 300 M M 0 23 320
8 59 38 49 1 16 0 0.00 M M 8.8 17 10 M M 0 23 30
9 57 34 46 -2 19 0 0.00 M M 4.1 12 180 M M 0 16 180
10 66 40 53 5 12 0 0.00 M M 3.1 14 180 M M 3 18 170
11 72 54 63 16 2 0 1.52 M M 8.0 23 150 M M 9 12 31 170
12 70 44 57 10 8 0 0.19 M M 10.3 30 290 M M 9 1 33 290
13 45 36 41 -6 24 0 0.00 M M 14.4 23 300 M M 9 31 300
14 45 31 38 -8 27 0 0.00 0.0 0 7.2 17 340 M M 4 21 340
15 38 28 33 -13 32 0 0.54 0.0 0 5.8 12 340 M M 6 14 15 40
16 44 34 39 -7 26 0 T M M 7.5 23 280 M M 8 1 27 280
17 38 34 36 -9 29 0 T M M 11.3 23 280 M M 9 30 310
18 41 30 36 -9 29 0 0.00 M M 11.1 24 270 M M 7 30 290
19 42 23 33 -12 32 0 0.00 M M 6.7 20 270 M M 0 24 270
20 35 24 30 -14 35 0 0.00 M M 15.2 31 290 M M 1 39 300
21 45 19 32 -12 33 0 0.00 M M 6.4 16 170 M M 0 21 170
22 55 29 42 -2 23 0 0.00 M M 4.4 10 200 M M 0 15 190
23 58 32 45 2 20 0 0.00 M M 3.6 12 310 M M 0 14 320
24 57 29 43 0 22 0 0.00 M M 4.9 14 160 M M 0 8 17 160
25 57 40 49 6 16 0 0.01 M M 9.5 26 300 M M 6 33 310
26 59 36 48 6 17 0 0.00 M M 4.8 14 280 M M 0 18 260
27 56 39 48 6 17 0 0.15 M M 4.4 15 310 M M 7 12 19 160
28 56 41 49 7 16 0 T M M 9.5 28 300 M M 8 33 310
29 50 37 44 3 21 0 0.00 M M 7.6 16 150 M M 6 20 140
30 55 36 46 5 19 0 0.16 M M 18.1 36 280 M M 5 1 46 280
================================================================================
SM 1707 1152 523 10 2.59 0.0 237.1 M 118
================================================================================
AV 56.9 38.4 7.9 FASTST M M 4 MAX(MPH)
MISC ----> 36 280 46 280
================================================================================
NOTES:
# LAST OF SEVERAL OCCURRENCES
COLUMN 17 PEAK WIND IN M.P.H.
PRELIMINARY LOCAL CLIMATOLOGICAL DATA (WS FORM: F-6) , PAGE 2
STATION: HAGERSTOWN MD
MONTH: NOVEMBER
YEAR: 2022
LATITUDE: 39 42 N
LONGITUDE: 77 43 W
[TEMPERATURE DATA] [PRECIPITATION DATA] SYMBOLS USED IN COLUMN 16
AVERAGE MONTHLY: 47.7 TOTAL FOR MONTH: 2.59 1 = FOG OR MIST
DPTR FM NORMAL: 1.8 DPTR FM NORMAL: -0.04 2 = FOG REDUCING VISIBILITY
HIGHEST: 78 ON 5 GRTST 24HR 1.68 ON 11-12 TO 1/4 MILE OR LESS
LOWEST: 19 ON 21 3 = THUNDER
SNOW, ICE PELLETS, HAIL 4 = ICE PELLETS
TOTAL MONTH: 0.0 INCH 5 = HAIL
GRTST 24HR 0.0 6 = FREEZING RAIN OR DRIZZLE
GRTST DEPTH: 0 7 = DUSTSTORM OR SANDSTORM:
VSBY 1/2 MILE OR LESS
8 = SMOKE OR HAZE
[NO. OF DAYS WITH] [WEATHER - DAYS WITH] 9 = BLOWING SNOW
X = TORNADO
MAX 32 OR BELOW: 0 0.01 INCH OR MORE: 7
MAX 90 OR ABOVE: 0 0.10 INCH OR MORE: 5
MIN 32 OR BELOW: 9 0.50 INCH OR MORE: 2
MIN 0 OR BELOW: 0 1.00 INCH OR MORE: 1
[HDD (BASE 65) ]
TOTAL THIS MO. 523 CLEAR (SCALE 0-3) 14
DPTR FM NORMAL -50 PTCLDY (SCALE 4-7) 12
TOTAL FM JUL 1 903 CLOUDY (SCALE 8-10) 4
DPTR FM NORMAL 3
[CDD (BASE 65) ]
TOTAL THIS MO. 10
DPTR FM NORMAL 10 [PRESSURE DATA]
TOTAL FM JAN 1 1285 HIGHEST SLP 30.69 ON 9
DPTR FM NORMAL 37 LOWEST SLP 29.43 ON 27
[REMARKS]
#FINAL-11-22#