000
CXUS54 KHGX 021411
CF6HGX
PRELIMINARY LOCAL CLIMATOLOGICAL DATA (WS FORM: F-6)
STATION: DICKINSON WFO
MONTH: MARCH
YEAR: 2022
LATITUDE: 29 28 N
LONGITUDE: 95 5 W
TEMPERATURE IN F: :PCPN: SNOW: WIND :SUNSHINE: SKY :PK WND
================================================================================
1 2 3 4 5 6A 6B 7 8 9 10 11 12 13 14 15 16 17 18
12Z AVG MX 2MIN
DY MAX MIN AVG DEP HDD CDD WTR SNW DPTH SPD SPD DIR MIN PSBL S-S WX SPD DR
================================================================================
1 69 39 54 -8 11 0 0.00 0.0 0 M M M M M M M M
2 71 40 56 -6 9 0 0.00 0.0 0 M M M M M M M M
3 72 52 62 0 3 0 0.00 0.0 0 M M M M M M M M
4 75 57 66 4 0 1 T 0.0 0 M M M M M M M M
5 79 68 74 12 0 9 0.00 0.0 0 M M M M M M 1 M M
6 78 69 74 12 0 9 0.00 0.0 0 M M M M M M M M
7 70 52 61 -2 4 0 T 0.0 0 M M M M M M M M
8 52 43 48 -15 17 0 0.07 0.0 0 M M M M M M M M
9 58 43 51 -12 14 0 T 0.0 0 M M M M M M M M
10 67 44 56 -7 9 0 0.00 0.0 0 M M M M M M M M
11 66 40 53 -10 12 0 0.01 0.0 0 M M M M M M M M
12 57 33 45 -19 20 0 0.00 0.0 0 M M M M M M M M
13 61 34 48 -16 17 0 0.00 0.0 0 M M M M M M M M
14 75 58 67 3 0 2 1.02 0.0 0 M M M M M M 3 M M
15 74 55 65 1 0 0 0.04 0.0 0 M M M M M M 3 M M
16 77 50 64 0 1 0 0.00 0.0 0 M M M M M M M M
17 75 56 66 2 0 1 0.11 0.0 0 M M M M M M M M
18 72 58 65 0 0 0 0.01 0.0 0 M M M M M M 8 M M
19 73 46 60 -5 5 0 0.00 0.0 0 M M M M M M M M
20 70 45 58 -7 7 0 0.00 0.0 0 M M M M M M M M
21 75 65 70 5 0 5 0.07 0.0 0 M M M M M M M M
22 75 52 64 -1 1 0 0.98 0.0 0 M M M M M M 3 M M
23 69 46 58 -8 7 0 0.00 0.0 0 M M M M M M M M
24 70 51 61 -5 4 0 0.00 0.0 0 M M M M M M M M
25 82 47 65 -1 0 0 0.00 0.0 0 M M M M M M M M
26 82 52 67 1 0 2 0.00 0.0 0 M M M M M M M M
27 82 62 72 6 0 7 0.00 0.0 0 M M M M M 0 M M
28 79 63 71 5 0 6 0.00 0.0 0 M M M M M M M M
29 78 69 74 7 0 9 0.02 0.0 0 M M M M M M M M
30 84 59 72 5 0 7 0.81 0.0 0 M M M M M M M M
31 76 53 65 -2 0 0 0.00 0.0 0 M M M M M M M M
================================================================================
SM 2243 1601 141 58 3.14 0.0 M M 0
================================================================================
AV 72.4 51.6 M FASTST M M 0 MAX(MPH)
MISC ----> M M M M
================================================================================
NOTES:
# LAST OF SEVERAL OCCURRENCES
COLUMN 17 PEAK WIND IN M.P.H.
PRELIMINARY LOCAL CLIMATOLOGICAL DATA (WS FORM: F-6) , PAGE 2
STATION: DICKINSON WFO
MONTH: MARCH
YEAR: 2022
LATITUDE: 29 28 N
LONGITUDE: 95 5 W
[TEMPERATURE DATA] [PRECIPITATION DATA] SYMBOLS USED IN COLUMN 16
AVERAGE MONTHLY: 62.0 TOTAL FOR MONTH: 3.14 1 = FOG OR MIST
DPTR FM NORMAL: -2.3 DPTR FM NORMAL: -0.16 2 = FOG REDUCING VISIBILITY
HIGHEST: 84 ON 30 GRTST 24HR 1.02 ON 14-14 TO 1/4 MILE OR LESS
LOWEST: 33 ON 12 3 = THUNDER
SNOW, ICE PELLETS, HAIL 4 = ICE PELLETS
TOTAL MONTH: 0.0 INCH 5 = HAIL
GRTST 24HR 0.0 6 = FREEZING RAIN OR DRIZZLE
GRTST DEPTH: 0 7 = DUSTSTORM OR SANDSTORM:
VSBY 1/2 MILE OR LESS
8 = SMOKE OR HAZE
[NO. OF DAYS WITH] [WEATHER - DAYS WITH] 9 = BLOWING SNOW
X = TORNADO
MAX 32 OR BELOW: 0 0.01 INCH OR MORE: 10
MAX 90 OR ABOVE: 0 0.10 INCH OR MORE: 4
MIN 32 OR BELOW: 0 0.50 INCH OR MORE: 3
MIN 0 OR BELOW: 0 1.00 INCH OR MORE: 1
[HDD (BASE 65) ]
TOTAL THIS MO. 141 CLEAR (SCALE 0-3) 1
DPTR FM NORMAL 32 PTCLDY (SCALE 4-7) 0
TOTAL FM JUL 1 1072 CLOUDY (SCALE 8-10) 30
DPTR FM NORMAL -44
[CDD (BASE 65) ]
TOTAL THIS MO. 58
DPTR FM NORMAL -29 [PRESSURE DATA]
TOTAL FM JAN 1 92 HIGHEST SLP M ON M
DPTR FM NORMAL -49 LOWEST SLP M ON M
[REMARKS]
#FINAL-03-22#