000
CXUS54 KJAN 011510
CF6HKS
PRELIMINARY LOCAL CLIMATOLOGICAL DATA (WS FORM: F-6)
STATION: JACKSON HAWKINS
MONTH: DECEMBER
YEAR: 2022
LATITUDE: 32 20 N
LONGITUDE: 90 14 W
TEMPERATURE IN F: :PCPN: SNOW: WIND :SUNSHINE: SKY :PK WND
================================================================================
1 2 3 4 5 6A 6B 7 8 9 10 11 12 13 14 15 16 17 18
12Z AVG MX 2MIN
DY MAX MIN AVG DEP HDD CDD WTR SNW DPTH SPD SPD DIR MIN PSBL S-S WX SPD DR
================================================================================
1 59 35 47 -5 18 0 0.00 0.0 0 5.7 16 70 M M 0 23 70
2 75 35 55 3 10 0 T 0.0 0 7.8 16 170 M M 2 23 160
3 79 53 66 15 0 1 0.04 0.0 0 6.2 16 360 M M 8 1 26 360
4 65 52 59 8 6 0 0.00 0.0 0 2.7 8 140 M M 9 13 350
5 72 57 65 14 0 0 0.00 0.0 0 6.7 14 190 M M 10 12 20 190
6 83 67 75 24 0 10 0.00 0.0 0 7.7 18 220 M M 6 26 200
7 83 67 75 24 0 10 0.00 0.0 0 5.7 15 240 M M 4 1 20 220
8 83 61 72 21 0 7 0.00 0.0 0 5.0 16 210 M M 5 128 20 220
9 76 59 68 18 0 3 0.00 0.0 0 4.8 14 250 M M 5 12 22 250
10 77 58 68 18 0 3 0.00 0.0 0 3.7 13 180 M M 5 12 17 190
11 69 59 64 14 1 0 0.13 0.0 0 3.5 13 130 M M 9 1 16 150
12 65 58 62 12 3 0 T 0.0 0 4.0 9 90 M M 10 1 16 50
13 72 61 67 17 0 2 0.01 0.0 0 12.0 21 130 M M 10 1 33 150
14 72 46 59 9 6 0 2.40 0.0 0 8.0 28 300 M M 10 123 39 300
15 58 38 48 -2 17 0 0.00 0.0 0 7.6 15 260 M M 0 21 280
16 60 36 48 -1 17 0 T 0.0 0 3.8 14 320 M M 4 23 320
17 54 37 46 -3 19 0 0.00 0.0 0 5.6 18 290 M M 3 29 280
18 53 29 41 -8 24 0 0.00 0.0 0 3.6 12 30 M M 0 8 20 20
19 45 32 39 -10 26 0 0.62 0.0 0 5.9 13 120 M M 8 1 21 120
20 47 41 44 -5 21 0 0.17 0.0 0 5.8 10 50 M M 10 1 17 70
21 49 44 47 -2 18 0 0.00 0.0 0 5.7 12 140 M M 10 1 16 130
22 60 23 42 -7 23 0 0.02 0.0 0 10.3 37 310 M M 9 1 49 300
23 23 12 18 -30 47 0 0.00 0.0 0 10.2 22 320 M M 1 37 350
24 33 17 25 -23 40 0 0.00 0.0 0 7.3 16 300 M M 0 24 330
25 40 19 30 -18 35 0 0.00 0.0 0 3.3 14 300 M M 0 8 19 290
26 50 22 36 -12 29 0 0.00 0.0 0 2.3 13 200 M M 2 8 17 200
27 55 25 40 -8 25 0 0.00 0.0 0 1.2 7 350 M M 0 9 30
28 70 29 50 2 15 0 T 0.0 0 9.9 23 170 M M 2 1 34 200
29 72 56 64 16 1 0 0.08 0.0 0 11.8 23 160 M M 5 1 30 160
30 66 54 60 12 5 0 1.25 0.0 0 6.4 24 100 M M 9 13 37 110
31 66 54 60 12 5 0 T 0.0 0 3.2 9 170 M M 7 12 13 170
================================================================================
SM 1931 1336 411 36 4.72 0.0 187.4 M 163
================================================================================
AV 62.3 43.1 6.0 FASTST M M 5 MAX(MPH)
MISC ----> 37 310 49 300
================================================================================
NOTES:
# LAST OF SEVERAL OCCURRENCES
COLUMN 17 PEAK WIND IN M.P.H.
PRELIMINARY LOCAL CLIMATOLOGICAL DATA (WS FORM: F-6) , PAGE 2
STATION: JACKSON HAWKINS
MONTH: DECEMBER
YEAR: 2022
LATITUDE: 32 20 N
LONGITUDE: 90 14 W
[TEMPERATURE DATA] [PRECIPITATION DATA] SYMBOLS USED IN COLUMN 16
AVERAGE MONTHLY: 52.7 TOTAL FOR MONTH: 4.72 1 = FOG OR MIST
DPTR FM NORMAL: 3.2 DPTR FM NORMAL: 0.01 2 = FOG REDUCING VISIBILITY
HIGHEST: 83 ON 8, 7 GRTST 24HR 2.41 ON 13-14 TO 1/4 MILE OR LESS
LOWEST: 12 ON 23 3 = THUNDER
SNOW, ICE PELLETS, HAIL 4 = ICE PELLETS
TOTAL MONTH: 0.0 INCH 5 = HAIL
GRTST 24HR 0.0 6 = FREEZING RAIN OR DRIZZLE
GRTST DEPTH: 0 7 = DUSTSTORM OR SANDSTORM:
VSBY 1/2 MILE OR LESS
8 = SMOKE OR HAZE
[NO. OF DAYS WITH] [WEATHER - DAYS WITH] 9 = BLOWING SNOW
X = TORNADO
MAX 32 OR BELOW: 1 0.01 INCH OR MORE: 9
MAX 90 OR ABOVE: 0 0.10 INCH OR MORE: 5
MIN 32 OR BELOW: 9 0.50 INCH OR MORE: 3
MIN 0 OR BELOW: 0 1.00 INCH OR MORE: 2
[HDD (BASE 65) ]
TOTAL THIS MO. 411 CLEAR (SCALE 0-3) 11
DPTR FM NORMAL -80 PTCLDY (SCALE 4-7) 9
TOTAL FM JUL 1 747 CLOUDY (SCALE 8-10) 11
DPTR FM NORMAL -115
[CDD (BASE 65) ]
TOTAL THIS MO. 36
DPTR FM NORMAL 26 [PRESSURE DATA]
TOTAL FM JAN 1 2782 HIGHEST SLP 30.59 ON 24
DPTR FM NORMAL 259 LOWEST SLP 29.58 ON 14
[REMARKS]
#FINAL-12-22#