000
CXUS54 KJAN 012049
CF6HKS
PRELIMINARY LOCAL CLIMATOLOGICAL DATA (WS FORM: F-6)
STATION: JACKSON HAWKINS
MONTH: MARCH
YEAR: 2022
LATITUDE: 32 20 N
LONGITUDE: 90 14 W
TEMPERATURE IN F: :PCPN: SNOW: WIND :SUNSHINE: SKY :PK WND
================================================================================
1 2 3 4 5 6A 6B 7 8 9 10 11 12 13 14 15 16 17 18
12Z AVG MX 2MIN
DY MAX MIN AVG DEP HDD CDD WTR SNW DPTH SPD SPD DIR MIN PSBL S-S WX SPD DR
================================================================================
1 72 35 54 -1 11 0 0.00 0.0 0 1.7 9 300 M M 0 8 13 300
2 78 36 57 2 8 0 0.00 0.0 0 1.2 10 150 M M 0 14 180
3 80 40 60 4 5 0 0.00 0.0 0 0.8 9 270 M M 0 13 280
4 83 43 63 7 2 0 0.00 0.0 0 6.1 18 180 M M 0 25 180
5 82 53 68 12 0 3 T 0.0 0 11.6 23 180 M M 6 1 32 170
6 85 67 76 20 0 11 0.00 0.0 0 12.9 22 190 M M 8 33 200
7 73 46 60 3 5 0 0.05 0.0 0 9.0 21 310 M M 7 1 34 350
8 49 44 47 -10 18 0 4.14 0.0 0 5.7 17 300 M M 10 13 23 310
9 49 43 46 -11 19 0 T 0.0 0 5.1 13 320 M M 9 1 19 320
10 69 44 57 0 8 0 0.00 0.0 0 3.2 13 70 M M 3 19 110
11 76 34 55 -3 10 0 0.07 0.0 0 6.9 26 310 M M 5 1 37 320
12 45 28 37 -21 28 0 T M 0 9.5 22 320 M M 2 38 350
13 62 26 44 -14 21 0 0.00 0.0 0 4.7 12 200 M M 0 18 200
14 70 39 55 -3 10 0 0.02 0.0 0 8.3 21 160 M M 7 28 150
15 64 55 60 1 5 0 1.09 0.0 0 5.5 16 70 M M 10 1 25 70
16 64 50 57 -2 8 0 T 0.0 0 4.4 10 250 M M 9 1 13 260
17 78 46 62 3 3 0 0.00 0.0 0 7.3 18 160 M M 0 12 27 170
18 79 51 65 6 0 0 1.52 0.0 0 11.7 24 260 M M 5 13 32 240
19 67 44 56 -4 9 0 0.00 0.0 0 6.2 18 300 M M 0 27 300
20 78 40 59 -1 6 0 0.00 0.0 0 1.9 12 140 M M 0 16 110
21 79 46 63 3 2 0 0.00 0.0 0 11.2 23 140 M M 1 31 140
22 73 57 65 5 0 0 2.47 0.0 0 10.9 28 300 M M 10 123 39 10
23 65 47 56 -4 9 0 0.02 0.0 0 8.9 22 250 M M 6 36 240
24 71 40 56 -5 9 0 0.00 0.0 0 6.8 25 270 M M 1 38 240
25 69 41 55 -6 10 0 0.00 0.0 0 5.6 20 300 M M 0 28 310
26 74 45 60 -1 5 0 0.00 0.0 0 3.4 14 300 M M 0 8 20 290
27 84 47 66 5 0 1 0.00 0.0 0 4.5 18 260 M M 1 23 260
28 82 50 66 4 0 1 0.00 0.0 0 5.7 18 250 M M 2 28 270
29 85 60 73 11 0 8 0.00 0.0 0 12.7 28 170 M M 2 40 170
30 81 57 69 7 0 4 1.80 0.0 0 15.3 38 170 M M 7 123 54 160
31 68 50 59 -3 6 0 T 0.0 0 7.7 20 310 M M 3 26 310
================================================================================
SM 2234 1404 217 28 11.18 0.0 216.4 M 114
================================================================================
AV 72.1 45.3 7.0 FASTST M M 4 MAX(MPH)
MISC ----> 38 170 54 160
================================================================================
NOTES:
# LAST OF SEVERAL OCCURRENCES
COLUMN 17 PEAK WIND IN M.P.H.
PRELIMINARY LOCAL CLIMATOLOGICAL DATA (WS FORM: F-6) , PAGE 2
STATION: JACKSON HAWKINS
MONTH: MARCH
YEAR: 2022
LATITUDE: 32 20 N
LONGITUDE: 90 14 W
[TEMPERATURE DATA] [PRECIPITATION DATA] SYMBOLS USED IN COLUMN 16
AVERAGE MONTHLY: 58.7 TOTAL FOR MONTH: 11.18 1 = FOG OR MIST
DPTR FM NORMAL: 0.0 DPTR FM NORMAL: 6.35 2 = FOG REDUCING VISIBILITY
HIGHEST: 85 ON 29, 6 GRTST 24HR 4.14 ON 8- 8 TO 1/4 MILE OR LESS
LOWEST: 26 ON 13 3 = THUNDER
SNOW, ICE PELLETS, HAIL 4 = ICE PELLETS
TOTAL MONTH: 0.0 INCH 5 = HAIL
GRTST 24HR 0.0 6 = FREEZING RAIN OR DRIZZLE
GRTST DEPTH: 0 7 = DUSTSTORM OR SANDSTORM:
VSBY 1/2 MILE OR LESS
8 = SMOKE OR HAZE
[NO. OF DAYS WITH] [WEATHER - DAYS WITH] 9 = BLOWING SNOW
X = TORNADO
MAX 32 OR BELOW: 0 0.01 INCH OR MORE: 9
MAX 90 OR ABOVE: 0 0.10 INCH OR MORE: 5
MIN 32 OR BELOW: 2 0.50 INCH OR MORE: 5
MIN 0 OR BELOW: 0 1.00 INCH OR MORE: 5
[HDD (BASE 65) ]
TOTAL THIS MO. 217 CLEAR (SCALE 0-3) 17
DPTR FM NORMAL -13 PTCLDY (SCALE 4-7) 9
TOTAL FM JUL 1 1753 CLOUDY (SCALE 8-10) 5
DPTR FM NORMAL -279
[CDD (BASE 65) ]
TOTAL THIS MO. 28
DPTR FM NORMAL -8 [PRESSURE DATA]
TOTAL FM JAN 1 54 HIGHEST SLP 30.45 ON 13
DPTR FM NORMAL 1 LOWEST SLP 29.44 ON 30
[REMARKS]
#FINAL-03-22#