000
CXUS54 KJAN 011529
CF6HKS
PRELIMINARY LOCAL CLIMATOLOGICAL DATA (WS FORM: F-6)
STATION: JACKSON HAWKINS
MONTH: MARCH
YEAR: 2020
LATITUDE: 32 20 N
LONGITUDE: 90 14 W
TEMPERATURE IN F: :PCPN: SNOW: WIND :SUNSHINE: SKY :PK WND
================================================================================
1 2 3 4 5 6A 6B 7 8 9 10 11 12 13 14 15 16 17 18
12Z AVG MX 2MIN
DY MAX MIN AVG DEP HDD CDD WTR SNW DPTH SPD SPD DIR MIN PSBL S-S WX SPD DR
================================================================================
1 72 44 58 4 7 0 T 0.0 0 11.5 23 180 M M 3 31 170
2 74 57 66 12 0 1 0.10 0.0 0 9.0 17 210 M M 8 8 25 240
3 74 65 70 15 0 5 0.07 0.0 0 7.4 15 280 M M 9 13 20 270
4 65 52 59 4 6 0 1.77 0.0 0 9.7 21 100 M M 9 13 35 110
5 66 47 57 2 8 0 0.36 0.0 0 6.9 18 310 M M 5 1 28 300
6 62 46 54 -1 11 0 0.00 0.0 0 7.8 17 320 M M 0 28 340
7 64 40 52 -4 13 0 0.00 0.0 0 4.2 14 70 M M 0 21 80
8 71 44 58 2 7 0 0.00 0.0 0 8.8 16 150 M M 0 22 160
9 73 54 64 8 1 0 0.05 0.0 0 10.8 21 170 M M 6 30 150
10 78 62 70 14 0 5 0.31 0.0 0 5.0 16 180 M M 7 1 23 170
11 80 64 72 16 0 7 0.00 0.0 0 8.5 17 220 M M 5 26 220
12 83 62 73 16 0 8 0.00 0.0 0 11.8 22 200 M M 1 33 210
13 75 64 70 13 0 5 T 0.0 0 5.1 14 220 M M 7 8 22 50
14 80 63 72 15 0 7 0.00 0.0 0 5.5 13 190 M M 6 1 18 170
15 76 55 66 9 0 1 0.00 0.0 0 6.0 14 320 M M 6 1 19 310
16 80 54 67 9 0 2 0.00 0.0 0 4.4 13 210 M M 4 18 190
17 81 60 71 13 0 6 0.00 0.0 0 3.4 12 10 M M 4 1 20 170
18 83 66 75 17 0 10 0.00 0.0 0 9.6 17 200 M M 6 23 170
19 85 70 78 20 0 13 T 0.0 0 12.1 21 170 M M 7 33 160
20 82 62 72 14 0 7 0.89 0.0 0 7.4 26 320 M M 8 1 39 320
21 63 53 58 -1 7 0 0.01 0.0 0 5.9 13 90 M M 10 1 19 120
22 74 51 63 4 2 0 1.08 0.0 0 8.0 15 190 M M 9 1 20 190
23 76 66 71 12 0 6 0.01 0.0 0 6.0 15 240 M M 8 1 20 240
24 82 63 73 14 0 8 0.03 0.0 0 9.7 23 210 M M 6 18 31 220
25 81 61 71 11 0 6 0.00 0.0 0 3.7 13 230 M M 4 1 17 250
26 88 57 73 13 0 8 0.00 0.0 0 8.1 16 180 M M 0 1 24 170
27 88 67 78 18 0 13 0.00 0.0 0 9.0 20 170 M M 3 27 160
28 87 68 78 18 0 13 0.54 0.0 0 11.5 28 290 M M 5 138 44 300
29 74 58 66 6 0 1 0.09 0.0 0 2.8 23 280 M M 1 13 34 280
30 75 59 67 6 0 2 T 0.0 0 5.7 16 130 M M 5 23 110
31 68 48 58 -3 7 0 0.46 0.0 0 8.9 22 280 M M 7 13 31 270
================================================================================
SM 2360 1782 69 134 5.77 0.0 234.2 M 159
================================================================================
AV 76.1 57.5 7.6 FASTST M M 5 MAX(MPH)
MISC ----> # 28 290 # 44 300
================================================================================
NOTES:
# LAST OF SEVERAL OCCURRENCES
COLUMN 17 PEAK WIND IN M.P.H.
PRELIMINARY LOCAL CLIMATOLOGICAL DATA (WS FORM: F-6) , PAGE 2
STATION: JACKSON HAWKINS
MONTH: MARCH
YEAR: 2020
LATITUDE: 32 20 N
LONGITUDE: 90 14 W
[TEMPERATURE DATA] [PRECIPITATION DATA] SYMBOLS USED IN COLUMN 16
AVERAGE MONTHLY: 66.8 TOTAL FOR MONTH: 5.77 1 = FOG OR MIST
DPTR FM NORMAL: 9.2 DPTR FM NORMAL: 0.67 2 = FOG REDUCING VISIBILITY
HIGHEST: 88 ON 27,26 GRTST 24HR 1.77 ON 4- 4 TO 1/4 MILE OR LESS
LOWEST: 40 ON 7 3 = THUNDER
SNOW, ICE PELLETS, HAIL 4 = ICE PELLETS
TOTAL MONTH: 0.0 INCH 5 = HAIL
GRTST 24HR 0.0 6 = FREEZING RAIN OR DRIZZLE
GRTST DEPTH: 0 7 = DUSTSTORM OR SANDSTORM:
VSBY 1/2 MILE OR LESS
8 = SMOKE OR HAZE
[NO. OF DAYS WITH] [WEATHER - DAYS WITH] 9 = BLOWING SNOW
X = TORNADO
MAX 32 OR BELOW: 0 0.01 INCH OR MORE: 14
MAX 90 OR ABOVE: 0 0.10 INCH OR MORE: 8
MIN 32 OR BELOW: 0 0.50 INCH OR MORE: 4
MIN 0 OR BELOW: 0 1.00 INCH OR MORE: 2
[HDD (BASE 65) ]
TOTAL THIS MO. 69 CLEAR (SCALE 0-3) 8
DPTR FM NORMAL -187 PTCLDY (SCALE 4-7) 17
TOTAL FM JUL 1 1683 CLOUDY (SCALE 8-10) 6
DPTR FM NORMAL -436
[CDD (BASE 65) ]
TOTAL THIS MO. 134
DPTR FM NORMAL 107 [PRESSURE DATA]
TOTAL FM JAN 1 148 HIGHEST SLP M ON M
DPTR FM NORMAL 109 LOWEST SLP 29.66 ON 31
[REMARKS]
#FINAL-03-20#