000
CXUS52 KGSP 011553
CF6HKY
PRELIMINARY LOCAL CLIMATOLOGICAL DATA (WS FORM: F-6)
STATION: HICKORY NC
MONTH: AUGUST
YEAR: 2021
LATITUDE: 35 45 N
LONGITUDE: 81 23 W
TEMPERATURE IN F: :PCPN: SNOW: WIND :SUNSHINE: SKY :PK WND
================================================================================
1 2 3 4 5 6A 6B 7 8 9 10 11 12 13 14 15 16 17 18
12Z AVG MX 2MIN
DY MAX MIN AVG DEP HDD CDD WTR SNW DPTH SPD SPD DIR MIN PSBL S-S WX SPD DR
================================================================================
1 88 71 80 2 0 15 0.00 M M 5.2 18 340 M M 2 18 27 330
2 84 63 74 -3 0 9 0.00 M M 4.4 13 50 M M 3 18 50
3 81 67 74 -3 0 9 0.08 M M 5.6 12 70 M M 6 1 17 70
4 82 62 72 -5 0 7 0.00 M M 4.9 13 30 M M 4 20 20
5 86 63 75 -2 0 10 0.00 M M 3.1 12 70 M M 2 16 90
6 86 62 74 -3 0 9 0.00 M M 2.1 10 360 M M 2 1 16 60
7 90 65 78 1 0 13 0.03 M M 3.1 18 310 M M 4 13 25 320
8 91 62 77 0 0 12 0.00 M M 2.7 12 100 M M 2 12 16 80
9 91 67 79 2 0 14 0.00 M M 4.3 13 190 M M 2 1 18 270
10 96 72 84 7 0 19 0.00 M M 2.6 15 270 M M 3 3 21 270
11 94 70 82 5 0 17 0.05 M M 2.8 18 240 M M 1 13 23 240
12 94 69 82 5 0 17 1.52 M M 3.0 25 20 M M 2 13 34 10
13 93 68 81 4 0 16 0.00 M M 2.5 10 330 M M 1 123 15 350
14 94 70 82 5 0 17 1.02 M M 3.0 13 280 M M 2 13 16 240
15 83 69 76 -1 0 11 1.30 M M 1.9 16 230 M M 8 123 22 230
16 85 70 78 2 0 13 0.40 M M 2.2 9 190 M M 7 13 16 190
17 81 71 76 0 0 11 2.17 M M 6.3 25 250 M M 10 13 37 240
18 88 70 79 3 0 14 0.00 M M 4.1 12 190 M M 5 18 180
19 90 69 80 4 0 15 0.29 M M 3.1 20 270 M M 1 13 25 280
20 89 69 79 3 0 14 0.00 M M 3.4 12 20 M M 4 123 15 30
21 87 68 78 2 0 13 0.22 M M 2.7 12 290 M M 3 13 16 270
22 90 69 80 4 0 15 T M M 2.0 12 10 M M 4 12 17 10
23 91 70 81 5 0 16 0.00 M M 2.9 9 360 M M 1 14 10
24 93 71 82 6 0 17 0.00 M M 3.0 9 10 M M 0 12 10
25 93 72 83 7 0 18 0.02 M M 2.2 15 210 M M 3 13 22 190
26 88 69 79 4 0 14 0.02 M M 3.0 13 210 M M 1 13 18 200
27 89 68 79 4 0 14 0.00 M M 2.1 12 200 M M 2 12 15 210
28 91 70 81 6 0 16 0.00 M M 2.4 10 220 M M 1 17 240
29 90 69 80 5 0 15 0.00 M M 2.3 12 200 M M 0 15 200
30 91 68 80 5 0 15 0.00 M M 3.3 13 240 M M 1 17 210
31 85 70 78 3 0 13 0.03 M M 2.7 21 210 M M 3 1 28 190
================================================================================
SM 2754 2113 0 428 7.15 M 98.9 M 90
================================================================================
AV 88.8 68.2 3.2 FASTST M M 3 MAX(MPH)
MISC ----> # 25 20 37 240
================================================================================
NOTES:
# LAST OF SEVERAL OCCURRENCES
COLUMN 17 PEAK WIND IN M.P.H.
PRELIMINARY LOCAL CLIMATOLOGICAL DATA (WS FORM: F-6) , PAGE 2
STATION: HICKORY NC
MONTH: AUGUST
YEAR: 2021
LATITUDE: 35 45 N
LONGITUDE: 81 23 W
[TEMPERATURE DATA] [PRECIPITATION DATA] SYMBOLS USED IN COLUMN 16
AVERAGE MONTHLY: 78.5 TOTAL FOR MONTH: 7.15 1 = FOG OR MIST
DPTR FM NORMAL: 2.1 DPTR FM NORMAL: 2.57 2 = FOG REDUCING VISIBILITY
HIGHEST: 96 ON 10 GRTST 24HR 2.25 ON 14-15 TO 1/4 MILE OR LESS
LOWEST: 62 ON 8, 6 3 = THUNDER
SNOW, ICE PELLETS, HAIL 4 = ICE PELLETS
TOTAL MONTH: M 5 = HAIL
GRTST 24HR M ON M 6 = FREEZING RAIN OR DRIZZLE
GRTST DEPTH: M ON M 7 = DUSTSTORM OR SANDSTORM:
VSBY 1/2 MILE OR LESS
8 = SMOKE OR HAZE
[NO. OF DAYS WITH] [WEATHER - DAYS WITH] 9 = BLOWING SNOW
X = TORNADO
MAX 32 OR BELOW: 0 0.01 INCH OR MORE: 13
MAX 90 OR ABOVE: 16 0.10 INCH OR MORE: 7
MIN 32 OR BELOW: 0 0.50 INCH OR MORE: 4
MIN 0 OR BELOW: 0 1.00 INCH OR MORE: 4
[HDD (BASE 65) ]
TOTAL THIS MO. 0 CLEAR (SCALE 0-3) 21
DPTR FM NORMAL 0 PTCLDY (SCALE 4-7) 9
TOTAL FM JUL 1 0 CLOUDY (SCALE 8-10) 1
DPTR FM NORMAL 0
[CDD (BASE 65) ]
TOTAL THIS MO. 428
DPTR FM NORMAL 76 [PRESSURE DATA]
TOTAL FM JAN 1 1280 HIGHEST SLP 30.19 ON 28
DPTR FM NORMAL 100 LOWEST SLP 29.65 ON 31
[REMARKS]
#FINAL-08-21#