000
CXUS53 KGLD 010800
CF6HLC
PRELIMINARY LOCAL CLIMATOLOGICAL DATA (WS FORM: F-6)
STATION: HILL CITY KS
MONTH: AUGUST
YEAR: 2021
LATITUDE: 39 22 N
LONGITUDE: 99 50 W
TEMPERATURE IN F: :PCPN: SNOW: WIND :SUNSHINE: SKY :PK WND
================================================================================
1 2 3 4 5 6A 6B 7 8 9 10 11 12 13 14 15 16 17 18
12Z AVG MX 2MIN
DY MAX MIN AVG DEP HDD CDD WTR SNW DPTH SPD SPD DIR MIN PSBL S-S WX SPD DR
================================================================================
1 87 59 73 -6 0 8 0.00 M M 7.5 17 40 M M 3 18 26 70
2 87 55 71 -8 0 6 0.00 M M 4.6 14 120 M M 1 18 20 100
3 91 55 73 -6 0 8 0.00 M M 7.9 18 170 M M 0 18 26 170
4 93 59 76 -3 0 11 0.00 M M 8.7 23 240 M M 1 18 31 230
5 94 64 79 0 0 14 0.00 M M 4.2 10 200 M M 1 18 15 200
6 99 66 83 4 0 18 0.00 M M 11.4 22 170 M M 0 8 35 160
7 98 70 84 6 0 19 0.07 M M 9.1 33 340 M M 1 138 53 350
8 96 60 78 0 0 13 0.00 M M 4.6 13 80 M M 0 18 22 90
9 101 60 81 3 0 16 0.00 M M 7.4 28 350 M M 0 38 35 350
10 93 66 80 2 0 15 T M M 7.2 24 10 M M 1 38 34 10
11 95 67 81 3 0 16 0.00 M M 6.2 15 70 M M 0 18 21 50
12 98 62 80 2 0 15 0.05 M M 7.3 23 50 M M 1 138 31 50
13 86 65 76 -2 0 11 T M M 7.5 15 50 M M 5 20 60
14 90 61 76 -1 0 11 0.00 M M 7.7 16 150 M M 2 23 160
15 89 63 76 -1 0 11 0.01 M M 11.4 29 140 M M 3 3 39 130
16 91 66 79 2 0 14 0.01 M M 9.2 17 180 M M 1 13 24 200
17 92 60 76 -1 0 11 0.00 M M 9.5 20 150 M M 0 1 30 150
18 88 66 77 0 0 12 0.00 M M 10.7 22 150 M M 2 1 34 200
19 89 69 79 3 0 14 0.00 M M 13.2 25 140 M M 4 18 37 140
20 88 59 74 -2 0 9 0.00 M M 10.7 24 350 M M 3 18 35 340
21 84 57 71 -5 0 6 T M M 7.3 15 90 M M 2 23 80
22 98 63 81 5 0 16 T M M 12.2 25 170 M M 2 35 170
23 101 70 86 10 0 21 T M M 10.9 21 190 M M 0 3 31 170
24 103 64 84 9 0 19 0.00 M M 7.2 17 10 M M 0 8 25 10
25 96 71 84 9 0 19 0.00 M M 10.7 18 80 M M 0 27 90
26 101 72 87 12 0 22 T M M 10.6 25 170 M M 1 41 170
27 100 73 87 12 0 22 0.00 M M 11.1 21 180 M M 1 33 200
28 98 75 87 13 0 22 0.00 M M 15.2 23 160 M M 0 38 170
29 86 67 77 3 0 12 T M M 10.1 26 70 M M 5 1 35 60
30 95 61 78 4 0 13 0.00 M M 9.1 20 160 M M 2 12 32 170
31 99 68 84 10 0 19 0.00 M M 10.4 21 90 M M 0 28 70
================================================================================
SM 2906 1993 0 443 0.14 M 280.8 M 42
================================================================================
AV 93.7 64.3 9.1 FASTST M M 1 MAX(MPH)
MISC ----> 33 340 53 350
================================================================================
NOTES:
# LAST OF SEVERAL OCCURRENCES
COLUMN 17 PEAK WIND IN M.P.H.
PRELIMINARY LOCAL CLIMATOLOGICAL DATA (WS FORM: F-6) , PAGE 2
STATION: HILL CITY KS
MONTH: AUGUST
YEAR: 2021
LATITUDE: 39 22 N
LONGITUDE: 99 50 W
[TEMPERATURE DATA] [PRECIPITATION DATA] SYMBOLS USED IN COLUMN 16
AVERAGE MONTHLY: 79.0 TOTAL FOR MONTH: 0.14 1 = FOG OR MIST
DPTR FM NORMAL: 2.2 DPTR FM NORMAL: -2.81 2 = FOG REDUCING VISIBILITY
HIGHEST: 103 ON 24 GRTST 24HR 0.07 ON 7- 7 TO 1/4 MILE OR LESS
LOWEST: 55 ON 3, 2 3 = THUNDER
SNOW, ICE PELLETS, HAIL 4 = ICE PELLETS
TOTAL MONTH: M 5 = HAIL
GRTST 24HR M ON M 6 = FREEZING RAIN OR DRIZZLE
GRTST DEPTH: M ON M 7 = DUSTSTORM OR SANDSTORM:
VSBY 1/2 MILE OR LESS
8 = SMOKE OR HAZE
[NO. OF DAYS WITH] [WEATHER - DAYS WITH] 9 = BLOWING SNOW
X = TORNADO
MAX 32 OR BELOW: 0 0.01 INCH OR MORE: 4
MAX 90 OR ABOVE: 22 0.10 INCH OR MORE: 0
MIN 32 OR BELOW: 0 0.50 INCH OR MORE: 0
MIN 0 OR BELOW: 0 1.00 INCH OR MORE: 0
[HDD (BASE 65) ]
TOTAL THIS MO. 0 CLEAR (SCALE 0-3) 27
DPTR FM NORMAL -2 PTCLDY (SCALE 4-7) 4
TOTAL FM JUL 1 0 CLOUDY (SCALE 8-10) 0
DPTR FM NORMAL -1
[CDD (BASE 65) ]
TOTAL THIS MO. 443
DPTR FM NORMAL 75 [PRESSURE DATA]
TOTAL FM JAN 1 1350 HIGHEST SLP M ON M
DPTR FM NORMAL 144 LOWEST SLP 29.59 ON 31
[REMARKS]
#FINAL-08-21#