000
CXUS53 KGLD 031627
CF6HLC
PRELIMINARY LOCAL CLIMATOLOGICAL DATA (WS FORM: F-6)
STATION: HILL CITY KS
MONTH: FEBRUARY
YEAR: 2020
LATITUDE: 39 22 N
LONGITUDE: 99 50 W
TEMPERATURE IN F: :PCPN: SNOW: WIND :SUNSHINE: SKY :PK WND
================================================================================
1 2 3 4 5 6A 6B 7 8 9 10 11 12 13 14 15 16 17 18
12Z AVG MX 2MIN
DY MAX MIN AVG DEP HDD CDD WTR SNW DPTH SPD SPD DIR MIN PSBL S-S WX SPD DR
================================================================================
1 67 27 47 17 18 0 0.00 M M 9.2 21 260 M M 0 28 270
2 83 36 60 30 5 0 0.00 M M 9.2 21 180 M M 0 31 190
3 57 28 43 13 22 0 T M M 19.9 35 20 M M 8 16 43 30
4 33 24 29 -2 36 0 0.00 M M 18.2 26 30 M M 10 35 20
5 35 12 24 -7 41 0 0.00 M M 5.6 14 10 M M 3 19 360
6 47 14 31 0 34 0 0.00 M M 9.1 20 340 M M 3 26 300
7 44 19 32 1 33 0 T M M 7.9 17 330 M M 5 23 330
8 57 16 37 6 28 0 0.00 M M 8.4 29 190 M M 2 12 42 190
9 41 19 30 -1 35 0 0.00 M M 13.8 32 20 M M 1 43 350
10 45 19 32 0 33 0 0.00 M M 7.0 17 350 M M 4 22 360
11 45 22 34 2 31 0 0.00 M M 8.3 20 360 M M 3 26 190
12 46 12 29 -3 36 0 0.00 M M 12.1 40 350 M M 3 49 350
13 20 9 15 -17 50 0 0.00 M M 6.9 16 360 M M 7 23 360
14 45 11 28 -4 37 0 0.00 M M 12.9 25 200 M M 2 38 170
15 52 21 37 4 28 0 0.00 M M 6.1 21 20 M M 0 27 10
16 55 26 41 8 24 0 0.00 M M 6.4 15 210 M M 1 23 200
17 56 31 44 11 21 0 0.00 M M 11.6 30 350 M M 7 38 350
18 45 21 33 -1 32 0 0.00 M M 4.7 10 10 M M 5 14 30
19 34 16 25 -9 40 0 0.01 M M 11.3 21 50 M M 9 18 26 40
20 32 4 18 -16 47 0 T M M 8.2 20 10 M M 2 1 24 20
21 49 18 34 0 31 0 0.00 M M 9.6 20 200 M M 0 1 27 230
22 66 20 43 8 22 0 0.00 M M 4.8 13 210 M M 0 1 18 210
23 53 29 41 6 24 0 0.52 M M 9.9 24 20 M M 5 1 34 70
24 54 33 44 9 21 0 0.12 M M 11.5 24 290 M M 7 1 35 320
25 34 24 29 -7 36 0 0.03 M M 20.7 32 350 M M 10 1 42 10
26 37 17 27 -9 38 0 0.00 M M 9.7 22 350 M M 2 27 350
27 44 27 36 0 29 0 T M M 9.0 25 360 M M 2 33 320
28 58 27 43 6 22 0 0.00 M M 9.5 22 340 M M 0 28 300
29 69 26 48 11 17 0 0.00 M M 6.5 20 220 M M 0 25 210
================================================================================
SM 1403 608 871 0 0.68 M 288.0 M 101
================================================================================
AV 48.4 21.0 9.9 FASTST M M 3 MAX(MPH)
MISC ----> # 40 350 # 49 350
================================================================================
NOTES:
# LAST OF SEVERAL OCCURRENCES
COLUMN 17 PEAK WIND IN M.P.H.
PRELIMINARY LOCAL CLIMATOLOGICAL DATA (WS FORM: F-6) , PAGE 2
STATION: HILL CITY KS
MONTH: FEBRUARY
YEAR: 2020
LATITUDE: 39 22 N
LONGITUDE: 99 50 W
[TEMPERATURE DATA] [PRECIPITATION DATA] SYMBOLS USED IN COLUMN 16
AVERAGE MONTHLY: 34.7 TOTAL FOR MONTH: 0.68 1 = FOG OR MIST
DPTR FM NORMAL: 1.8 DPTR FM NORMAL: 0.16 2 = FOG REDUCING VISIBILITY
HIGHEST: 83 ON 2 GRTST 24HR 0.52 ON 23-23 TO 1/4 MILE OR LESS
LOWEST: 4 ON 20 3 = THUNDER
SNOW, ICE PELLETS, HAIL 4 = ICE PELLETS
TOTAL MONTH: M 5 = HAIL
GRTST 24HR M ON M 6 = FREEZING RAIN OR DRIZZLE
GRTST DEPTH: M ON M 7 = DUSTSTORM OR SANDSTORM:
VSBY 1/2 MILE OR LESS
8 = SMOKE OR HAZE
[NO. OF DAYS WITH] [WEATHER - DAYS WITH] 9 = BLOWING SNOW
X = TORNADO
MAX 32 OR BELOW: 2 0.01 INCH OR MORE: 4
MAX 90 OR ABOVE: 0 0.10 INCH OR MORE: 2
MIN 32 OR BELOW: 27 0.50 INCH OR MORE: 1
MIN 0 OR BELOW: 0 1.00 INCH OR MORE: 0
[HDD (BASE 65) ]
TOTAL THIS MO. 871 CLEAR (SCALE 0-3) 17
DPTR FM NORMAL -28 PTCLDY (SCALE 4-7) 8
TOTAL FM JUL 1 4032 CLOUDY (SCALE 8-10) 4
DPTR FM NORMAL -246
[CDD (BASE 65) ]
TOTAL THIS MO. 0
DPTR FM NORMAL 0 [PRESSURE DATA]
TOTAL FM JAN 1 0 HIGHEST SLP M ON M
DPTR FM NORMAL 0 LOWEST SLP 29.46 ON M
[REMARKS]
#FINAL-02-20#