000
CXHW50 PHFO 011250
CF6HNL
PRELIMINARY LOCAL CLIMATOLOGICAL DATA (WS FORM: F-6)
STATION: HONOLULU HI
MONTH: OCTOBER
YEAR: 2022
LATITUDE: 21 21 N
LONGITUDE: 157 56 W
TEMPERATURE IN F: :PCPN: SNOW: WIND :SUNSHINE: SKY :PK WND
================================================================================
1 2 3 4 5 6A 6B 7 8 9 10 11 12 13 14 15 16 17 18
12Z AVG MX 2MIN
DY MAX MIN AVG DEP HDD CDD WTR SNW DPTH SPD SPD DIR MIN PSBL S-S WX SPD DR
================================================================================
1 90 75 83 2 0 18 0.00 M M 6.9 16 60 M M 4 24 40
2 83 74 79 -2 0 14 0.03 M M 7.0 18 60 M M 6 18 25 30
3 89 73 81 0 0 16 0.00 M M 9.2 18 50 M M 3 24 50
4 88 75 82 1 0 17 T M M 8.0 21 40 M M 5 31 60
5 89 74 82 1 0 17 T M M 6.0 18 60 M M 4 23 50
6 87 74 81 0 0 16 T M M 7.1 15 40 M M 5 18 40
7 88 74 81 0 0 16 0.00 M M 5.8 13 40 M M 5 16 20
8 87 72 80 -1 0 15 0.00 M M 5.2 13 200 M M 4 17 200
9 86 75 81 0 0 16 0.00 M M 5.1 13 210 M M 5 16 200
10 86 74 80 -1 0 15 0.01 M M 5.3 12 140 M M 5 1 16 160
11 87 77 82 1 0 17 T M M 3.6 13 210 M M 7 17 210
12 86 77 82 1 0 17 0.00 M M 4.4 13 220 M M 8 14 240
13 88 75 82 1 0 17 0.01 M M 5.0 16 220 M M 5 1 18 220
14 88 74 81 0 0 16 T M M 4.9 14 230 M M 5 8 17 240
15 88 74 81 0 0 16 0.00 M M 8.6 21 40 M M 4 8 27 50
16 88 75 82 2 0 17 T M M 9.1 18 60 M M 5 24 30
17 90 71 81 1 0 16 0.00 M M 6.4 14 40 M M 3 19 70
18 86 70 78 -2 0 13 0.00 M M 6.5 15 240 M M 3 8 19 220
19 85 70 78 -2 0 13 0.01 M M 6.2 14 10 M M 5 18 19 350
20 85 71 78 -2 0 13 0.60 M M 7.3 17 270 M M 6 18 21 250
21 85 74 80 0 0 15 T M M 5.8 15 130 M M 5 19 120
22 89 77 83 3 0 18 0.02 M M 10.4 18 60 M M 5 1 28 60
23 89 76 83 3 0 18 0.01 M M 12.5 22 40 M M 4 1 30 50
24 89 74 82 2 0 17 0.01 M M 12.7 23 70 M M 4 1 31 70
25 88 78 83 3 0 18 T M M 13.3 24 70 M M 3 31 70
26 86 76 81 1 0 16 0.08 M M 8.8 21 70 M M 6 8 30 70
27 87 75 81 1 0 16 T M M 8.8 20 60 M M 4 25 60
28 88 74 81 1 0 16 0.01 M M 7.3 21 80 M M 4 25 80
29 88 74 81 2 0 16 T M M 10.9 23 60 M M 3 28 70
30 88 74 81 2 0 16 0.00 M M 9.5 21 70 M M 3 26 60
31 89 74 82 3 0 17 0.00 M M 12.0 25 80 M M 3 33 70
================================================================================
SM 2710 2300 0 498 0.79 M 239.6 M 141
================================================================================
AV 87.4 74.2 7.7 FASTST M M 5 MAX(MPH)
MISC ----> 25 80 33 70
================================================================================
NOTES:
# LAST OF SEVERAL OCCURRENCES
COLUMN 17 PEAK WIND IN M.P.H.
PRELIMINARY LOCAL CLIMATOLOGICAL DATA (WS FORM: F-6) , PAGE 2
STATION: HONOLULU HI
MONTH: OCTOBER
YEAR: 2022
LATITUDE: 21 21 N
LONGITUDE: 157 56 W
[TEMPERATURE DATA] [PRECIPITATION DATA] SYMBOLS USED IN COLUMN 16
AVERAGE MONTHLY: 80.8 TOTAL FOR MONTH: 0.79 1 = FOG OR MIST
DPTR FM NORMAL: 0.4 DPTR FM NORMAL: -0.72 2 = FOG REDUCING VISIBILITY
HIGHEST: 90 ON 17, 1 GRTST 24HR 0.60 ON 20-20 TO 1/4 MILE OR LESS
LOWEST: 70 ON 19,18 3 = THUNDER
SNOW, ICE PELLETS, HAIL 4 = ICE PELLETS
TOTAL MONTH: M 5 = HAIL
GRTST 24HR M ON M 6 = FREEZING RAIN OR DRIZZLE
GRTST DEPTH: M ON M 7 = DUSTSTORM OR SANDSTORM:
VSBY 1/2 MILE OR LESS
8 = SMOKE OR HAZE
[NO. OF DAYS WITH] [WEATHER - DAYS WITH] 9 = BLOWING SNOW
X = TORNADO
MAX 32 OR BELOW: 0 0.01 INCH OR MORE: 10
MAX 90 OR ABOVE: 2 0.10 INCH OR MORE: 1
MIN 32 OR BELOW: 0 0.50 INCH OR MORE: 1
MIN 0 OR BELOW: 0 1.00 INCH OR MORE: 0
[HDD (BASE 65) ]
TOTAL THIS MO. 0 CLEAR (SCALE 0-3) 5
DPTR FM NORMAL 0 PTCLDY (SCALE 4-7) 26
TOTAL FM JUL 1 0 CLOUDY (SCALE 8-10) 0
DPTR FM NORMAL 0
[CDD (BASE 65) ]
TOTAL THIS MO. 498
DPTR FM NORMAL 21 [PRESSURE DATA]
TOTAL FM JAN 1 4224 HIGHEST SLP 30.12 ON 26
DPTR FM NORMAL 172 LOWEST SLP 29.86 ON 20
[REMARKS]
#FINAL-10-22#