000
CXUS53 KFSD 012007
CF6HON
PRELIMINARY LOCAL CLIMATOLOGICAL DATA (WS FORM: F-6)
STATION: HURON
MONTH: JANUARY
YEAR: 2024
LATITUDE: 44 22 N
LONGITUDE: 98 13 W
TEMPERATURE IN F: :PCPN: SNOW: WIND :SUNSHINE: SKY :PK WND
================================================================================
1 2 3 4 5 6A 6B 7 8 9 10 11 12 13 14 15 16 17 18
12Z AVG MX 2MIN
DY MAX MIN AVG DEP HDD CDD WTR SNW DPTH SPD SPD DIR MIN PSBL S-S WX SPD DR
================================================================================
1 30 10 20 3 45 0 0.00 0.0 2 7.3 17 170 M M 0 23 170
2 34 18 26 10 39 0 0.00 0.0 2 8.3 16 320 M M 2 1 21 320
3 29 22 26 10 39 0 0.00 0.0 2 7.4 15 10 M M 10 12 22 350
4 31 22 27 11 38 0 0.00 0.0 2 10.9 17 170 M M 10 1 25 170
5 35 29 32 16 33 0 0.01 0.2 2 9.6 16 180 M M 10 1 27 180
6 30 12 21 5 44 0 0.05 0.6 3 12.3 22 330 M M 10 1 29 340
7 19 12 16 0 49 0 T T 3 6.8 13 90 M M 9 1 17 90
8 19 15 17 1 48 0 0.30 5.6 6 12.2 21 350 M M 10 1 28 350
9 17 3 10 -6 55 0 T T 9 8.6 18 340 M M 7 1 24 340
10 24 3 14 -2 51 0 0.01 0.2 6 9.1 26 330 M M 6 33 330
11 4 -1 2 -14 63 0 0.00 0.0 6 12.5 21 340 M M 1 26 340
12 2 -5 -1 -17 66 0 T T 6 18.5 29 330 M M 10 19 37 340
13 -5 -18 -11 -27 76 0 T T 6 25.6 36 310 M M 8 9 45 320
14 -8 -18 -13 -29 78 0 0.00 0.0 6 13.2 24 310 M M 3 30 310
15 -2 -13 -7 -23 72 0 0.00 0.0 6 18.5 32 300 M M 0 40 300
16 18 -5 7 -9 58 0 0.00 0.0 6 14.8 25 300 M M 2 33 300
17 20 4 12 -4 53 0 0.00 0.0 6 5.2 18 320 M M 4 23 320
18 12 -3 5 -11 60 0 0.13 2.6 6 14.3 24 330 M M 7 1 32 330
19 5 -14 -4 -20 69 0 0.00 0.0 8 12.5 21 340 M M 5 27 300
20 4 -18 -7 -23 72 0 0.00 0.0 8 12.5 28 150 M M 0 1 43 140
21 23 4 14 -2 51 0 0.00 0.0 8 16.4 28 180 M M 0 40 180
22 29 8 19 3 46 0 0.00 0.0 8 5.3 13 360 M M 4 14 350
23 30 19 25 9 40 0 0.00 0.0 6 9.0 17 170 M M 9 1 24 170
24 32 30 31 15 34 0 0.00 0.0 6 8.9 17 180 M M 10 1 24 170
25 32 30 31 15 34 0 T 0.0 6 2.6 10 140 M M 10 16 13 140
26 30 22 26 10 39 0 T T 5 4.7 9 180 M M 10 12 12 200
27 38 11 25 9 40 0 0.00 0.0 5 2.7 8 320 M M 0 12 9 320
28 39 18 29 13 36 0 0.00 0.0 5 4.7 10 160 M M 0 1 15 160
29 42 22 32 16 33 0 0.00 0.0 4 7.5 15 320 M M 0 20 320
30 45 23 34 17 31 0 0.00 0.0 4 5.2 12 180 M M 0 17 190
31 52 27 40 23 25 0 0.00 0.0 3 3.4 9 360 M M 0 12 11 280
================================================================================
SM 710 269 1517 0 0.50 9.2 310.5 M 157
================================================================================
AV 22.9 8.7 10.0 FASTST M M 5 MAX(MPH)
MISC ----> 36 310 45 320
================================================================================
NOTES:
# LAST OF SEVERAL OCCURRENCES
-COLUMN 17 PEAK WIND IN M.P.H.
-PRECIPITATION AMOUNTS IN COLUMNS 7,8 AND 9 ARE THE OFFICIAL
PRECIPITATION AMOUNTS FOR HURON,SD.
-SNOW DEPTH IN COLUMN 9 IS RECORDED AT 6 AM CST (12Z).
PRELIMINARY LOCAL CLIMATOLOGICAL DATA (WS FORM: F-6) , PAGE 2
STATION: HURON
MONTH: JANUARY
YEAR: 2024
LATITUDE: 44 22 N
LONGITUDE: 98 13 W
[TEMPERATURE DATA] [PRECIPITATION DATA] SYMBOLS USED IN COLUMN 16
AVERAGE MONTHLY: 15.8 TOTAL FOR MONTH: 0.50 1 = FOG OR MIST
DPTR FM NORMAL: -0.2 DPTR FM NORMAL: -0.08 2 = FOG REDUCING VISIBILITY
HIGHEST: 52 ON 31 GRTST 24HR 0.30 ON 8- 8 TO 1/4 MILE OR LESS
LOWEST: -18 ON 20,14 3 = THUNDER
SNOW, ICE PELLETS, HAIL 4 = ICE PELLETS
TOTAL MONTH: 9.2 INCHES 5 = HAIL
GRTST 24HR 5.6 ON 8- 8 6 = FREEZING RAIN OR DRIZZLE
GRTST DEPTH: 9 ON 9 7 = DUSTSTORM OR SANDSTORM:
VSBY 1/2 MILE OR LESS
8 = SMOKE OR HAZE
[NO. OF DAYS WITH] [WEATHER - DAYS WITH] 9 = BLOWING SNOW
X = TORNADO
MAX 32 OR BELOW: 24 0.01 INCH OR MORE: 5
MAX 90 OR ABOVE: 0 0.10 INCH OR MORE: 2
MIN 32 OR BELOW: 31 0.50 INCH OR MORE: 0
MIN 0 OR BELOW: 9 1.00 INCH OR MORE: 0
[HDD (BASE 65) ]
TOTAL THIS MO. 1517 CLEAR (SCALE 0-3) 13
DPTR FM NORMAL -2 PTCLDY (SCALE 4-7) 7
TOTAL FM JUL 1 3961 CLOUDY (SCALE 8-10) 11
DPTR FM NORMAL -600
[CDD (BASE 65) ]
TOTAL THIS MO. 0
DPTR FM NORMAL 0 [PRESSURE DATA]
TOTAL FM JAN 1 0 HIGHEST SLP 30.72 ON 20
DPTR FM NORMAL 0 LOWEST SLP 29.38 ON 10
[REMARKS]
RECORD DAILY SNOWFALL WAS ESTABLISHED ON THE 8TH WITH 5.6 INCHES.
THE PREVIOUS RECORD WAS 2.0 INCHES IN 1982.
#FINAL-01-24#