000
CXUS53 KFSD 011703
CF6HON
PRELIMINARY LOCAL CLIMATOLOGICAL DATA (WS FORM: F-6)
STATION: HURON
MONTH: NOVEMBER
YEAR: 2023
LATITUDE: 44 22 N
LONGITUDE: 98 13 W
TEMPERATURE IN F: :PCPN: SNOW: WIND :SUNSHINE: SKY :PK WND
================================================================================
1 2 3 4 5 6A 6B 7 8 9 10 11 12 13 14 15 16 17 18
12Z AVG MX 2MIN
DY MAX MIN AVG DEP HDD CDD WTR SNW DPTH SPD SPD DIR MIN PSBL S-S WX SPD DR
================================================================================
1 49 21 35 -5 30 0 0.00 0.0 0 9.2 18 310 M M 1 1 24 170
2 51 19 35 -4 30 0 0.00 0.0 0 2.3 10 190 M M 4 12 13 210
3 50 30 40 1 25 0 0.00 0.0 0 6.9 15 360 M M 8 1 20 240
4 65 28 47 9 18 0 0.00 0.0 0 5.8 14 170 M M 1 1 20 170
5 71 32 52 14 13 0 0.01 0.0 0 10.7 21 180 M M 2 1 35 180
6 58 33 46 8 19 0 0.00 0.0 0 10.5 21 320 M M 0 1 28 310
7 55 32 44 7 21 0 0.00 0.0 0 8.7 23 150 M M 2 1 34 150
8 55 31 43 6 22 0 0.00 0.0 0 10.9 32 320 M M 3 12 43 320
9 50 27 39 3 26 0 T 0.0 0 12.5 32 290 M M 4 44 300
10 42 28 35 -1 30 0 0.00 0.0 0 5.9 13 120 M M 6 17 120
11 51 23 37 2 28 0 0.00 0.0 0 4.9 13 140 M M 0 1 17 120
12 63 22 43 8 22 0 0.00 0.0 0 8.8 24 300 M M 0 18 33 290
13 66 24 45 11 20 0 0.00 0.0 0 10.7 25 170 M M 0 35 170
14 65 26 46 12 19 0 0.00 0.0 0 9.8 18 170 M M 0 1 33 160
15 62 23 43 10 22 0 0.00 0.0 0 9.1 16 160 M M 0 25 170
16 60 23 42 9 23 0 0.00 0.0 0 12.1 33 330 M M 1 43 330
17 54 18 36 4 29 0 0.00 0.0 0 7.2 20 200 M M 0 25 180
18 66 26 46 14 19 0 0.00 0.0 0 4.2 14 200 M M 0 18 200
19 56 33 45 14 20 0 0.01 0.0 0 6.9 13 160 M M 4 18 160
20 52 41 47 16 18 0 0.03 0.0 0 6.6 23 340 M M 10 35 320
21 42 26 34 4 31 0 0.00 0.0 0 12.7 28 330 M M 0 36 350
22 62 27 45 15 20 0 0.00 0.0 0 12.0 25 360 M M 0 35 360
23 29 13 21 -9 44 0 0.00 0.0 0 12.4 21 360 M M 2 29 10
24 26 8 17 -12 48 0 0.00 0.0 0 3.2 12 360 M M 2 15 360
25 28 19 24 -5 41 0 0.01 0.1 T 6.9 14 200 M M 7 1 18 200
26 33 7 20 -8 45 0 0.07 0.9 1 16.1 35 330 M M 4 1 46 320
27 30 6 18 -10 47 0 T T T 8.2 25 330 M M 5 1 35 320
28 49 15 32 5 33 0 0.00 0.0 T 9.6 20 290 M M 0 24 290
29 53 20 37 10 28 0 0.00 0.0 0 5.5 14 200 M M 0 1 20 190
30 40 13 27 1 38 0 0.00 0.0 0 7.7 16 350 M M 0 8 23 10
================================================================================
SM 1533 694 829 0 0.13 1.0 258.0 M 66
================================================================================
AV 51.1 23.1 8.6 FASTST M M 2 MAX(MPH)
MISC ----> 35 330 46 320
================================================================================
NOTES:
# LAST OF SEVERAL OCCURRENCES
-COLUMN 17 PEAK WIND IN M.P.H.
-PRECIPITATION AMOUNTS IN COLUMNS 7,8 AND 9 ARE THE OFFICIAL
PRECIPITATION AMOUNTS FOR HURON, SD.
-SNOW DEPTH IN COLUMN 9 IS RECORDED AT 6 AM CST (12Z).
PRELIMINARY LOCAL CLIMATOLOGICAL DATA (WS FORM: F-6) , PAGE 2
STATION: HURON
MONTH: NOVEMBER
YEAR: 2023
LATITUDE: 44 22 N
LONGITUDE: 98 13 W
[TEMPERATURE DATA] [PRECIPITATION DATA] SYMBOLS USED IN COLUMN 16
AVERAGE MONTHLY: 37.1 TOTAL FOR MONTH: 0.13 1 = FOG OR MIST
DPTR FM NORMAL: 4.0 DPTR FM NORMAL: -0.69 2 = FOG REDUCING VISIBILITY
HIGHEST: 71 ON 5 GRTST 24HR 0.08 ON 25-26 TO 1/4 MILE OR LESS
LOWEST: 6 ON 27 3 = THUNDER
SNOW, ICE PELLETS, HAIL 4 = ICE PELLETS
TOTAL MONTH: 1.0 INCH 5 = HAIL
GRTST 24HR 0.9 ON 26-26 6 = FREEZING RAIN OR DRIZZLE
GRTST DEPTH: 1 ON 26 7 = DUSTSTORM OR SANDSTORM:
VSBY 1/2 MILE OR LESS
8 = SMOKE OR HAZE
[NO. OF DAYS WITH] [WEATHER - DAYS WITH] 9 = BLOWING SNOW
X = TORNADO
MAX 32 OR BELOW: 4 0.01 INCH OR MORE: 5
MAX 90 OR ABOVE: 0 0.10 INCH OR MORE: 0
MIN 32 OR BELOW: 27 0.50 INCH OR MORE: 0
MIN 0 OR BELOW: 0 1.00 INCH OR MORE: 0
[HDD (BASE 65) ]
TOTAL THIS MO. 829 CLEAR (SCALE 0-3) 21
DPTR FM NORMAL -129 PTCLDY (SCALE 4-7) 7
TOTAL FM JUL 1 1411 CLOUDY (SCALE 8-10) 2
DPTR FM NORMAL -260
[CDD (BASE 65) ]
TOTAL THIS MO. 0
DPTR FM NORMAL 0 [PRESSURE DATA]
TOTAL FM JAN 1 1043 HIGHEST SLP 30.75 ON 24
DPTR FM NORMAL 291 LOWEST SLP 29.51 ON 5
[REMARKS]
#FINAL-11-23#