000
CXUS54 KHGX 011410
CF6HOU
PRELIMINARY LOCAL CLIMATOLOGICAL DATA (WS FORM: F-6)
STATION: HOUSTON/HOBBY AIRPORT
MONTH: JUNE
YEAR: 2023
LATITUDE: 29 38 N
LONGITUDE: 95 17 W
TEMPERATURE IN F: :PCPN: SNOW: WIND :SUNSHINE: SKY :PK WND
================================================================================
1 2 3 4 5 6A 6B 7 8 9 10 11 12 13 14 15 16 17 18
12Z AVG MX 2MIN
DY MAX MIN AVG DEP HDD CDD WTR SNW DPTH SPD SPD DIR MIN PSBL S-S WX SPD DR
================================================================================
1 90 71 81 0 0 16 0.00 0.0 0 6.4 17 160 M M 3 27 180
2 91 73 82 1 0 17 0.00 0.0 0 5.5 15 190 M M 4 20 180
3 93 73 83 1 0 18 0.00 0.0 0 7.0 17 50 M M 5 20 180
4 87 68 78 -4 0 13 0.50 0.0 0 6.8 35 330 M M 8 13 49 340
5 88 71 80 -2 0 15 0.67 0.0 0 6.8 37 70 M M 8 13 46 60
6 87 70 79 -3 0 14 0.02 0.0 0 3.6 22 50 M M 7 3 28 50
7 92 70 81 -1 0 16 T 0.0 0 3.5 21 50 M M 4 13 25 50
8 93 70 82 0 0 17 1.28 0.0 0 6.5 35 30 M M 7 138 48 20
9 95 70 83 1 0 18 0.00 0.0 0 4.6 16 160 M M 3 20 130
10 94 71 83 0 0 18 T 0.0 0 10.0 39 50 M M 7 3 53 50
11 94 73 84 1 0 19 T 0.0 0 9.9 21 220 M M 4 27 230
12 95 77 86 3 0 21 0.00 0.0 0 8.8 17 160 M M 6 23 150
13 94 78 86 3 0 21 0.00 0.0 0 10.2 21 160 M M 5 27 180
14 95 79 87 4 0 22 0.00 0.0 0 14.7 16 170 M M 7 22 170
15 98 81 90 7 0 25 0.00 0.0 0 12.0 22 180 M M 6 30 170
16 96 82 89 6 0 24 0.00 0.0 0 11.1 21 170 M M 7 29 180
17 98 81 90 7 0 25 0.00 0.0 0 8.7 22 200 M M 8 29 200
18 100 81 91 8 0 26 0.00 0.0 0 13.7 25 210 M M 6 32 200
19 99 81 90 7 0 25 0.00 0.0 0 11.7 24 190 M M 4 31 220
20 99 83 91 7 0 26 0.00 0.0 0 11.7 20 190 M M 6 28 220
21 99 72 86 2 0 21 0.73 0.0 0 8.1 35 350 M M 6 13 51 10
22 97 78 88 4 0 23 0.00 0.0 0 8.1 18 170 M M 7 23 180
23 98 82 90 6 0 25 0.42 0.0 0 7.7 21 130 M M 5 138 25 120
24 96 82 89 5 0 24 0.00 0.0 0 9.9 18 160 M M 5 25 160
25 98 81 90 6 0 25 0.00 0.0 0 10.3 20 190 M M 3 25 200
26 97 80 89 5 0 24 0.00 0.0 0 10.1 21 200 M M 3 37 180
27 99 81 90 6 0 25 0.00 0.0 0 10.0 20 190 M M 3 25 190
28 99 80 90 6 0 25 0.00 0.0 0 9.4 18 150 M M 2 25 200
29 98 80 89 5 0 24 0.00 0.0 0 9.4 17 190 M M 2 25 170
30 98 80 89 5 0 24 0.00 0.0 0 9.0 18 160 M M 3 23 180
================================================================================
SM 2857 2299 0 636 3.62 0.0 265.2 M 154
================================================================================
AV 95.2 76.6 8.8 FASTST M M 5 MAX(MPH)
MISC ----> 39 50 53 50
================================================================================
NOTES:
# LAST OF SEVERAL OCCURRENCES
COLUMN 17 PEAK WIND IN M.P.H.
PRELIMINARY LOCAL CLIMATOLOGICAL DATA (WS FORM: F-6) , PAGE 2
STATION: HOUSTON/HOBBY AIRPORT
MONTH: JUNE
YEAR: 2023
LATITUDE: 29 38 N
LONGITUDE: 95 17 W
[TEMPERATURE DATA] [PRECIPITATION DATA] SYMBOLS USED IN COLUMN 16
AVERAGE MONTHLY: 85.9 TOTAL FOR MONTH: 3.62 1 = FOG OR MIST
DPTR FM NORMAL: 3.0 DPTR FM NORMAL: -2.47 2 = FOG REDUCING VISIBILITY
HIGHEST: 100 ON 18 GRTST 24HR 1.28 ON 7- 8 TO 1/4 MILE OR LESS
LOWEST: 68 ON 4 3 = THUNDER
SNOW, ICE PELLETS, HAIL 4 = ICE PELLETS
TOTAL MONTH: 0.0 INCH 5 = HAIL
GRTST 24HR 0.0 6 = FREEZING RAIN OR DRIZZLE
GRTST DEPTH: 0 7 = DUSTSTORM OR SANDSTORM:
VSBY 1/2 MILE OR LESS
8 = SMOKE OR HAZE
[NO. OF DAYS WITH] [WEATHER - DAYS WITH] 9 = BLOWING SNOW
X = TORNADO
MAX 32 OR BELOW: 0 0.01 INCH OR MORE: 6
MAX 90 OR ABOVE: 27 0.10 INCH OR MORE: 5
MIN 32 OR BELOW: 0 0.50 INCH OR MORE: 4
MIN 0 OR BELOW: 0 1.00 INCH OR MORE: 1
[HDD (BASE 65) ]
TOTAL THIS MO. 0 CLEAR (SCALE 0-3) 6
DPTR FM NORMAL 0 PTCLDY (SCALE 4-7) 24
TOTAL FM JUL 1 874 CLOUDY (SCALE 8-10) 0
DPTR FM NORMAL -225
[CDD (BASE 65) ]
TOTAL THIS MO. 636
DPTR FM NORMAL 98 [PRESSURE DATA]
TOTAL FM JAN 1 1643 HIGHEST SLP 30.02 ON 30
DPTR FM NORMAL 383 LOWEST SLP 29.69 ON 14
[REMARKS]
#FINAL-06-23#