000
CXUS56 KSEW 011034
CLMHQM
CLIMATE REPORT
NATIONAL WEATHER SERVICE SEATTLE
334 AM PDT SAT JUL 01 2023
...................................
...THE HOQUIAM WA AIRPORT CLIMATE SUMMARY FOR THE MONTH OF JUNE 2023...
CLIMATE NORMAL PERIOD 1991 TO 2020
CLIMATE RECORD PERIOD 1953 TO 2023
WEATHER OBSERVED NORMAL DEPART LAST YEAR`S
VALUE DATE(S) VALUE FROM VALUE DATE(S)
NORMAL
................................................................
TEMPERATURE (F)
RECORD
HIGH 103 06/27/2021
LOW 36 06/21/1956
HIGHEST 75 06/06 MM MM 93 06/26
LOWEST 43 06/05 MM MM 46 06/07
AVG. MAXIMUM 65.2 63.4 1.8 65.9
AVG. MINIMUM 51.4 50.8 0.6 53.2
MEAN 58.3 57.1 1.2 59.6
DAYS MAX >= 90 0 0.0 0.0 2
DAYS MAX <= 32 0 0.0 0.0 0
DAYS MIN <= 32 0 0.0 0.0 0
DAYS MIN <= 0 0 0.0 0.0 0
PRECIPITATION (INCHES)
RECORD
MAXIMUM 5.25 1956
MINIMUM 0.33 2009
TOTALS 0.38 2.01 -1.63 4.52
DAILY AVG. 0.01 0.07 -0.06 0.15
DAYS >= .01 4 12.0 -8.0 18
DAYS >= .10 2 5.6 -3.6 11
DAYS >= .50 0 0.7 -0.7 2
DAYS >= 1.00 0 0.1 -0.1 2
GREATEST
24 HR. TOTAL 0.31 06/09 TO 06/10
DEGREE DAYS
HEATING TOTAL 193 239 -46 175
SINCE 7/1 4313 5114 -801 MM
COOLING TOTAL 0 2 -2 20
SINCE 1/1 18 3 15 MM
................................................................
WIND (MPH)
AVERAGE WIND SPEED 8.9
HIGHEST WIND SPEED/DIRECTION 25/290 DATE 06/13
HIGHEST GUST SPEED/DIRECTION 33/300 DATE 06/13
SKY COVER
POSSIBLE SUNSHINE (PERCENT) MM
AVERAGE SKY COVER 0.55
NUMBER OF DAYS FAIR 9
NUMBER OF DAYS PC 10
NUMBER OF DAYS CLOUDY 11
AVERAGE RH (PERCENT) 74
WEATHER CONDITIONS. NUMBER OF DAYS WITH
THUNDERSTORM 0 MIXED PRECIP 0
HEAVY RAIN 0 RAIN 0
LIGHT RAIN 5 FREEZING RAIN 0
LT FREEZING RAIN 0 HAIL 0
HEAVY SNOW 0 SNOW 0
LIGHT SNOW 0 SLEET 0
FOG 14 FOG W/VIS <= 1/4 MILE 2
HAZE 1
- INDICATES NEGATIVE NUMBERS.
R INDICATES RECORD WAS SET OR TIED.
MM INDICATES DATA IS MISSING.
T INDICATES TRACE AMOUNT.
$$