000
CXUS54 KLZK 011130
CF6HRO
PRELIMINARY LOCAL CLIMATOLOGICAL DATA (WS FORM: F-6)
STATION: Harrison
MONTH: MARCH
YEAR: 2020
LATITUDE: 36 15 N
LONGITUDE: 93 9 W
TEMPERATURE IN F: :PCPN: SNOW: WIND :SUNSHINE: SKY :PK WND
================================================================================
1 2 3 4 5 6A 6B 7 8 9 10 11 12 13 14 15 16 17 18
12Z AVG MX 2MIN
DY MAX MIN AVG DEP HDD CDD WTR SNW DPTH SPD SPD DIR MIN PSBL S-S WX SPD DR
================================================================================
1 60 47 54 10 11 0 0.00 0.0 0 10.5 20 180 M M 6 27 180
2 75 46 61 17 4 0 T 0.0 0 8.2 15 170 M M 5 20 220
3 63 42 53 8 12 0 0.00 0.0 0 4.5 16 320 M M 1 22 300
4 57 40 49 4 16 0 0.00 0.0 0 4.1 15 330 M M 0 8 23 330
5 66 38 52 7 13 0 0.00 0.0 0 8.5 20 320 M M 0 30 340
6 57 35 46 0 19 0 0.00 0.0 0 5.8 14 30 M M 0 20 20
7 64 29 47 1 18 0 0.00 0.0 0 11.2 18 150 M M 0 8 23 150
8 69 43 56 10 9 0 0.00 0.0 0 13.4 24 160 M M 2 8 30 170
9 63 50 57 10 8 0 0.18 M 0 13.9 26 170 M M 9 1 36 180
10 62 39 51 4 14 0 0.00 0.0 0 7.2 15 310 M M 5 1 22 310
11 69 47 58 11 7 0 0.44 0.0 0 6.2 23 330 M M 2 13 37 310
12 84 53 69 21 0 4 0.00 0.0 0 10.1 24 250 M M 3 1 34 250
13 56 39 48 0 17 0 0.07 0.0 0 10.3 18 120 M M 4 24 120
14 43 38 41 -7 24 0 1.29 0.0 0 9.3 21 140 M M 10 13 25 120
15 42 37 40 -8 25 0 0.00 0.0 0 7.5 12 120 M M 10 1 15 110
16 48 35 42 -7 23 0 0.15 0.0 0 6.1 16 130 M M 10 12 20 140
17 54 44 49 0 16 0 0.04 0.0 0 7.7 16 140 M M 10 1 21 130
18 77 47 62 13 3 0 0.85 0.0 0 10.4 20 240 M M 6 13 25 240
19 73 62 68 18 0 3 1.01 0.0 0 9.7 20 170 M M 8 13 27 190
20 67 35 51 1 14 0 T 0.0 0 10.1 20 330 M M 7 1 29 340
21 53 28 41 -9 24 0 T 0.0 0 6.4 23 140 M M 3 28 140
22 48 38 43 -8 22 0 0.17 0.0 0 8.4 16 130 M M 8 1 21 130
23 60 45 53 2 12 0 0.00 0.0 0 6.3 15 140 M M 6 1 19 150
24 67 48 58 7 7 0 0.39 0.0 0 8.5 20 130 M M 9 13 24 140
25 74 44 59 7 6 0 0.00 0.0 0 9.4 16 160 M M 5 12 23 150
26 91 54 73 21 0 8 0.00 0.0 0 9.2 16 190 M M 0 25 170
27 81 67 74 22 0 9 0.00 0.0 0 7.5 20 170 M M 0 26 170
28 74 56 65 12 0 0 0.08 0.0 0 10.7 24 260 M M 2 3 35 260
29 70 46 58 5 7 0 0.00 0.0 0 8.4 21 280 M M 0 40 270
30 69 46 58 5 7 0 0.45 M 0 4.7 15 150 M M 3 M M
31 65 46 56 2 9 0 0.42 M 0 6.9 16 60 M M 5 1 22 300
================================================================================
SM 2001 1364 347 24 5.54 0.0 261.1 M 139
================================================================================
AV 64.6 44.0 8.4 FASTST M M 4 MAX(MPH)
MISC ----> # 26 170 # 40 270
================================================================================
NOTES:
# LAST OF SEVERAL OCCURRENCES
COLUMN 17 PEAK WIND IN M.P.H.
PRELIMINARY LOCAL CLIMATOLOGICAL DATA (WS FORM: F-6) , PAGE 2
STATION: Harrison
MONTH: MARCH
YEAR: 2020
LATITUDE: 36 15 N
LONGITUDE: 93 9 W
[TEMPERATURE DATA] [PRECIPITATION DATA] SYMBOLS USED IN COLUMN 16
AVERAGE MONTHLY: 54.3 TOTAL FOR MONTH: 5.54 1 = FOG OR MIST
DPTR FM NORMAL: 5.5 DPTR FM NORMAL: 1.75 2 = FOG REDUCING VISIBILITY
HIGHEST: 91 ON 26 GRTST 24HR 1.29 ON 14-14 TO 1/4 MILE OR LESS
LOWEST: 28 ON 21 3 = THUNDER
SNOW, ICE PELLETS, HAIL 4 = ICE PELLETS
TOTAL MONTH: 0.0 INCH 5 = HAIL
GRTST 24HR 0.0 6 = FREEZING RAIN OR DRIZZLE
GRTST DEPTH: 0 7 = DUSTSTORM OR SANDSTORM:
VSBY 1/2 MILE OR LESS
8 = SMOKE OR HAZE
[NO. OF DAYS WITH] [WEATHER - DAYS WITH] 9 = BLOWING SNOW
X = TORNADO
MAX 32 OR BELOW: 0 0.01 INCH OR MORE: 13
MAX 90 OR ABOVE: 1 0.10 INCH OR MORE: 10
MIN 32 OR BELOW: 2 0.50 INCH OR MORE: 3
MIN 0 OR BELOW: 0 1.00 INCH OR MORE: 2
[HDD (BASE 65) ]
TOTAL THIS MO. 347 CLEAR (SCALE 0-3) 13
DPTR FM NORMAL -161 PTCLDY (SCALE 4-7) 11
TOTAL FM JUL 1 3328 CLOUDY (SCALE 8-10) 7
DPTR FM NORMAL -352
[CDD (BASE 65) ]
TOTAL THIS MO. 24
DPTR FM NORMAL 18 [PRESSURE DATA]
TOTAL FM JAN 1 26 HIGHEST SLP 30.55 ON 6
DPTR FM NORMAL 20 LOWEST SLP 29.59 ON 28
[REMARKS]
ALL SNOWFALL DATA IS FROM THE HARRISON COOPERATIVE OBSERVER SITE
#FINAL-03-20#