000
CXUS54 KLZK 011330
CF6HRO
PRELIMINARY LOCAL CLIMATOLOGICAL DATA (WS FORM: F-6)
STATION: HARRISON
MONTH: NOVEMBER
YEAR: 2023
LATITUDE: 36 15 N
LONGITUDE: 93 9 W
TEMPERATURE IN F: :PCPN: SNOW: WIND :SUNSHINE: SKY :PK WND
================================================================================
1 2 3 4 5 6A 6B 7 8 9 10 11 12 13 14 15 16 17 18
12Z AVG MX 2MIN
DY MAX MIN AVG DEP HDD CDD WTR SNW DPTH SPD SPD DIR MIN PSBL S-S WX SPD DR
================================================================================
1 51 20 36 -18 29 0 0.00 0.0 0 4.5 10 140 M M 0 15 180
2 65 30 48 -5 17 0 0.00 0.0 0 7.3 15 150 M M 0 23 160
3 70 38 54 1 11 0 0.00 0.0 0 5.8 16 170 M M 0 24 180
4 72 46 59 6 6 0 T 0.0 0 2.5 9 270 M M 3 15 240
5 75 47 61 9 4 0 0.00 0.0 0 5.6 15 170 M M 6 22 170
6 83 57 70 18 0 5 0.00 0.0 0 6.6 15 170 M M 0 23 230
7 84 58 71 19 0 6 0.00 0.0 0 8.7 16 170 M M 0 28 180
8 84 61 73 22 0 8 0.00 0.0 0 8.0 16 190 M M 1 27 200
9 62 44 53 2 12 0 0.16 0.0 0 4.4 16 340 M M 6 23 340
10 63 37 50 0 15 0 0.00 0.0 0 3.4 13 40 M M 0 19 70
11 56 32 44 -6 21 0 0.00 0.0 0 4.7 13 130 M M 2 17 130
12 67 32 50 0 15 0 0.00 0.0 0 1.3 7 140 M M 0 11 120
13 69 42 56 7 9 0 0.00 0.0 0 3.7 12 20 M M 0 16 40
14 68 38 53 4 12 0 0.00 0.0 0 3.2 10 130 M M 0 16 150
15 70 38 54 5 11 0 0.00 0.0 0 4.5 12 110 M M 0 15 110
16 64 45 55 7 10 0 0.00 0.0 0 7.8 17 170 M M 8 24 170
17 65 43 54 6 11 0 0.00 0.0 0 4.5 10 340 M M 6 17 340
18 65 35 50 2 15 0 0.00 0.0 0 1.9 9 300 M M 0 13 340
19 58 36 47 0 18 0 0.22 0.0 0 6.3 17 140 M M 5 24 130
20 51 43 47 0 18 0 0.88 0.0 0 8.1 17 140 M M 10 13 22 130
21 49 41 45 -1 20 0 0.03 0.0 0 9.7 17 320 M M 10 1 28 320
22 50 30 40 -6 25 0 0.00 0.0 0 4.7 12 300 M M 2 19 280
23 64 28 46 0 19 0 0.00 0.0 0 3.0 9 170 M M 0 13 160
24 51 33 42 -3 23 0 0.00 0.0 0 5.0 12 40 M M 0 17 40
25 50 28 39 -6 26 0 T 0.0 0 4.4 10 130 M M 1 14 140
26 43 29 36 -9 29 0 0.04 0.0 0 8.8 20 310 M M 6 1 31 340
27 49 27 38 -6 27 0 0.00 0.0 0 6.5 14 290 M M 0 23 280
28 50 26 38 -6 27 0 0.00 0.0 0 4.5 10 230 M M 0 17 220
29 66 45 56 12 9 0 0.00 0.0 0 7.9 15 260 M M 0 25 260
30 53 43 48 4 17 0 1.01 0.0 0 10.5 25 140 M M 9 1 33 150
================================================================================
SM 1867 1152 456 19 2.34 0.0 167.8 M 75
================================================================================
AV 62.2 38.4 5.6 FASTST M M 3 MAX(MPH)
MISC ----> 25 140 33 150
================================================================================
NOTES:
# LAST OF SEVERAL OCCURRENCES
COLUMN 17 PEAK WIND IN M.P.H.
PRELIMINARY LOCAL CLIMATOLOGICAL DATA (WS FORM: F-6) , PAGE 2
STATION: HARRISON
MONTH: NOVEMBER
YEAR: 2023
LATITUDE: 36 15 N
LONGITUDE: 93 9 W
[TEMPERATURE DATA] [PRECIPITATION DATA] SYMBOLS USED IN COLUMN 16
AVERAGE MONTHLY: 50.3 TOTAL FOR MONTH: 2.34 1 = FOG OR MIST
DPTR FM NORMAL: 1.8 DPTR FM NORMAL: -1.62 2 = FOG REDUCING VISIBILITY
HIGHEST: 84 ON 8, 7 GRTST 24HR 1.06 ON 19-20 TO 1/4 MILE OR LESS
LOWEST: 20 ON 1 3 = THUNDER
SNOW, ICE PELLETS, HAIL 4 = ICE PELLETS
TOTAL MONTH: 0.0 INCH 5 = HAIL
GRTST 24HR 0.0 6 = FREEZING RAIN OR DRIZZLE
GRTST DEPTH: 0 7 = DUSTSTORM OR SANDSTORM:
VSBY 1/2 MILE OR LESS
8 = SMOKE OR HAZE
[NO. OF DAYS WITH] [WEATHER - DAYS WITH] 9 = BLOWING SNOW
X = TORNADO
MAX 32 OR BELOW: 0 0.01 INCH OR MORE: 6
MAX 90 OR ABOVE: 0 0.10 INCH OR MORE: 4
MIN 32 OR BELOW: 10 0.50 INCH OR MORE: 2
MIN 0 OR BELOW: 0 1.00 INCH OR MORE: 1
[HDD (BASE 65) ]
TOTAL THIS MO. 456 CLEAR (SCALE 0-3) 21
DPTR FM NORMAL -44 PTCLDY (SCALE 4-7) 6
TOTAL FM JUL 1 652 CLOUDY (SCALE 8-10) 3
DPTR FM NORMAL -96
[CDD (BASE 65) ]
TOTAL THIS MO. 19
DPTR FM NORMAL 15 [PRESSURE DATA]
TOTAL FM JAN 1 1589 HIGHEST SLP 30.53 ON 1
DPTR FM NORMAL 116 LOWEST SLP 29.66 ON 8
[REMARKS]
#FINAL-11-23#