000
CXUS54 KLZK 011230
CF6HRO
PRELIMINARY LOCAL CLIMATOLOGICAL DATA (WS FORM: F-6)
STATION: HARRISON
MONTH: AUGUST
YEAR: 2023
LATITUDE: 36 15 N
LONGITUDE: 93 9 W
TEMPERATURE IN F: :PCPN: SNOW: WIND :SUNSHINE: SKY :PK WND
================================================================================
1 2 3 4 5 6A 6B 7 8 9 10 11 12 13 14 15 16 17 18
12Z AVG MX 2MIN
DY MAX MIN AVG DEP HDD CDD WTR SNW DPTH SPD SPD DIR MIN PSBL S-S WX SPD DR
================================================================================
1 89 74 82 3 0 17 0.00 0.0 0 9.7 15 150 M M 1 19 110
2 96 73 85 6 0 20 0.00 0.0 0 6.4 13 180 M M 0 16 180
3 98 78 88 9 0 23 0.00 0.0 0 6.1 18 270 M M 0 29 270
4 96 79 88 9 0 23 T 0.0 0 6.9 16 190 M M 2 3 23 190
5 84 69 77 -2 0 12 T 0.0 0 5.0 25 280 M M 1 13 39 300
6 87 66 77 -2 0 12 0.02 0.0 0 7.7 25 240 M M 1 36 240
7 85 65 75 -4 0 10 0.00 0.0 0 7.1 15 330 M M 1 21 300
8 86 64 75 -4 0 10 0.05 0.0 0 4.4 18 160 M M 1 23 170
9 81 66 74 -5 0 9 2.33 0.0 0 7.5 17 340 M M 6 13 24 340
10 86 65 76 -3 0 11 0.00 0.0 0 2.7 9 120 M M 4 13 11 110
11 94 71 83 5 0 18 0.00 0.0 0 5.5 12 180 M M 3 12 16 180
12 89 72 81 3 0 16 0.26 0.0 0 6.6 23 30 M M 3 13 28 30
13 87 70 79 1 0 14 0.66 0.0 0 7.1 18 330 M M 4 13 30 330
14 81 64 73 -5 0 8 0.46 0.0 0 6.4 24 280 M M 5 13 37 270
15 78 59 69 -9 0 4 0.00 0.0 0 6.8 14 350 M M 2 21 320
16 79 56 68 -10 0 3 0.00 0.0 0 2.7 9 150 M M 1 14 130
17 89 59 74 -4 0 9 0.00 0.0 0 4.4 10 320 M M 0 15 340
18 85 63 74 -4 0 9 0.00 0.0 0 6.5 13 130 M M 0 16 130
19 97 68 83 5 0 18 0.00 0.0 0 6.4 14 140 M M 0 16 130
20 98 71 85 8 0 20 0.00 0.0 0 3.3 12 310 M M 0 17 300
21 99 72 86 9 0 21 0.00 0.0 0 2.2 8 290 M M 0 11 310
22 94 75 85 8 0 20 0.00 0.0 0 3.5 10 90 M M 0 15 80
23 95 72 84 7 0 19 0.00 0.0 0 3.4 9 190 M M 1 1 12 180
24 96 74 85 8 0 20 0.00 0.0 0 2.4 10 300 M M 0 16 350
25 97 73 85 9 0 20 0.00 0.0 0 1.9 9 340 M M 0 16 310
26 93 74 84 8 0 19 0.00 0.0 0 4.0 12 40 M M 1 16 30
27 81 70 76 0 0 11 0.00 0.0 0 5.6 15 20 M M 9 23 10
28 85 65 75 -1 0 10 0.00 0.0 0 4.5 10 40 M M 6 15 90
29 86 58 72 -3 0 7 0.00 0.0 0 3.5 10 310 M M 0 15 20
30 87 64 76 1 0 11 0.00 0.0 0 5.8 14 30 M M 1 20 20
31 83 59 71 -4 0 6 0.00 0.0 0 4.8 10 60 M M 0 17 180
================================================================================
SM 2761 2108 0 430 3.78 0.0 160.8 M 53
================================================================================
AV 89.1 68.0 5.2 FASTST M M 2 MAX(MPH)
MISC ----> # 25 240 39 300
================================================================================
NOTES:
# LAST OF SEVERAL OCCURRENCES
COLUMN 17 PEAK WIND IN M.P.H.
PRELIMINARY LOCAL CLIMATOLOGICAL DATA (WS FORM: F-6) , PAGE 2
STATION: HARRISON
MONTH: AUGUST
YEAR: 2023
LATITUDE: 36 15 N
LONGITUDE: 93 9 W
[TEMPERATURE DATA] [PRECIPITATION DATA] SYMBOLS USED IN COLUMN 16
AVERAGE MONTHLY: 78.5 TOTAL FOR MONTH: 3.78 1 = FOG OR MIST
DPTR FM NORMAL: 0.9 DPTR FM NORMAL: 0.36 2 = FOG REDUCING VISIBILITY
HIGHEST: 99 ON 21 GRTST 24HR 2.33 ON 9- 9 TO 1/4 MILE OR LESS
LOWEST: 56 ON 16 3 = THUNDER
SNOW, ICE PELLETS, HAIL 4 = ICE PELLETS
TOTAL MONTH: 0.0 INCH 5 = HAIL
GRTST 24HR 0.0 6 = FREEZING RAIN OR DRIZZLE
GRTST DEPTH: 0 7 = DUSTSTORM OR SANDSTORM:
VSBY 1/2 MILE OR LESS
8 = SMOKE OR HAZE
[NO. OF DAYS WITH] [WEATHER - DAYS WITH] 9 = BLOWING SNOW
X = TORNADO
MAX 32 OR BELOW: 0 0.01 INCH OR MORE: 6
MAX 90 OR ABOVE: 12 0.10 INCH OR MORE: 4
MIN 32 OR BELOW: 0 0.50 INCH OR MORE: 2
MIN 0 OR BELOW: 0 1.00 INCH OR MORE: 1
[HDD (BASE 65) ]
TOTAL THIS MO. 0 CLEAR (SCALE 0-3) 24
DPTR FM NORMAL -1 PTCLDY (SCALE 4-7) 6
TOTAL FM JUL 1 0 CLOUDY (SCALE 8-10) 1
DPTR FM NORMAL 0
[CDD (BASE 65) ]
TOTAL THIS MO. 430
DPTR FM NORMAL 39 [PRESSURE DATA]
TOTAL FM JAN 1 1316 HIGHEST SLP 30.14 ON 1
DPTR FM NORMAL 69 LOWEST SLP 29.73 ON 9
[REMARKS]
#FINAL-08-23#