000
CXUS52 KMHX 011320
CLMHSE
CLIMATE REPORT
NATIONAL WEATHER SERVICE NEWPORT/MOREHEAD CITY
920 AM EDT SUN OCT 01 2023
...................................
...THE CAPE HATTERAS NC CLIMATE SUMMARY FOR THE MONTH OF SEPTEMBER 2023...
CLIMATE NORMAL PERIOD 1991 TO 2020
CLIMATE RECORD PERIOD 1874 TO 2023
WEATHER OBSERVED NORMAL DEPART LAST YEAR`S
VALUE DATE(S) VALUE FROM VALUE DATE(S)
NORMAL
................................................................
TEMPERATURE (F)
RECORD
HIGH 93 09/10/2018
LOW 33 09/26/2005
HIGHEST 92 09/06 89
LOWEST 61 09/20 60
AVG. MAXIMUM 82.2 83.0 -0.8 82.2
AVG. MINIMUM 70.2 70.8 -0.6 70.1
MEAN 76.2 76.9 -0.7 76.2
DAYS MAX >= 90 1 0.4 0.6 0
DAYS MAX <= 32 0 0.0 0.0 0
DAYS MIN <= 32 0 0.0 0.0 0
DAYS MIN <= 0 0 0.0 0.0 0
PRECIPITATION (INCHES)
RECORD
MAXIMUM 20.00 1989
MINIMUM MM MM
TOTALS 4.52 7.63 -3.11 7.76
DAYS >= .01 10 11.2 -1.2 7
DAYS >= .10 6 7.8 -1.8 5
DAYS >= .50 1 3.8 -2.8 3
DAYS >= 1.00 1 2.3 -1.3 1
DEGREE DAYS
COOLING TOTAL 344 358 -14 333
SINCE 1/1 1461 1951 -490 MM
................................................................
WIND (MPH)
AVERAGE WIND SPEED 8.0
HIGHEST WIND SPEED/DIRECTION 40/180 DATE 09/23
HIGHEST GUST SPEED/DIRECTION 52/180 DATE 09/23
SKY COVER
POSSIBLE SUNSHINE (PERCENT) MM
AVERAGE SKY COVER 0.31
NUMBER OF DAYS FAIR 23
NUMBER OF DAYS PC 1
NUMBER OF DAYS CLOUDY 6
AVERAGE RH (PERCENT) 79
WEATHER CONDITIONS. NUMBER OF DAYS WITH
THUNDERSTORM 2 MIXED PRECIP 0
HEAVY RAIN 4 RAIN 6
LIGHT RAIN 10 FREEZING RAIN 0
LT FREEZING RAIN 0 HAIL 0
HEAVY SNOW 0 SNOW 0
LIGHT SNOW 0 SLEET 0
FOG 18 FOG W/VIS <= 1/4 MILE 0
HAZE 8
- INDICATES NEGATIVE NUMBERS.
R INDICATES RECORD WAS SET OR TIED.
MM INDICATES DATA IS MISSING.
T INDICATES TRACE AMOUNT.
$$