000
CXUS53 KGID 010930
CF6HSI
PRELIMINARY LOCAL CLIMATOLOGICAL DATA (WS FORM: F-6)
STATION: HASTINGS NE
MONTH: JANUARY
YEAR: 2023
LATITUDE: 40 35 N
LONGITUDE: 98 26 W
TEMPERATURE IN F: :PCPN: SNOW: WIND :SUNSHINE: SKY :PK WND
================================================================================
1 2 3 4 5 6A 6B 7 8 9 10 11 12 13 14 15 16 17 18
12Z AVG MX 2MIN
DY MAX MIN AVG DEP HDD CDD WTR SNW DPTH SPD SPD DIR MIN PSBL S-S WX SPD DR
================================================================================
1 47 26 37 11 28 0 0.00 0.0 0 7.2 17 40 M M 2 21 50
2 34 31 33 7 32 0 0.12 0.0 0 15.8 29 50 M M 7 16 40 40
3 31 24 28 2 37 0 0.13 0.3 T 18.0 26 330 M M 10 16 38 40
4 32 22 27 1 38 0 0.00 0.0 T 13.3 21 300 M M 2 28 290
5 36 22 29 3 36 0 0.00 0.0 T 10.9 20 300 M M 0 24 290
6 44 17 31 5 34 0 0.00 0.0 T 7.2 16 70 M M 2 21 80
7 37 26 32 6 33 0 0.00 0.0 T 6.0 13 40 M M 6 1 16 30
8 49 22 36 10 29 0 0.00 0.0 0 4.8 10 170 M M 0 1 14 170
9 50 29 40 14 25 0 0.00 0.0 0 8.8 17 290 M M 0 23 300
10 54 25 40 14 25 0 0.00 0.0 0 4.8 16 160 M M 1 21 150
11 42 29 36 10 29 0 0.00 0.0 0 13.3 29 360 M M 2 36 360
12 33 21 27 1 38 0 0.00 0.0 0 14.7 31 350 M M 8 1 39 350
13 37 21 29 3 36 0 0.00 0.0 0 5.9 12 10 M M 6 128 17 180
14 42 27 35 9 30 0 0.00 0.0 0 8.9 17 200 M M 0 25 200
15 43 27 35 9 30 0 0.00 0.0 0 5.7 10 10 M M 2 16 140
16 48 30 39 13 26 0 T 0.0 0 12.5 21 310 M M 6 1 27 310
17 41 27 34 8 31 0 0.00 0.0 0 8.1 16 50 M M 10 1 20 50
18 31 23 27 1 38 0 0.93 10.8 0 16.8 25 60 M M 10 126 35 60
19 32 14 23 -3 42 0 0.01 0.2 11 13.2 26 340 M M 6 16 35 340
20 30 5 18 -8 47 0 0.00 0.0 11 4.6 9 290 M M 0 11 260
21 29 17 23 -3 42 0 T 0.1 10 4.4 10 300 M M 8 1 12 320
22 26 9 18 -8 47 0 0.00 0.0 9 5.8 12 330 M M 2 12 15 320
23 35 9 22 -4 43 0 0.00 0.0 7 5.4 12 260 M M 4 15 270
24 34 19 27 1 38 0 0.00 0.0 7 5.1 13 330 M M 6 12 16 180
25 27 14 21 -6 44 0 0.00 0.0 6 14.5 31 340 M M 7 38 340
26 34 22 28 1 37 0 T T 6 7.7 23 250 M M 6 1 34 250
27 41 31 36 9 29 0 0.00 0.0 5 10.4 21 280 M M 3 29 290
28 34 4 19 -8 46 0 T T 4 19.2 30 20 M M 9 1 36 360
29 7 -1 3 -24 62 0 T 0.1 4 14.2 24 10 M M 9 18 32 10
30 11 -1 5 -22 60 0 0.00 0.0 4 6.3 17 350 M M 7 20 350
31 19 2 11 -16 54 0 0.00 0.0 4 7.0 13 250 M M 3 16 250
================================================================================
SM 1090 593 1166 0 1.19 11.5 300.5 M 144
================================================================================
AV 35.2 19.1 9.7 FASTST M M 5 MAX(MPH)
MISC ----> # 31 350 40 40
================================================================================
NOTES:
# LAST OF SEVERAL OCCURRENCES
COLUMN 17 PEAK WIND IN M.P.H.
PRELIMINARY LOCAL CLIMATOLOGICAL DATA (WS FORM: F-6) , PAGE 2
STATION: HASTINGS NE
MONTH: JANUARY
YEAR: 2023
LATITUDE: 40 35 N
LONGITUDE: 98 26 W
[TEMPERATURE DATA] [PRECIPITATION DATA] SYMBOLS USED IN COLUMN 16
AVERAGE MONTHLY: 27.1 TOTAL FOR MONTH: 1.19 1 = FOG OR MIST
DPTR FM NORMAL: 0.7 DPTR FM NORMAL: 0.64 2 = FOG REDUCING VISIBILITY
HIGHEST: 54 ON 10 GRTST 24HR 0.93 ON 18-18 TO 1/4 MILE OR LESS
LOWEST: -1 ON 30,29 3 = THUNDER
SNOW, ICE PELLETS, HAIL 4 = ICE PELLETS
TOTAL MONTH: 11.5 INCHES 5 = HAIL
GRTST 24HR 10.8 ON 18-18 6 = FREEZING RAIN OR DRIZZLE
GRTST DEPTH: 11 ON 20,19 7 = DUSTSTORM OR SANDSTORM:
VSBY 1/2 MILE OR LESS
8 = SMOKE OR HAZE
[NO. OF DAYS WITH] [WEATHER - DAYS WITH] 9 = BLOWING SNOW
X = TORNADO
MAX 32 OR BELOW: 11 0.01 INCH OR MORE: 4
MAX 90 OR ABOVE: 0 0.10 INCH OR MORE: 3
MIN 32 OR BELOW: 31 0.50 INCH OR MORE: 1
MIN 0 OR BELOW: 2 1.00 INCH OR MORE: 0
[HDD (BASE 65) ]
TOTAL THIS MO. 1166 CLEAR (SCALE 0-3) 12
DPTR FM NORMAL -30 PTCLDY (SCALE 4-7) 13
TOTAL FM JUL 1 3578 CLOUDY (SCALE 8-10) 6
DPTR FM NORMAL 41
[CDD (BASE 65) ]
TOTAL THIS MO. 0
DPTR FM NORMAL 0 [PRESSURE DATA]
TOTAL FM JAN 1 0 HIGHEST SLP 30.61 ON 30
DPTR FM NORMAL 0 LOWEST SLP 29.36 ON 16
[REMARKS]
#FINAL-01-23#