000
CXUS54 KHUN 111836
CLMHSV
CLIMATE REPORT
NATIONAL WEATHER SERVICE HUNTSVILLE AL
1236 PM CST MON DEC 11 2023
...................................
...THE HUNTSVILLE CLIMATE SUMMARY FOR THE MONTH OF NOVEMBER 2023...
CLIMATE NORMAL PERIOD 1991 TO 2020
CLIMATE RECORD PERIOD 1894 TO 2023
WEATHER OBSERVED NORMAL DEPART LAST YEAR`S
VALUE DATE(S) VALUE FROM VALUE
NORMAL
..............................................................
TEMPERATURE (F)
RECORD
HIGH 88 11/01/2016
LOW 1 11/25/1950
HIGHEST 82 11/07 MM MM 84
11/08
LOWEST 23 11/29 MM MM 22
AVG. MAXIMUM 66.0 63.9 2.1 64.3
AVG. MINIMUM 42.0 41.2 0.8 42.0
MEAN 54.0 52.5 1.5 53.2
DAYS MAX >= 90 0 0.0 0.0 0
DAYS MAX <= 32 0 0.0 0.0 0
DAYS MIN <= 32 6 7.5 -1.5 9
DAYS MIN <= 0 0 0.0 0.0 0
PRECIPITATION (INCHES)
RECORD
MAXIMUM 13.60 1948
MINIMUM 0.49 1924
TOTALS 2.00 4.25 -2.25 4.67
DAILY AVG. 0.07 0.14 -0.07 0.16
DAYS >= .01 6 8.8 -2.8 12
DAYS >= .10 3 6.1 -3.1 6
DAYS >= .50 1 3.1 -2.1 3
DAYS >= 1.00 1 1.2 -0.2 1
GREATEST
24 HR. TOTAL 1.71 11/20 TO 11/21 3.05
SNOWFALL (INCHES)
RECORDS
TOTAL 4.0 1966
24 HR TOTAL 4.0 11/02/1966 TO 11/02/1966
TOTALS 0.0 0.0 0.0 T
SINCE 7/1 0.0 0.0 MM MM
DAYS >= TRACE 0 0.0 0.0 1
DAYS >= 1.0 0 0.0 0.0 0
GREATEST
SNOW DEPTH 0 MM
24 HR TOTAL 0.0
DEGREE DAYS
HEATING TOTAL 331 383 -52 367
SINCE 7/1 426 514 -88 MM
COOLING TOTAL 8 10 -2 20
SINCE 1/1 2019 2104 -85 MM
FREEZE DATES
RECORD
EARLIEST 10/09/2000
LATEST 05/07/1944
EARLIEST 11/01 11/08
LATEST 03/21 03/24
..............................................................
WIND (MPH)
AVERAGE WIND SPEED 6.3
HIGHEST WIND SPEED/DIRECTION 26/170 DATE 11/21
HIGHEST GUST SPEED/DIRECTION 38/160 DATE 11/21
SKY COVER
POSSIBLE SUNSHINE (PERCENT) MM
WEATHER CONDITIONS. NUMBER OF DAYS WITH
THUNDERSTORM 0 MIXED PRECIP 0
HEAVY RAIN 2 RAIN 3
LIGHT RAIN 8 FREEZING RAIN 0
LT FREEZING RAIN 0 HAIL 0
HEAVY SNOW 0 SNOW 0
LIGHT SNOW 0 SLEET 0
FOG 8 FOG W/VIS <= 1/4 MILE 1
- INDICATES NEGATIVE NUMBERS.
R INDICATES RECORD WAS SET OR TIED.
MM INDICATES DATA IS MISSING.
T INDICATES TRACE AMOUNT.
$$