000
CXUS51 KRLX 011121
CF6HTS
PRELIMINARY LOCAL CLIMATOLOGICAL DATA (WS FORM: F-6)
STATION: HUNTINGTON WV
MONTH: JULY
YEAR: 2023
LATITUDE: 38 22 N
LONGITUDE: 82 33 W
TEMPERATURE IN F: :PCPN: SNOW: WIND :SUNSHINE: SKY :PK WND
================================================================================
1 2 3 4 5 6A 6B 7 8 9 10 11 12 13 14 15 16 17 18
12Z AVG MX 2MIN
DY MAX MIN AVG DEP HDD CDD WTR SNW DPTH SPD SPD DIR MIN PSBL S-S WX SPD DR
================================================================================
1 81 70 76 0 0 11 0.09 0.0 0 5.3 17 260 M M 2 1 26 260
2 89 68 79 3 0 14 0.42 0.0 0 8.5 15 200 M M 4 13 21 250
3 86 67 77 1 0 12 T 0.0 0 7.7 17 240 M M 6 22 240
4 89 68 79 3 0 14 0.00 0.0 0 4.4 12 250 M M 3 8 16 250
5 92 68 80 4 0 15 0.00 0.0 0 1.9 9 190 M M 1 138 13 220
6 90 68 79 3 0 14 0.04 0.0 0 5.0 15 230 M M 1 13 19 220
7 90 68 79 3 0 14 0.00 0.0 0 3.5 10 340 M M 4 12 14 340
8 88 63 76 0 0 11 0.00 0.0 0 2.4 12 180 M M 1 1 15 190
9 82 68 75 -1 0 10 0.53 0.0 0 4.6 13 360 M M 6 13 16 20
10 86 61 74 -2 0 9 0.00 0.0 0 2.0 12 40 M M 2 1 16 40
11 87 61 74 -3 0 9 0.00 0.0 0 3.7 13 230 M M 2 1 17 250
12 89 63 76 -1 0 11 0.00 0.0 0 3.8 12 230 M M 1 1 16 240
13 93 69 81 4 0 16 0.62 0.0 0 6.5 15 30 M M 4 13 22 230
14 91 67 79 2 0 14 0.09 0.0 0 3.9 12 260 M M 3 128 17 240
15 83 67 75 -2 0 10 0.70 0.0 0 3.2 15 320 M M 4 138 21 320
16 85 70 78 1 0 13 0.00 0.0 0 5.2 13 280 M M 5 128 18 250
17 85 64 75 -2 0 10 0.02 0.0 0 5.2 20 340 M M 2 138 36 310
18 87 63 75 -2 0 10 0.85 0.0 0 5.5 20 230 M M 5 13 32 230
19 77 68 73 -3 0 8 T 0.0 0 3.6 10 210 M M 7 1 13 200
20 88 68 78 2 0 13 0.00 0.0 0 4.8 15 200 M M 5 12 21 230
21 84 66 75 -1 0 10 0.06 0.0 0 4.6 13 340 M M 4 13 16 320
22 84 63 74 -2 0 9 0.00 0.0 0 3.4 10 10 M M 3 13 320
23 86 59 73 -3 0 8 0.00 0.0 0 2.2 9 200 M M 1 1 16 230
24 87 63 75 -1 0 10 0.05 0.0 0 4.2 21 250 M M 2 13 32 260
25 87 64 76 0 0 11 0.00 0.0 0 2.5 8 260 M M 2 1 12 220
26 92 68 80 4 0 15 T 0.0 0 6.6 14 240 M M 2 1 20 220
27 93 78 86 10 0 21 0.00 0.0 0 7.5 16 210 M M 4 3 23 210
28 92 71 82 6 0 17 0.19 0.0 0 5.5 30 270 M M 2 138 42 270
29 93 72 83 7 0 18 0.00 0.0 0 6.2 18 190 M M 2 18 23 190
30 88 68 78 2 0 13 0.00 0.0 0 3.2 10 10 M M 2 13 20
31 84 63 74 -2 0 9 0.00 0.0 0 5.0 15 10 M M 3 19 30
================================================================================
SM 2708 2064 0 379 3.66 0.0 141.6 M 95
================================================================================
AV 87.4 66.6 4.6 FASTST M M 3 MAX(MPH)
MISC ----> 30 270 42 270
================================================================================
NOTES:
# LAST OF SEVERAL OCCURRENCES
COLUMN 17 PEAK WIND IN M.P.H.
PRELIMINARY LOCAL CLIMATOLOGICAL DATA (WS FORM: F-6) , PAGE 2
STATION: HUNTINGTON WV
MONTH: JULY
YEAR: 2023
LATITUDE: 38 22 N
LONGITUDE: 82 33 W
[TEMPERATURE DATA] [PRECIPITATION DATA] SYMBOLS USED IN COLUMN 16
AVERAGE MONTHLY: 77.0 TOTAL FOR MONTH: 3.66 1 = FOG OR MIST
DPTR FM NORMAL: 0.6 DPTR FM NORMAL: -1.42 2 = FOG REDUCING VISIBILITY
HIGHEST: 93 ON 29,27 GRTST 24HR 0.87 ON 17-18 TO 1/4 MILE OR LESS
LOWEST: 59 ON 23 3 = THUNDER
SNOW, ICE PELLETS, HAIL 4 = ICE PELLETS
TOTAL MONTH: 0.0 INCH 5 = HAIL
GRTST 24HR 0.0 6 = FREEZING RAIN OR DRIZZLE
GRTST DEPTH: 0 7 = DUSTSTORM OR SANDSTORM:
VSBY 1/2 MILE OR LESS
8 = SMOKE OR HAZE
[NO. OF DAYS WITH] [WEATHER - DAYS WITH] 9 = BLOWING SNOW
X = TORNADO
MAX 32 OR BELOW: 0 0.01 INCH OR MORE: 12
MAX 90 OR ABOVE: 9 0.10 INCH OR MORE: 6
MIN 32 OR BELOW: 0 0.50 INCH OR MORE: 4
MIN 0 OR BELOW: 0 1.00 INCH OR MORE: 0
[HDD (BASE 65) ]
TOTAL THIS MO. 0 CLEAR (SCALE 0-3) 19
DPTR FM NORMAL 0 PTCLDY (SCALE 4-7) 12
TOTAL FM JUL 1 0 CLOUDY (SCALE 8-10) 0
DPTR FM NORMAL 0
[CDD (BASE 65) ]
TOTAL THIS MO. 379
DPTR FM NORMAL 25 [PRESSURE DATA]
TOTAL FM JAN 1 603 HIGHEST SLP 30.12 ON 31
DPTR FM NORMAL -135 LOWEST SLP 29.77 ON 8
[REMARKS]
#FINAL-07-23#